{"id":21644,"date":"2026-05-09T20:01:02","date_gmt":"2026-05-09T18:01:02","guid":{"rendered":"https:\/\/www.lets-grow.de\/blog\/?post_type=product&#038;p=21644"},"modified":"2026-05-09T20:14:39","modified_gmt":"2026-05-09T18:14:39","slug":"afrikanischer-raubwels-besatzfisch","status":"publish","type":"product","link":"https:\/\/www.lets-grow.de\/blog\/shop\/afrikanischer-raubwels-besatzfisch\/","title":{"rendered":"Afrikanischer Raubwels (Clarias gariepinus)"},"content":{"rendered":"\t\t<div data-elementor-type=\"product-post\" data-elementor-id=\"21644\" class=\"elementor elementor-21644\" data-elementor-post-type=\"product\">\n\t\t\t\t<div class=\"wd-negative-gap elementor-element elementor-element-11dc5f49 e-flex e-con-boxed e-con e-parent\" data-id=\"11dc5f49\" data-element_type=\"container\" data-e-type=\"container\">\n\t\t\t\t\t<div class=\"e-con-inner\">\n\t\t\t\t<div class=\"elementor-element elementor-element-a69553b elementor-widget elementor-widget-heading\" data-id=\"a69553b\" data-element_type=\"widget\" data-e-type=\"widget\" data-widget_type=\"heading.default\">\n\t\t\t\t\t<h2 class=\"elementor-heading-title elementor-size-default\">Afrikanischer Raubwels\u2013  (Clarias gariepinus)<\/h2>\t\t\t\t<\/div>\n\t\t\t\t<div class=\"elementor-element elementor-element-1c10e67 color-scheme-inherit text-left elementor-widget elementor-widget-text-editor\" data-id=\"1c10e67\" data-element_type=\"widget\" data-e-type=\"widget\" data-widget_type=\"text-editor.default\">\n\t\t\t\t\t\t\t\t\t<p data-start=\"48\" data-end=\"406\">Der <strong>Afrikanische Raubwels<\/strong> (Clarias gariepinus) geh\u00f6rt zu den bekanntesten und leistungsf\u00e4higsten Warmwasserfischen in der modernen Aquakultur. Dank seines schnellen Wachstums, seiner hohen Widerstandsf\u00e4higkeit und seiner guten Anpassungsf\u00e4higkeit wird er weltweit erfolgreich in Aquaponiksystemen, Kreislaufanlagen und der nachhaltigen Fischzucht eingesetzt.<\/p><p data-start=\"408\" data-end=\"710\">Besonders gesch\u00e4tzt wird diese Art aufgrund ihrer robusten Natur und der effizienten Futterverwertung. Selbst bei schwankenden Wasserwerten zeigt sich der <strong>Afrikanische Raubwels<\/strong> \u00e4u\u00dferst widerstandsf\u00e4hig und eignet sich dadurch hervorragend f\u00fcr Einsteiger und erfahrene Aquakulturbetreiber gleicherma\u00dfen.<\/p><p data-start=\"712\" data-end=\"962\">Bei konstanten Wassertemperaturen von \u00fcber 25 \u00b0C kann der Fisch innerhalb von etwa sieben Monaten ein Gewicht von bis zu 1 kg erreichen. Unter optimalen Bedingungen \u00fcberzeugt Clarias gariepinus mit sehr guten Wachstumsraten und einer hohen Vitalit\u00e4t.<\/p><p data-start=\"964\" data-end=\"1231\">Wir bieten kr\u00e4ftige und gesunde Jungfische mit einer Gr\u00f6\u00dfe von ca. 4\u20135 cm als lebende Besatzfische an. Die Tiere stammen aus kontrollierter Aufzucht und werden tierschutzgerecht direkt zu Ihnen nach Hause geliefert \u2013 bequem, sicher und ohne stressige Eigentransporte.<\/p>\t\t\t\t\t\t\t\t<\/div>\n\t\t\t\t<div class=\"elementor-element elementor-element-bb544a1 elementor-widget elementor-widget-spacer\" data-id=\"bb544a1\" data-element_type=\"widget\" data-e-type=\"widget\" data-widget_type=\"spacer.default\">\n\t\t\t\t\t\t\t<div class=\"elementor-spacer\">\n\t\t\t<div class=\"elementor-spacer-inner\"><\/div>\n\t\t<\/div>\n\t\t\t\t\t\t<\/div>\n\t\t\t\t<div class=\"elementor-element elementor-element-4a6f8e5 elementor-widget elementor-widget-heading\" data-id=\"4a6f8e5\" data-element_type=\"widget\" data-e-type=\"widget\" data-widget_type=\"heading.default\">\n\t\t\t\t\t<h2 class=\"elementor-heading-title elementor-size-default\">Ideal f\u00fcr Aquaponik &amp; nachhaltige Fischzucht<\/h2>\t\t\t\t<\/div>\n\t\t\t\t<div class=\"elementor-element elementor-element-f8032c4 color-scheme-inherit text-left elementor-widget elementor-widget-text-editor\" data-id=\"f8032c4\" data-element_type=\"widget\" data-e-type=\"widget\" data-widget_type=\"text-editor.default\">\n\t\t\t\t\t\t\t\t\t<p data-start=\"1287\" data-end=\"1609\">Der <strong>Afrikanische Raubwels<\/strong> eignet sich hervorragend f\u00fcr den Einsatz in Aquaponiksystemen, da er schnell w\u00e4chst und gleichzeitig wertvolle N\u00e4hrstoffe f\u00fcr Pflanzen liefert. Durch seine hohe Anpassungsf\u00e4higkeit kann er sowohl in professionellen Aquakulturanlagen als auch in kleineren Hobbyanlagen erfolgreich gehalten werden.<\/p><p data-start=\"1611\" data-end=\"1756\">Auch in Warmwasser-Teichanlagen oder Kreislaufsystemen \u00fcberzeugt diese Fischart durch ihre unkomplizierte Haltung und ihre hohe Widerstandskraft.<\/p>\t\t\t\t\t\t\t\t<\/div>\n\t\t\t\t<div class=\"elementor-element elementor-element-bf7fcf8 elementor-widget elementor-widget-spacer\" data-id=\"bf7fcf8\" data-element_type=\"widget\" data-e-type=\"widget\" data-widget_type=\"spacer.default\">\n\t\t\t\t\t\t\t<div class=\"elementor-spacer\">\n\t\t\t<div class=\"elementor-spacer-inner\"><\/div>\n\t\t<\/div>\n\t\t\t\t\t\t<\/div>\n\t\t\t\t<div class=\"elementor-element elementor-element-39ec2286 elementor-widget elementor-widget-heading\" data-id=\"39ec2286\" data-element_type=\"widget\" data-e-type=\"widget\" data-widget_type=\"heading.default\">\n\t\t\t\t\t<h2 class=\"elementor-heading-title elementor-size-default\">Vorteile des Afrikanischen Raubwelses<\/h2>\t\t\t\t<\/div>\n\t\t\t\t<div class=\"elementor-element elementor-element-2aa7fcf6 color-scheme-inherit text-left elementor-widget elementor-widget-text-editor\" data-id=\"2aa7fcf6\" data-element_type=\"widget\" data-e-type=\"widget\" data-widget_type=\"text-editor.default\">\n\t\t\t\t\t\t\t\t\t<p>\u2705 Sehr schnelles Wachstum bei warmen Temperaturen<br data-start=\"1854\" data-end=\"1857\" \/>\u2705 Robust und widerstandsf\u00e4hig gegen\u00fcber schwankenden Wasserwerten<br data-start=\"1922\" data-end=\"1925\" \/>\u2705 Gute Futterverwertung und effiziente Haltung<br data-start=\"1971\" data-end=\"1974\" \/>\u2705 Ideal f\u00fcr Aquaponik, Aquakultur und nachhaltige Fischzucht<br data-start=\"2034\" data-end=\"2037\" \/>\u2705 Geeignet f\u00fcr Einsteiger und professionelle Anlagen<br data-start=\"2089\" data-end=\"2092\" \/>\u2705 Platzsparende Haltung in Kreislaufanlagen m\u00f6glich<br data-start=\"2143\" data-end=\"2146\" \/>\u2705 Kr\u00e4ftige und vitale Jungfische aus kontrollierter Aufzucht<\/p>\t\t\t\t\t\t\t\t<\/div>\n\t\t\t\t<div class=\"elementor-element elementor-element-27b41f31 elementor-widget elementor-widget-spacer\" data-id=\"27b41f31\" data-element_type=\"widget\" data-e-type=\"widget\" data-widget_type=\"spacer.default\">\n\t\t\t\t\t\t\t<div class=\"elementor-spacer\">\n\t\t\t<div class=\"elementor-spacer-inner\"><\/div>\n\t\t<\/div>\n\t\t\t\t\t\t<\/div>\n\t\t\t\t<div class=\"elementor-element elementor-element-1528dce elementor-widget elementor-widget-heading\" data-id=\"1528dce\" data-element_type=\"widget\" data-e-type=\"widget\" data-widget_type=\"heading.default\">\n\t\t\t\t\t<h2 class=\"elementor-heading-title elementor-size-default\">Hinweise zum Versand lebender Tiere<\/h2>\t\t\t\t<\/div>\n\t\t\t\t<div class=\"elementor-element elementor-element-3ea89053 color-scheme-inherit text-left elementor-widget elementor-widget-text-editor\" data-id=\"3ea89053\" data-element_type=\"widget\" data-e-type=\"widget\" data-widget_type=\"text-editor.default\">\n\t\t\t\t\t\t\t\t\t<p data-start=\"2253\" data-end=\"2488\">Der Versand lebender Fische erfolgt ausschlie\u00dflich \u00fcber einen spezialisierten und zugelassenen Lebendtiertransport. Ein Versand mit herk\u00f6mmlichen Paketdiensten wie DPD, DHL oder GLS ist aus tierschutzrechtlichen Gr\u00fcnden nicht zul\u00e4ssig.<\/p><p data-start=\"2490\" data-end=\"2599\">Die Lieferung erfolgt nach vorheriger Terminabsprache, damit die Tiere schnell und sicher bei Ihnen ankommen.<\/p><p data-start=\"2601\" data-end=\"2845\">Bitte stellen Sie sicher, dass am vereinbarten Liefertag zwischen <strong>7:00 und 14:00 Uhr<\/strong> eine empfangsberechtigte Person anwesend ist. Sollte die Annahme der Sendung nicht m\u00f6glich sein, werden die Tiere <span style=\"color: #ff0000;\"><strong>auf Kosten<\/strong> <strong>des K\u00e4ufers<\/strong><\/span> an uns zur\u00fcckgesendet.<\/p><p data-start=\"2847\" data-end=\"2956\">Wenn Sie diesen Bedingungen nicht zustimmen k\u00f6nnen, bitten wir h\u00f6flich darum, von einer Bestellung abzusehen.<\/p>\t\t\t\t\t\t\t\t<\/div>\n\t\t\t\t<div class=\"elementor-element elementor-element-1e58df2a elementor-widget elementor-widget-spacer\" data-id=\"1e58df2a\" data-element_type=\"widget\" data-e-type=\"widget\" data-widget_type=\"spacer.default\">\n\t\t\t\t\t\t\t<div class=\"elementor-spacer\">\n\t\t\t<div class=\"elementor-spacer-inner\"><\/div>\n\t\t<\/div>\n\t\t\t\t\t\t<\/div>\n\t\t\t\t<div class=\"elementor-element elementor-element-87c8050 elementor-widget elementor-widget-heading\" data-id=\"87c8050\" data-element_type=\"widget\" data-e-type=\"widget\" data-widget_type=\"heading.default\">\n\t\t\t\t\t<h2 class=\"elementor-heading-title elementor-size-default\">Lieferumfang<\/h2>\t\t\t\t<\/div>\n\t\t\t\t<div class=\"elementor-element elementor-element-c886a49 color-scheme-inherit text-left elementor-widget elementor-widget-text-editor\" data-id=\"c886a49\" data-element_type=\"widget\" data-e-type=\"widget\" data-widget_type=\"text-editor.default\">\n\t\t\t\t\t\t\t\t\t<p data-start=\"2980\" data-end=\"3064\">Der Preis bezieht sich auf einen lebenden Besatzfisch der angegebenen Art und Gr\u00f6\u00dfe.<\/p><p data-start=\"3066\" data-end=\"3218\">Geliefert werden vitale Jungfische mit einer Gr\u00f6\u00dfe von ca. 4\u20135 cm. Der Versand erfolgt tierschutzgerecht \u00fcber einen spezialisierten Lebendtiertransport.<\/p><p data-start=\"3220\" data-end=\"3376\">Wenn Sie beispielsweise 20 Fische bestellen m\u00f6chten, w\u00e4hlen Sie bitte die Menge \u201e20\u201c im Auswahlfeld aus und legen den Artikel entsprechend in den Warenkorb.<\/p><p data-start=\"3378\" data-end=\"3443\">Bitte beachten Sie die im Shop angezeigte maximale Verf\u00fcgbarkeit.<\/p><p data-start=\"3445\" data-end=\"3588\">Die Produktbilder dienen ausschlie\u00dflich der Veranschaulichung. Geliefert werden gesunde und kr\u00e4ftige Tiere in vergleichbarer Gr\u00f6\u00dfe und F\u00e4rbung.<\/p>\t\t\t\t\t\t\t\t<\/div>\n\t\t\t\t<div class=\"elementor-element elementor-element-2510a31 elementor-widget elementor-widget-spacer\" data-id=\"2510a31\" data-element_type=\"widget\" data-e-type=\"widget\" data-widget_type=\"spacer.default\">\n\t\t\t\t\t\t\t<div class=\"elementor-spacer\">\n\t\t\t<div class=\"elementor-spacer-inner\"><\/div>\n\t\t<\/div>\n\t\t\t\t\t\t<\/div>\n\t\t\t\t<div class=\"elementor-element elementor-element-19fc8326 elementor-widget elementor-widget-heading\" data-id=\"19fc8326\" data-element_type=\"widget\" data-e-type=\"widget\" data-widget_type=\"heading.default\">\n\t\t\t\t\t<h2 class=\"elementor-heading-title elementor-size-default\">Zusammenfassung<\/h2>\t\t\t\t<\/div>\n\t\t\t\t<div class=\"elementor-element elementor-element-506e34a3 color-scheme-inherit text-left elementor-widget elementor-widget-text-editor\" data-id=\"506e34a3\" data-element_type=\"widget\" data-e-type=\"widget\" data-widget_type=\"text-editor.default\">\n\t\t\t\t\t\t\t\t\t<p data-start=\"3615\" data-end=\"3965\">Der <strong>Afrikanische Raubwels<\/strong> (Clarias gariepinus) ist ein schnell wachsender, robuster und vielseitig einsetzbarer Warmwasserfisch f\u00fcr Aquaponik, Aquakultur und nachhaltige Fischzucht. Durch seine hohe Widerstandsf\u00e4higkeit und die effiziente Futterverwertung eignet er sich ideal f\u00fcr moderne Kreislaufanlagen und professionelle wie private Fischhaltung.<\/p><p data-start=\"3967\" data-end=\"4075\" data-is-last-node=\"\" data-is-only-node=\"\">Jetzt vorbestellen und hochwertige Besatzfische bequem per tierschutzgerechtem Lebendtiertransport erhalten.<\/p>\t\t\t\t\t\t\t\t<\/div>\n\t\t\t\t\t<\/div>\n\t\t\t\t<\/div>\n\t\t\t\t<\/div>\n\t\t","protected":false},"excerpt":{"rendered":"<p>Der <strong data-start=\"494\" data-end=\"526\">Afrikanische Raubwels<\/strong> (Clarias gariepinus) ist die ideale Wahl f\u00fcr Aquaponik. Diese robusten Fische wachsen schnell und erreichen bei Temperaturen \u00fcber 25\u00b0C innerhalb von sieben Monaten bis zu 1 kg. Versand per Tierversand mit Terminabsprache.<\/p>\n","protected":false},"featured_media":18960,"comment_status":"open","ping_status":"closed","template":"","meta":{"_monsterinsights_skip_tracking":false,"_monsterinsights_sitenote_active":false,"_monsterinsights_sitenote_note":"","_monsterinsights_sitenote_category":0},"product_brand":[],"product_cat":[1483],"product_tag":[1324,1484,1485,1486,1487,1488,1489,1490],"class_list":{"0":"post-21644","1":"product","2":"type-product","3":"status-publish","4":"has-post-thumbnail","6":"product_cat-besatzfische","7":"product_tag-afrikanischer-raubwels","8":"product_tag-hybridwels","9":"product_tag-afrowels","10":"product_tag-clarias","11":"product_tag-besatzfische","12":"product_tag-clarias-gariepinus","13":"product_tag-heterobranchus-longifilis","14":"product_tag-speisefische","15":"product_shipping_class-fischversand","17":"first","18":"instock","19":"taxable","20":"shipping-taxable","21":"purchasable","22":"product-type-simple"},"bundled_by":[],"bundle_stock_status":"instock","bundle_stock_quantity":400,"bundle_virtual":false,"bundle_layout":"","bundle_add_to_cart_form_location":"","bundle_editable_in_cart":false,"bundle_sold_individually_context":"","bundle_item_grouping":"","bundle_min_size":"","bundle_max_size":"","bundle_price":[],"bundled_items":[],"bundle_sell_ids":[],"supplier_id":null,"supplier_sku":"","barcode":null,"atum_controlled":true,"out_stock_date":null,"out_stock_threshold":null,"inheritable":false,"inbound_stock":null,"stock_on_hold":0,"sold_today":0,"sales_last_days":0,"reserved_stock":null,"customer_returns":null,"warehouse_damage":null,"lost_in_post":null,"other_logs":null,"out_stock_days":0,"lost_sales":0,"has_location":false,"update_date":"2026-05-11T00:29:55","atum_locations":[],"atum_stock_status":"instock","restock_status":false,"low_stock_amount":"","sales_update_date":"2026-05-11T00:29:55","calc_backorders":null,"tiered_pricing_type":"fixed","tiered_pricing_fixed_rules":{"25":2.75,"50":2.5,"100":2.25},"tiered_pricing_product_settings":{"layout":"default","base_unit_name":{"singular":null,"plural":null},"default_variation":null},"tiered_pricing_minimum_quantity":null,"tiered_pricing_roles_data":[],"tiered_pricing_percentage_rules":[],"_links":{"self":[{"href":"https:\/\/www.lets-grow.de\/blog\/wp-json\/wp\/v2\/product\/21644","targetHints":{"allow":["GET"]}}],"collection":[{"href":"https:\/\/www.lets-grow.de\/blog\/wp-json\/wp\/v2\/product"}],"about":[{"href":"https:\/\/www.lets-grow.de\/blog\/wp-json\/wp\/v2\/types\/product"}],"replies":[{"embeddable":true,"href":"https:\/\/www.lets-grow.de\/blog\/wp-json\/wp\/v2\/comments?post=21644"}],"version-history":[{"count":5,"href":"https:\/\/www.lets-grow.de\/blog\/wp-json\/wp\/v2\/product\/21644\/revisions"}],"predecessor-version":[{"id":21649,"href":"https:\/\/www.lets-grow.de\/blog\/wp-json\/wp\/v2\/product\/21644\/revisions\/21649"}],"wp:featuredmedia":[{"embeddable":true,"href":"https:\/\/www.lets-grow.de\/blog\/wp-json\/wp\/v2\/media\/18960"}],"wp:attachment":[{"href":"https:\/\/www.lets-grow.de\/blog\/wp-json\/wp\/v2\/media?parent=21644"}],"wp:term":[{"taxonomy":"product_brand","embeddable":true,"href":"https:\/\/www.lets-grow.de\/blog\/wp-json\/wp\/v2\/product_brand?post=21644"},{"taxonomy":"product_cat","embeddable":true,"href":"https:\/\/www.lets-grow.de\/blog\/wp-json\/wp\/v2\/product_cat?post=21644"},{"taxonomy":"product_tag","embeddable":true,"href":"https:\/\/www.lets-grow.de\/blog\/wp-json\/wp\/v2\/product_tag?post=21644"}],"curies":[{"name":"wp","href":"https:\/\/api.w.org\/{rel}","templated":true}]}}