{"id":20189,"date":"2025-06-28T12:41:30","date_gmt":"2025-06-28T10:41:30","guid":{"rendered":"https:\/\/www.lets-grow.de\/blog\/?post_type=product&#038;p=20189"},"modified":"2025-08-31T13:51:06","modified_gmt":"2025-08-31T11:51:06","slug":"plagron-green-sensation-100-ml","status":"publish","type":"product","link":"https:\/\/www.lets-grow.de\/blog\/shop\/plagron-green-sensation-100-ml\/","title":{"rendered":"Plagron Green Sensation 100\u202fml"},"content":{"rendered":"\t\t<div data-elementor-type=\"product-post\" data-elementor-id=\"20189\" class=\"elementor elementor-20189\" data-elementor-post-type=\"product\">\n\t\t\t\t<div class=\"wd-negative-gap elementor-element elementor-element-7722372d e-flex e-con-boxed e-con e-parent\" data-id=\"7722372d\" data-element_type=\"container\" data-e-type=\"container\">\n\t\t\t\t\t<div class=\"e-con-inner\">\n\t\t\t\t<div class=\"elementor-element elementor-element-19f2c5ce elementor-widget elementor-widget-heading\" data-id=\"19f2c5ce\" data-element_type=\"widget\" data-e-type=\"widget\" data-widget_type=\"heading.default\">\n\t\t\t\t\t<h2 class=\"elementor-heading-title elementor-size-default\">Plagron Green Sensation 100\u202fml \u2013 Premium Bl\u00fctestimulator f\u00fcr H\u00f6chstertr\u00e4ge<\/h2>\t\t\t\t<\/div>\n\t\t\t\t<div class=\"elementor-element elementor-element-3942da80 color-scheme-inherit text-left elementor-widget elementor-widget-text-editor\" data-id=\"3942da80\" data-element_type=\"widget\" data-e-type=\"widget\" data-widget_type=\"text-editor.default\">\n\t\t\t\t\t\t\t\t\t<p data-start=\"1141\" data-end=\"1542\">Plagron Green Sensation ist ein bew\u00e4hrter Bl\u00fctestimulator aus den Niederlanden, der weltweit bei erfahrenen G\u00e4rtnerinnen und G\u00e4rtnern beliebt ist. Das Produkt kombiniert gleich vier Funktionen in einem \u2013 f\u00fcr maximale Bl\u00fctenentwicklung in den entscheidenden letzten Wochen vor der Ernte. Ob Sie in Erde, Kokos oder hydroponisch anbauen: Mit Green Sensation holen Sie das Beste aus Ihrer Pflanze heraus.<\/p><p data-start=\"1544\" data-end=\"1910\">Entwickelt wurde dieses Produkt speziell f\u00fcr die letzten vier bis sechs Wochen der Bl\u00fctephase \u2013 also genau dann, wenn Ihre Pflanzen ihre Energie in die Ausbildung dichter, aromatischer und harzreicher Bl\u00fcten investieren. Green Sensation liefert exakt die N\u00e4hrstoffkombination, die Ihre Pflanzen in dieser Phase ben\u00f6tigen \u2013 in hochkonzentrierter und effizienter Form.<\/p>\t\t\t\t\t\t\t\t<\/div>\n\t\t\t\t<div class=\"elementor-element elementor-element-51ef3ba6 elementor-widget elementor-widget-spacer\" data-id=\"51ef3ba6\" data-element_type=\"widget\" data-e-type=\"widget\" data-widget_type=\"spacer.default\">\n\t\t\t\t\t\t\t<div class=\"elementor-spacer\">\n\t\t\t<div class=\"elementor-spacer-inner\"><\/div>\n\t\t<\/div>\n\t\t\t\t\t\t<\/div>\n\t\t\t\t<div class=\"elementor-element elementor-element-25e79bae elementor-widget elementor-widget-heading\" data-id=\"25e79bae\" data-element_type=\"widget\" data-e-type=\"widget\" data-widget_type=\"heading.default\">\n\t\t\t\t\t<h2 class=\"elementor-heading-title elementor-size-default\">Details<\/h2>\t\t\t\t<\/div>\n\t\t\t\t<div class=\"elementor-element elementor-element-173dc76 color-scheme-inherit text-left elementor-widget elementor-widget-text-editor\" data-id=\"173dc76\" data-element_type=\"widget\" data-e-type=\"widget\" data-widget_type=\"text-editor.default\">\n\t\t\t\t\t\t\t\t\t<ul><li data-start=\"1810\" data-end=\"1832\"><p data-start=\"1812\" data-end=\"1832\"><strong data-start=\"1812\" data-end=\"1823\">Inhalt:<\/strong> 100\u202fml<\/p><\/li><li data-start=\"1833\" data-end=\"1857\"><p data-start=\"1835\" data-end=\"1857\"><strong data-start=\"1835\" data-end=\"1848\">NPK-Wert:<\/strong> 0\u20139\u201310<\/p><\/li><li data-start=\"1858\" data-end=\"1907\"><p data-start=\"1860\" data-end=\"1907\"><strong data-start=\"1860\" data-end=\"1875\">Produkttyp:<\/strong> Mineralischer Bl\u00fctestimulator<\/p><\/li><li data-start=\"1908\" data-end=\"1949\"><p data-start=\"1910\" data-end=\"1949\"><strong data-start=\"1910\" data-end=\"1925\">Hersteller:<\/strong> Plagron (Niederlande)<\/p><\/li><li data-start=\"1950\" data-end=\"2007\"><p data-start=\"1952\" data-end=\"2007\"><strong data-start=\"1952\" data-end=\"1969\">Ergiebigkeit:<\/strong> Reicht f\u00fcr ca. 100\u202fLiter N\u00e4hrl\u00f6sung<\/p><\/li><li data-start=\"2008\" data-end=\"2055\"><p data-start=\"2010\" data-end=\"2055\"><strong data-start=\"2010\" data-end=\"2027\">Geeignet f\u00fcr:<\/strong> Erde, Kokos, Hydrosysteme<\/p><\/li><li data-start=\"2056\" data-end=\"2121\"><p data-start=\"2058\" data-end=\"2121\"><strong data-start=\"2058\" data-end=\"2070\">Systeme:<\/strong> Manuelle Bew\u00e4sserung, Tropfsysteme, Ebbe-Flut, NFT<\/p><\/li><\/ul>\t\t\t\t\t\t\t\t<\/div>\n\t\t\t\t<div class=\"elementor-element elementor-element-27b8215b elementor-widget elementor-widget-spacer\" data-id=\"27b8215b\" data-element_type=\"widget\" data-e-type=\"widget\" data-widget_type=\"spacer.default\">\n\t\t\t\t\t\t\t<div class=\"elementor-spacer\">\n\t\t\t<div class=\"elementor-spacer-inner\"><\/div>\n\t\t<\/div>\n\t\t\t\t\t\t<\/div>\n\t\t\t\t<div class=\"elementor-element elementor-element-3b9fd3d elementor-widget elementor-widget-heading\" data-id=\"3b9fd3d\" data-element_type=\"widget\" data-e-type=\"widget\" data-widget_type=\"heading.default\">\n\t\t\t\t\t<h2 class=\"elementor-heading-title elementor-size-default\">Anwendungen<\/h2>\t\t\t\t<\/div>\n\t\t\t\t<div class=\"elementor-element elementor-element-3915d0d5 color-scheme-inherit text-left elementor-widget elementor-widget-text-editor\" data-id=\"3915d0d5\" data-element_type=\"widget\" data-e-type=\"widget\" data-widget_type=\"text-editor.default\">\n\t\t\t\t\t\t\t\t\t<p data-start=\"2735\" data-end=\"2877\">Verwenden Sie Plagron Green Sensation ausschlie\u00dflich w\u00e4hrend der Bl\u00fctephase \u2013 idealerweise ab der 4. Woche bis etwa zwei Wochen vor der Ernte.<\/p><ul data-start=\"2879\" data-end=\"3224\"><li data-start=\"2879\" data-end=\"2944\"><p data-start=\"2881\" data-end=\"2944\"><strong data-start=\"2881\" data-end=\"2895\">Dosierung:<\/strong> 1\u202fml Green Sensation auf 1\u202fLiter Wasser (1:1000)<\/p><\/li><li data-start=\"2945\" data-end=\"3005\"><p data-start=\"2947\" data-end=\"3005\"><strong data-start=\"2947\" data-end=\"2961\">Anwendung:<\/strong> Bei jedem Gie\u00dfen oder mit jedem Tankwechsel<\/p><\/li><li data-start=\"3006\" data-end=\"3110\"><p data-start=\"3008\" data-end=\"3110\"><strong data-start=\"3008\" data-end=\"3030\">Wichtiger Hinweis:<\/strong> Geben Sie Green Sensation stets vor dem Basisd\u00fcnger ins Wasser. EC-Wert pr\u00fcfen!<\/p><\/li><li data-start=\"3111\" data-end=\"3224\"><p data-start=\"3113\" data-end=\"3224\"><strong data-start=\"3113\" data-end=\"3158\">Nicht kombinieren mit anderen PK-Boostern<\/strong>, da Green Sensation alle ben\u00f6tigten Zusatzstoffe bereits enth\u00e4lt.<\/p><\/li><\/ul><p data-start=\"3226\" data-end=\"3362\"><strong data-start=\"3226\" data-end=\"3235\">Tipp:<\/strong> In Kombination mit einem hochwertigen Bl\u00fcted\u00fcnger wie Plagron Terra Bloom oder Cocos Bloom erzielen Sie die besten Ergebnisse.<\/p>\t\t\t\t\t\t\t\t<\/div>\n\t\t\t\t<div class=\"elementor-element elementor-element-948c53b elementor-widget elementor-widget-spacer\" data-id=\"948c53b\" data-element_type=\"widget\" data-e-type=\"widget\" data-widget_type=\"spacer.default\">\n\t\t\t\t\t\t\t<div class=\"elementor-spacer\">\n\t\t\t<div class=\"elementor-spacer-inner\"><\/div>\n\t\t<\/div>\n\t\t\t\t\t\t<\/div>\n\t\t\t\t<div class=\"elementor-element elementor-element-23059ee4 elementor-widget elementor-widget-heading\" data-id=\"23059ee4\" data-element_type=\"widget\" data-e-type=\"widget\" data-widget_type=\"heading.default\">\n\t\t\t\t\t<h2 class=\"elementor-heading-title elementor-size-default\">Vorteile<\/h2>\t\t\t\t<\/div>\n\t\t\t\t<div class=\"elementor-element elementor-element-1db4f305 color-scheme-inherit text-left elementor-widget elementor-widget-text-editor\" data-id=\"1db4f305\" data-element_type=\"widget\" data-e-type=\"widget\" data-widget_type=\"text-editor.default\">\n\t\t\t\t\t\t\t\t\t<ul><li><strong data-start=\"2317\" data-end=\"2336\">4-in-1 Wirkung:<\/strong> PK-Booster, Enzympr\u00e4parat, Pflanzenstimulator und Widerstandsst\u00e4rker<\/li><li><strong data-start=\"2408\" data-end=\"2435\">St\u00e4rkere Bl\u00fctenbildung:<\/strong> F\u00f6rdert kompakte, schwere Buds<\/li><li><strong data-start=\"2469\" data-end=\"2498\">Mehr Geschmack und Aroma:<\/strong> F\u00f6rdert Zuckerbildung und \u00e4therische \u00d6le<\/li><li><strong data-start=\"2542\" data-end=\"2566\">Hohe Harzproduktion:<\/strong> Ideal f\u00fcr Pflanzen mit medizinischem oder aromatischem Nutzen<\/li><li><strong data-start=\"2631\" data-end=\"2652\">Widerstandskraft:<\/strong> Unterst\u00fctzt die Abwehrkr\u00e4fte der Pflanze gegen\u00fcber Stress<\/li><li><strong data-start=\"2713\" data-end=\"2735\">Hohe Ergiebigkeit:<\/strong> 100\u202fml reichen f\u00fcr etwa 100\u202fL N\u00e4hrl\u00f6sung<\/li><li><strong data-start=\"2779\" data-end=\"2803\">Schnelle Ergebnisse:<\/strong> Wirkung ist bereits nach wenigen Tagen sichtbar<\/li><li><strong data-start=\"2854\" data-end=\"2880\">Universell einsetzbar:<\/strong> Funktioniert auf allen Substraten und in allen Kultursystemen<\/li><li style=\"list-style-type: none;\">\u00a0<\/li><\/ul>\t\t\t\t\t\t\t\t<\/div>\n\t\t\t\t<div class=\"elementor-element elementor-element-51760261 elementor-widget elementor-widget-spacer\" data-id=\"51760261\" data-element_type=\"widget\" data-e-type=\"widget\" data-widget_type=\"spacer.default\">\n\t\t\t\t\t\t\t<div class=\"elementor-spacer\">\n\t\t\t<div class=\"elementor-spacer-inner\"><\/div>\n\t\t<\/div>\n\t\t\t\t\t\t<\/div>\n\t\t\t\t<div class=\"elementor-element elementor-element-1986b5d6 elementor-widget elementor-widget-heading\" data-id=\"1986b5d6\" data-element_type=\"widget\" data-e-type=\"widget\" data-widget_type=\"heading.default\">\n\t\t\t\t\t<h2 class=\"elementor-heading-title elementor-size-default\">Lieferumfang<\/h2>\t\t\t\t<\/div>\n\t\t\t\t<div class=\"elementor-element elementor-element-1622013a color-scheme-inherit text-left elementor-widget elementor-widget-text-editor\" data-id=\"1622013a\" data-element_type=\"widget\" data-e-type=\"widget\" data-widget_type=\"text-editor.default\">\n\t\t\t\t\t\t\t\t\t<ul><li data-start=\"3395\" data-end=\"3433\"><p data-start=\"3397\" data-end=\"3433\">1 \u00d7 Plagron Green Sensation 100\u202fml<\/p><\/li><li data-start=\"3395\" data-end=\"3433\"><p data-start=\"3397\" data-end=\"3433\">Anwendungshinweise auf der Verpackung\u00a0<\/p><\/li><\/ul>\t\t\t\t\t\t\t\t<\/div>\n\t\t\t\t<div class=\"elementor-element elementor-element-dc47876 elementor-widget elementor-widget-spacer\" data-id=\"dc47876\" data-element_type=\"widget\" data-e-type=\"widget\" data-widget_type=\"spacer.default\">\n\t\t\t\t\t\t\t<div class=\"elementor-spacer\">\n\t\t\t<div class=\"elementor-spacer-inner\"><\/div>\n\t\t<\/div>\n\t\t\t\t\t\t<\/div>\n\t\t\t\t<div class=\"elementor-element elementor-element-2352ee63 elementor-widget elementor-widget-heading\" data-id=\"2352ee63\" data-element_type=\"widget\" data-e-type=\"widget\" data-widget_type=\"heading.default\">\n\t\t\t\t\t<h2 class=\"elementor-heading-title elementor-size-default\">Zusammenfassung<\/h2>\t\t\t\t<\/div>\n\t\t\t\t<div class=\"elementor-element elementor-element-d126989 color-scheme-inherit text-left elementor-widget elementor-widget-text-editor\" data-id=\"d126989\" data-element_type=\"widget\" data-e-type=\"widget\" data-widget_type=\"text-editor.default\">\n\t\t\t\t\t\t\t\t\t<p data-start=\"3839\" data-end=\"4274\">Mit <strong data-start=\"3843\" data-end=\"3870\">Plagron Green Sensation<\/strong> erhalten Sie ein hochkonzentriertes Qualit\u00e4tsprodukt, das Ihre Pflanzen in der entscheidenden Phase optimal versorgt. Die einzigartige 4-in-1-Formel unterst\u00fctzt nicht nur die Bl\u00fctenentwicklung, sondern steigert auch Geschmack, Harzgehalt und Widerstandskraft. F\u00fcr G\u00e4rtnerinnen und G\u00e4rtner, die das Beste aus ihrer Ernte herausholen wollen \u2013 ganz gleich, ob auf Erde, Kokos oder im hydroponischen System.<\/p><p data-start=\"4276\" data-end=\"4533\">Dank der hohen Ergiebigkeit ist bereits die 100\u202fml-Flasche eine lohnenswerte Investition, selbst f\u00fcr gr\u00f6\u00dfere Kulturen. Vertrauen Sie auf die langj\u00e4hrige Erfahrung von Plagron und erleben Sie selbst, wie Ihre Pflanzen sichtbar vitaler und produktiver werden.<\/p><p data-start=\"4535\" data-end=\"4608\"><strong data-start=\"4535\" data-end=\"4608\">Jetzt im Onlineshop bestellen und Ihre Bl\u00fctephase gezielt optimieren!<\/strong><\/p>\t\t\t\t\t\t\t\t<\/div>\n\t\t\t\t\t<\/div>\n\t\t\t\t<\/div>\n\t\t\t\t<\/div>\n\t\t","protected":false},"excerpt":{"rendered":"<p>Plagron Green Sensation ist ein hochkonzentrierter Bl\u00fctestimulator f\u00fcr die letzten Wochen der Bl\u00fcte. Er steigert Bl\u00fctendichte, Harzproduktion, Aroma und Ertrag \u2013 geeignet f\u00fcr Erde, Kokos und Hydro. Ideal f\u00fcr maximale Qualit\u00e4t und Ertrag auf nat\u00fcrlicher Basis.<\/p>\n","protected":false},"featured_media":20190,"comment_status":"open","ping_status":"closed","template":"","meta":{"_monsterinsights_skip_tracking":false,"_monsterinsights_sitenote_active":false,"_monsterinsights_sitenote_note":"","_monsterinsights_sitenote_category":0},"product_brand":[],"product_cat":[589,570],"product_tag":[1790,1775,1791,1776,1792,1779,1793,1780,1783,1785,1786,1787,1788,1789],"class_list":{"0":"post-20189","1":"product","2":"type-product","3":"status-publish","4":"has-post-thumbnail","6":"product_cat-duenger-naehrstoffe","7":"product_cat-new-articles","8":"product_tag-hydroduenger","9":"product_tag-plagron-green-sensation","10":"product_tag-booster","11":"product_tag-bluetestimulator","12":"product_tag-grow-duenger","13":"product_tag-cannabis-blueteduenger","14":"product_tag-bloom","15":"product_tag-ernte-verbessern","16":"product_tag-plagron-pk","17":"product_tag-blueteduenger","18":"product_tag-ertragsteigerung","19":"product_tag-geschmack","20":"product_tag-organisch","21":"product_tag-mineralisch","23":"first","24":"instock","25":"taxable","26":"shipping-taxable","27":"purchasable","28":"product-type-simple"},"bundled_by":[],"bundle_stock_status":"instock","bundle_stock_quantity":4,"bundle_virtual":false,"bundle_layout":"","bundle_add_to_cart_form_location":"","bundle_editable_in_cart":false,"bundle_sold_individually_context":"","bundle_item_grouping":"","bundle_min_size":"","bundle_max_size":"","bundle_price":[],"bundled_items":[],"bundle_sell_ids":[],"supplier_id":null,"supplier_sku":"","barcode":null,"atum_controlled":true,"out_stock_date":null,"out_stock_threshold":null,"inheritable":false,"inbound_stock":0,"stock_on_hold":0,"sold_today":0,"sales_last_days":0,"reserved_stock":0,"customer_returns":0,"warehouse_damage":0,"lost_in_post":0,"other_logs":0,"out_stock_days":0,"lost_sales":0,"has_location":false,"update_date":"2026-04-27T00:20:51","atum_locations":[],"atum_stock_status":"instock","restock_status":false,"low_stock_amount":"","sales_update_date":"2026-04-27T00:20:51","calc_backorders":null,"tiered_pricing_type":"fixed","tiered_pricing_fixed_rules":[],"tiered_pricing_product_settings":{"layout":"default","base_unit_name":{"singular":null,"plural":null},"default_variation":null},"tiered_pricing_minimum_quantity":null,"tiered_pricing_roles_data":[],"tiered_pricing_percentage_rules":[],"_links":{"self":[{"href":"https:\/\/www.lets-grow.de\/blog\/wp-json\/wp\/v2\/product\/20189","targetHints":{"allow":["GET"]}}],"collection":[{"href":"https:\/\/www.lets-grow.de\/blog\/wp-json\/wp\/v2\/product"}],"about":[{"href":"https:\/\/www.lets-grow.de\/blog\/wp-json\/wp\/v2\/types\/product"}],"replies":[{"embeddable":true,"href":"https:\/\/www.lets-grow.de\/blog\/wp-json\/wp\/v2\/comments?post=20189"}],"version-history":[{"count":0,"href":"https:\/\/www.lets-grow.de\/blog\/wp-json\/wp\/v2\/product\/20189\/revisions"}],"wp:featuredmedia":[{"embeddable":true,"href":"https:\/\/www.lets-grow.de\/blog\/wp-json\/wp\/v2\/media\/20190"}],"wp:attachment":[{"href":"https:\/\/www.lets-grow.de\/blog\/wp-json\/wp\/v2\/media?parent=20189"}],"wp:term":[{"taxonomy":"product_brand","embeddable":true,"href":"https:\/\/www.lets-grow.de\/blog\/wp-json\/wp\/v2\/product_brand?post=20189"},{"taxonomy":"product_cat","embeddable":true,"href":"https:\/\/www.lets-grow.de\/blog\/wp-json\/wp\/v2\/product_cat?post=20189"},{"taxonomy":"product_tag","embeddable":true,"href":"https:\/\/www.lets-grow.de\/blog\/wp-json\/wp\/v2\/product_tag?post=20189"}],"curies":[{"name":"wp","href":"https:\/\/api.w.org\/{rel}","templated":true}]}}