{"id":19953,"date":"2025-05-11T19:01:37","date_gmt":"2025-05-11T17:01:37","guid":{"rendered":"https:\/\/www.lets-grow.de\/blog\/?post_type=product&#038;p=19953"},"modified":"2026-04-07T02:31:42","modified_gmt":"2026-04-07T00:31:42","slug":"terra-aquatica-dualpart-finalpart-set","status":"publish","type":"product","link":"https:\/\/www.lets-grow.de\/blog\/shop\/terra-aquatica-dualpart-finalpart-set\/","title":{"rendered":"Terra Aquatica DualPart + FinalPart Set"},"content":{"rendered":"\t\t<div data-elementor-type=\"product-post\" data-elementor-id=\"19953\" class=\"elementor elementor-19953\" data-elementor-post-type=\"product\">\n\t\t\t\t<div class=\"wd-negative-gap elementor-element elementor-element-4126f021 e-flex e-con-boxed e-con e-parent\" data-id=\"4126f021\" data-element_type=\"container\" data-e-type=\"container\">\n\t\t\t\t\t<div class=\"e-con-inner\">\n\t\t\t\t<div class=\"elementor-element elementor-element-4821397c elementor-widget elementor-widget-heading\" data-id=\"4821397c\" data-element_type=\"widget\" data-e-type=\"widget\" data-widget_type=\"heading.default\">\n\t\t\t\t\t<h2 class=\"elementor-heading-title elementor-size-default\">Terra Aquatica DualPart + FinalPart Set \u2013 f\u00fcr kraftvolles Wachstum &amp; maximale Bl\u00fcte bis zur Ernte<\/h2>\t\t\t\t<\/div>\n\t\t\t\t<div class=\"elementor-element elementor-element-3447599e color-scheme-inherit text-left elementor-widget elementor-widget-text-editor\" data-id=\"3447599e\" data-element_type=\"widget\" data-e-type=\"widget\" data-widget_type=\"text-editor.default\">\n\t\t\t\t\t\t\t\t\t<p data-start=\"228\" data-end=\"579\">Das <strong data-start=\"232\" data-end=\"275\">Terra Aquatica DualPart + FinalPart Set<\/strong> ist ein hochwertiges 3-Komponenten-D\u00fcngesystem, das speziell f\u00fcr den Einsatz in hydroponischen und aquaponischen Kulturen entwickelt wurde. Es erm\u00f6glicht eine durchgehende N\u00e4hrstoffversorgung \u2013 von der Wachstumsphase bis zur Bl\u00fctenreife \u2013 <strong data-start=\"515\" data-end=\"578\">ohne Sp\u00fclung oder das Aushungern der Pflanzen vor der Ernte<\/strong>.<\/p><p data-start=\"581\" data-end=\"601\">Das Set besteht aus:<\/p><ul data-start=\"602\" data-end=\"861\"><li data-start=\"602\" data-end=\"681\"><p data-start=\"604\" data-end=\"681\"><strong data-start=\"604\" data-end=\"629\">DualPart Grow (5-0-5)<\/strong> \u2013 f\u00fcr kr\u00e4ftigen Wuchs und gesunde Pflanzenstruktur,<\/p><\/li><li data-start=\"682\" data-end=\"758\"><p data-start=\"684\" data-end=\"758\"><strong data-start=\"684\" data-end=\"710\">DualPart Bloom (1-5-3)<\/strong> \u2013 f\u00fcr eine starke Bl\u00fcte und Fruchtbildung sowie<\/p><\/li><li data-start=\"759\" data-end=\"861\"><p data-start=\"761\" data-end=\"861\"><strong data-start=\"761\" data-end=\"782\">FinalPart (0-6-5)<\/strong> \u2013 zur gezielten Reifeeinleitung, Geschmacksverbesserung und Ertragssteigerung.<\/p><\/li><\/ul><p data-start=\"863\" data-end=\"1283\">Diese Kombination bietet eine einfache, aber effektive L\u00f6sung, mit der Sie die Bed\u00fcrfnisse Ihrer Pflanzen in jeder Phase perfekt abdecken \u2013 ganz besonders in <strong data-start=\"1021\" data-end=\"1043\">Aquaponik-Systemen<\/strong>, in denen Stickstoff meist ausreichend vorhanden ist. Durch den niedrigen Stickstoffanteil in Bloom und FinalPart k\u00f6nnen Sie gezielt Kalium, Phosphor und Mikron\u00e4hrstoffe erg\u00e4nzen, ohne das \u00f6kologische Gleichgewicht Ihres Systems zu st\u00f6ren.<\/p><p data-start=\"1285\" data-end=\"1587\">Ein weiterer Vorteil: Das Set wurde so konzipiert, dass Sie <strong data-start=\"1345\" data-end=\"1366\">nicht mehr sp\u00fclen<\/strong> m\u00fcssen. FinalPart schlie\u00dft die Kultivierung mit einer gezielten Reifestrategie ab \u2013 ganz ohne N\u00e4hrstoffverzicht. Dies macht das Set nicht nur <strong data-start=\"1509\" data-end=\"1522\">effizient<\/strong>, sondern auch <strong data-start=\"1537\" data-end=\"1559\">ressourcenschonend<\/strong> und <strong data-start=\"1564\" data-end=\"1586\">anwenderfreundlich<\/strong>.<\/p><p data-start=\"1589\" data-end=\"1692\">Dank der wasserl\u00f6slichen und hochreinen Formulierungen sind alle drei Komponenten bestens geeignet f\u00fcr:<\/p><ul data-start=\"1693\" data-end=\"1856\"><li data-start=\"1693\" data-end=\"1743\"><p data-start=\"1695\" data-end=\"1743\">hydroponische Systeme wie DWC, NFT, Ebbe &amp; Flut,<\/p><\/li><li data-start=\"1744\" data-end=\"1793\"><p data-start=\"1746\" data-end=\"1793\">Substrate wie Bl\u00e4hton, Perlite oder Kokos sowie<\/p><\/li><li data-start=\"1794\" data-end=\"1856\"><p data-start=\"1796\" data-end=\"1856\">den Einsatz in biologisch aktiven Kreisl\u00e4ufen wie Aquaponik.<\/p><\/li><\/ul><p data-start=\"1858\" data-end=\"2026\">In Verbindung mit einer angepassten EC-Kontrolle und regelm\u00e4\u00dfigem pH-Monitoring erreichen Sie mit diesem Set <strong data-start=\"1967\" data-end=\"2000\">optimale Wachstumsbedingungen<\/strong> und <strong data-start=\"2005\" data-end=\"2025\">maximale Ertr\u00e4ge<\/strong>.<\/p>\t\t\t\t\t\t\t\t<\/div>\n\t\t\t\t<div class=\"elementor-element elementor-element-f2aba5f elementor-widget elementor-widget-spacer\" data-id=\"f2aba5f\" data-element_type=\"widget\" data-e-type=\"widget\" data-widget_type=\"spacer.default\">\n\t\t\t\t\t\t\t<div class=\"elementor-spacer\">\n\t\t\t<div class=\"elementor-spacer-inner\"><\/div>\n\t\t<\/div>\n\t\t\t\t\t\t<\/div>\n\t\t\t\t<div class=\"elementor-element elementor-element-3e8f1b43 elementor-widget elementor-widget-heading\" data-id=\"3e8f1b43\" data-element_type=\"widget\" data-e-type=\"widget\" data-widget_type=\"heading.default\">\n\t\t\t\t\t<h2 class=\"elementor-heading-title elementor-size-default\">Anwendungen<\/h2>\t\t\t\t<\/div>\n\t\t\t\t<div class=\"elementor-element elementor-element-593c9226 color-scheme-inherit text-left elementor-widget elementor-widget-text-editor\" data-id=\"593c9226\" data-element_type=\"widget\" data-e-type=\"widget\" data-widget_type=\"text-editor.default\">\n\t\t\t\t\t\t\t\t\t<p data-start=\"1218\" data-end=\"1690\">Das Terra Aquatica DualPart + FinalPart Set ist ein hocheffizientes 3-Komponenten-D\u00fcngesystem f\u00fcr den Einsatz in Hydro- und Aquaponik-Systemen. Es wurde speziell entwickelt, um Ihre Pflanzen \u00fcber den gesamten Lebenszyklus hinweg optimal zu versorgen \u2013 von der Wuchsphase bis zur Reife. Die Besonderheit: Dieses System erlaubt eine kontinuierliche D\u00fcngung <strong data-start=\"1573\" data-end=\"1590\">bis zur Ernte<\/strong>, <strong data-start=\"1592\" data-end=\"1626\">ohne Sp\u00fclphase oder Aushungern<\/strong>. Damit bleiben Geschmack, Aroma und Ertrag auf h\u00f6chstem Niveau.<\/p><p data-start=\"1692\" data-end=\"2090\">In Aquaponik-Systemen ist Stickstoff meist im \u00dcberfluss vorhanden. Genau hier liegt der gro\u00dfe Vorteil dieses Sets: Mit niedrigem Stickstoffgehalt in <strong data-start=\"1841\" data-end=\"1867\">DualPart Bloom (1-5-3)<\/strong> und <strong data-start=\"1872\" data-end=\"1893\">FinalPart (0-6-5)<\/strong> erg\u00e4nzen Sie gezielt Phosphor, Kalium und Mikron\u00e4hrstoffe \u2013 ohne das biologische Gleichgewicht zu st\u00f6ren. Das Set harmoniert perfekt mit den nat\u00fcrlichen Gegebenheiten in aquaponischen Kreisl\u00e4ufen.<\/p>\t\t\t\t\t\t\t\t<\/div>\n\t\t\t\t<div class=\"elementor-element elementor-element-4d67b0fb elementor-widget elementor-widget-spacer\" data-id=\"4d67b0fb\" data-element_type=\"widget\" data-e-type=\"widget\" data-widget_type=\"spacer.default\">\n\t\t\t\t\t\t\t<div class=\"elementor-spacer\">\n\t\t\t<div class=\"elementor-spacer-inner\"><\/div>\n\t\t<\/div>\n\t\t\t\t\t\t<\/div>\n\t\t\t\t<div class=\"elementor-element elementor-element-7c843f8e elementor-widget elementor-widget-heading\" data-id=\"7c843f8e\" data-element_type=\"widget\" data-e-type=\"widget\" data-widget_type=\"heading.default\">\n\t\t\t\t\t<h2 class=\"elementor-heading-title elementor-size-default\">Vorteile<\/h2>\t\t\t\t<\/div>\n\t\t\t\t<div class=\"elementor-element elementor-element-15e920c2 color-scheme-inherit text-left elementor-widget elementor-widget-text-editor\" data-id=\"15e920c2\" data-element_type=\"widget\" data-e-type=\"widget\" data-widget_type=\"text-editor.default\">\n\t\t\t\t\t\t\t\t\t<ul><li data-start=\"2656\" data-end=\"2752\"><p data-start=\"2658\" data-end=\"2752\"><strong data-start=\"2658\" data-end=\"2686\">Keine Sp\u00fclung notwendig:<\/strong> Ihre Pflanzen werden bis zur Ernte durchgehend optimal versorgt<\/p><\/li><li data-start=\"2753\" data-end=\"2845\"><p data-start=\"2755\" data-end=\"2845\"><strong data-start=\"2755\" data-end=\"2781\">Perfekt f\u00fcr Aquaponik:<\/strong> Stickstoffarme Rezeptur passt ideal zu nitratreichen Systemen<\/p><\/li><li data-start=\"2846\" data-end=\"2933\"><p data-start=\"2848\" data-end=\"2933\"><strong data-start=\"2848\" data-end=\"2871\">Maximale Kontrolle:<\/strong> Dosierung pr\u00e4zise an die jeweilige Wachstumsphase anpassbar<\/p><\/li><li data-start=\"2934\" data-end=\"3007\"><p data-start=\"2936\" data-end=\"3007\"><strong data-start=\"2936\" data-end=\"2957\">H\u00f6chste Reinheit:<\/strong> Keine R\u00fcckst\u00e4nde \u2013 volle N\u00e4hrstoffverf\u00fcgbarkeit<\/p><\/li><li data-start=\"3008\" data-end=\"3065\"><p data-start=\"3010\" data-end=\"3065\"><strong data-start=\"3010\" data-end=\"3031\">Stabiler pH-Wert:<\/strong> Weniger Nachjustieren notwendig<\/p><\/li><\/ul>\t\t\t\t\t\t\t\t<\/div>\n\t\t\t\t<div class=\"elementor-element elementor-element-31e5adce elementor-widget elementor-widget-spacer\" data-id=\"31e5adce\" data-element_type=\"widget\" data-e-type=\"widget\" data-widget_type=\"spacer.default\">\n\t\t\t\t\t\t\t<div class=\"elementor-spacer\">\n\t\t\t<div class=\"elementor-spacer-inner\"><\/div>\n\t\t<\/div>\n\t\t\t\t\t\t<\/div>\n\t\t\t\t<div class=\"elementor-element elementor-element-dd2c79d elementor-widget elementor-widget-heading\" data-id=\"dd2c79d\" data-element_type=\"widget\" data-e-type=\"widget\" data-widget_type=\"heading.default\">\n\t\t\t\t\t<h2 class=\"elementor-heading-title elementor-size-default\">Varianten<\/h2>\t\t\t\t<\/div>\n\t\t\t\t<div class=\"elementor-element elementor-element-8a9131a color-scheme-inherit text-left elementor-widget elementor-widget-text-editor\" data-id=\"8a9131a\" data-element_type=\"widget\" data-e-type=\"widget\" data-widget_type=\"text-editor.default\">\n\t\t\t\t\t\t\t\t\t<p data-start=\"3083\" data-end=\"3264\">Wir bieten das Set in zwei Versionen an \u2013 f\u00fcr <strong data-start=\"3129\" data-end=\"3146\">hartes Wasser<\/strong> und f\u00fcr <strong data-start=\"3155\" data-end=\"3173\">weiches Wasser<\/strong>. So erhalten Sie die ideale N\u00e4hrstoffzusammensetzung abgestimmt auf Ihre Wasserqualit\u00e4t.<\/p><ul><li style=\"list-style-type: none;\"><ul data-start=\"3265\" data-end=\"3575\"><li data-start=\"3265\" data-end=\"3401\"><p data-start=\"3267\" data-end=\"3401\">Verwenden Sie die <strong data-start=\"3285\" data-end=\"3314\">Version f\u00fcr hartes Wasser<\/strong>, wenn Ihr Leitungswasser einen <strong data-start=\"3346\" data-end=\"3389\">EC-Wert \u00fcber 0,4 mS\/cm (bzw. &gt;\u202f200 ppm)<\/strong> aufweist.<\/p><\/li><li data-start=\"3402\" data-end=\"3575\"><p data-start=\"3404\" data-end=\"3575\">Bei weichem Wasser (EC unter 0,4 mS\/cm) empfehlen wir die entsprechende <strong data-start=\"3476\" data-end=\"3498\">Softwater-Variante<\/strong>.<br data-start=\"3499\" data-end=\"3502\" \/>W\u00e4hlen Sie die passende Variante ganz einfach oben im Drop-Down-Men\u00fc aus.<\/p><\/li><\/ul><\/li><\/ul>\t\t\t\t\t\t\t\t<\/div>\n\t\t\t\t<div class=\"elementor-element elementor-element-fd2af45 elementor-widget elementor-widget-spacer\" data-id=\"fd2af45\" data-element_type=\"widget\" data-e-type=\"widget\" data-widget_type=\"spacer.default\">\n\t\t\t\t\t\t\t<div class=\"elementor-spacer\">\n\t\t\t<div class=\"elementor-spacer-inner\"><\/div>\n\t\t<\/div>\n\t\t\t\t\t\t<\/div>\n\t\t\t\t<div class=\"elementor-element elementor-element-98a0d6c elementor-widget elementor-widget-heading\" data-id=\"98a0d6c\" data-element_type=\"widget\" data-e-type=\"widget\" data-widget_type=\"heading.default\">\n\t\t\t\t\t<h2 class=\"elementor-heading-title elementor-size-default\">Technische Daten<\/h2>\t\t\t\t<\/div>\n\t\t\t\t<div class=\"elementor-element elementor-element-7e042ec3 color-scheme-inherit text-left elementor-widget elementor-widget-text-editor\" data-id=\"7e042ec3\" data-element_type=\"widget\" data-e-type=\"widget\" data-widget_type=\"text-editor.default\">\n\t\t\t\t\t\t\t\t\t<ul><li data-start=\"3596\" data-end=\"3646\"><ul data-start=\"2125\" data-end=\"2406\"><li data-start=\"2125\" data-end=\"2212\"><p data-start=\"2127\" data-end=\"2212\"><strong data-start=\"2127\" data-end=\"2153\">DualPart Grow (5-0-5):<\/strong> F\u00f6rdert vegetatives Wachstum, Wurzelbildung und Struktur<\/p><\/li><li data-start=\"2213\" data-end=\"2300\"><p data-start=\"2215\" data-end=\"2300\"><strong data-start=\"2215\" data-end=\"2242\">DualPart Bloom (1-5-3):<\/strong> Unterst\u00fctzt Bl\u00fcte, Fruchtbildung und Energieverlagerung<\/p><\/li><li data-start=\"2301\" data-end=\"2406\"><p data-start=\"2303\" data-end=\"2406\"><strong data-start=\"2303\" data-end=\"2325\">FinalPart (0-6-5):<\/strong> Leitet gezielt die Reifephase ein, steigert Geschmack, Farbe und Wirkstoffgehalt<\/p><\/li><\/ul><p data-start=\"2408\" data-end=\"2639\">Alle Komponenten sind vollst\u00e4ndig wasserl\u00f6slich, hochkonzentriert und lassen sich einfach dosieren. Sie eignen sich f\u00fcr alle hydroponischen Systeme wie DWC, NFT, Ebbe-Flut sowie f\u00fcr inerte Substrate wie Bl\u00e4hton, Perlite oder Kokos.<\/p><\/li><\/ul>\t\t\t\t\t\t\t\t<\/div>\n\t\t\t\t<div class=\"elementor-element elementor-element-1ea65f5 elementor-widget elementor-widget-spacer\" data-id=\"1ea65f5\" data-element_type=\"widget\" data-e-type=\"widget\" data-widget_type=\"spacer.default\">\n\t\t\t\t\t\t\t<div class=\"elementor-spacer\">\n\t\t\t<div class=\"elementor-spacer-inner\"><\/div>\n\t\t<\/div>\n\t\t\t\t\t\t<\/div>\n\t\t\t\t<div class=\"elementor-element elementor-element-fdb9a8b elementor-widget elementor-widget-heading\" data-id=\"fdb9a8b\" data-element_type=\"widget\" data-e-type=\"widget\" data-widget_type=\"heading.default\">\n\t\t\t\t\t<h2 class=\"elementor-heading-title elementor-size-default\">Lieferumfang<\/h2>\t\t\t\t<\/div>\n\t\t\t\t<div class=\"elementor-element elementor-element-fd1af05 color-scheme-inherit text-left elementor-widget elementor-widget-text-editor\" data-id=\"fd1af05\" data-element_type=\"widget\" data-e-type=\"widget\" data-widget_type=\"text-editor.default\">\n\t\t\t\t\t\t\t\t\t<ul><li data-start=\"3596\" data-end=\"3646\"><p data-start=\"3598\" data-end=\"3646\">1\u00d7 Terra Aquatica DualPart Grow (500 ml)<\/p><\/li><li data-start=\"3647\" data-end=\"3698\"><p data-start=\"3649\" data-end=\"3698\">1\u00d7 Terra Aquatica DualPart Bloom (500 ml)<\/p><\/li><li data-start=\"3699\" data-end=\"3780\"><p data-start=\"3701\" data-end=\"3780\">1\u00d7 Terra Aquatica FinalPart (500 ml)<\/p><\/li><li data-start=\"3699\" data-end=\"3780\">pH-Pulver zum Senken des pH-Werts<\/li><\/ul>\t\t\t\t\t\t\t\t<\/div>\n\t\t\t\t<div class=\"elementor-element elementor-element-7281e3a7 elementor-widget elementor-widget-spacer\" data-id=\"7281e3a7\" data-element_type=\"widget\" data-e-type=\"widget\" data-widget_type=\"spacer.default\">\n\t\t\t\t\t\t\t<div class=\"elementor-spacer\">\n\t\t\t<div class=\"elementor-spacer-inner\"><\/div>\n\t\t<\/div>\n\t\t\t\t\t\t<\/div>\n\t\t\t\t<div class=\"elementor-element elementor-element-4cd9d803 elementor-widget elementor-widget-heading\" data-id=\"4cd9d803\" data-element_type=\"widget\" data-e-type=\"widget\" data-widget_type=\"heading.default\">\n\t\t\t\t\t<h2 class=\"elementor-heading-title elementor-size-default\">Zusammenfassung<\/h2>\t\t\t\t<\/div>\n\t\t\t\t<div class=\"elementor-element elementor-element-cfcf6e4 color-scheme-inherit text-left elementor-widget elementor-widget-text-editor\" data-id=\"cfcf6e4\" data-element_type=\"widget\" data-e-type=\"widget\" data-widget_type=\"text-editor.default\">\n\t\t\t\t\t\t\t\t\t<p>Mit dem <strong data-start=\"3812\" data-end=\"3855\">Terra Aquatica DualPart + FinalPart Set<\/strong> erhalten Sie ein durchdachtes N\u00e4hrstoffsystem f\u00fcr kraftvolles Pflanzenwachstum, \u00fcppige Bl\u00fctenbildung und volle Reife \u2013 ganz ohne Umstellung oder Sp\u00fclphase. Besonders in der Aquaponik zeigt dieses Set seine St\u00e4rken: Stickstoff verbleibt im Kreislauf, w\u00e4hrend Ihre Pflanzen gezielt mit Phosphor, Kalium und Mikron\u00e4hrstoffen bis zur Ernte unterst\u00fctzt werden. Ideal f\u00fcr maximale Ertr\u00e4ge bei nat\u00fcrlicher Balance.<\/p>\t\t\t\t\t\t\t\t<\/div>\n\t\t\t\t\t<\/div>\n\t\t\t\t<\/div>\n\t\t\t\t<\/div>\n\t\t","protected":false},"excerpt":{"rendered":"<p>Das Terra Aquatica DualPart &amp; FinalPart Set enth\u00e4lt alles f\u00fcr kr\u00e4ftiges Wachstum und maximale Bl\u00fctenbildung \u2013 ideal f\u00fcr Aquaponik-Systeme. Die D\u00fcngung kann bis zur Ernte durchgezogen werden, ohne Sp\u00fclphase. FinalPart f\u00f6rdert Reife &amp; Geschmack. Perfekt kombinierbar mit aquaponischer Stickstoffversorgung.<\/p>\n","protected":false},"featured_media":19957,"comment_status":"open","ping_status":"closed","template":"","meta":{"_monsterinsights_skip_tracking":false,"_monsterinsights_sitenote_active":false,"_monsterinsights_sitenote_note":"","_monsterinsights_sitenote_category":0},"product_brand":[],"product_cat":[589],"product_tag":[1762,950,1763,1764,1767,1768,1756,1865,1757,1866,1758,1867,569,1759,1868,1760,935,1761,936],"class_list":{"0":"post-19953","1":"product","2":"type-product","3":"status-publish","4":"has-post-thumbnail","6":"product_cat-duenger-naehrstoffe","7":"product_tag-zweikomponenten","8":"product_tag-terra-aquatica-duenger","9":"product_tag-mehrkomponten","10":"product_tag-duengeschema","11":"product_tag-finish","12":"product_tag-3x0-5l","13":"product_tag-finalpart","14":"product_tag-duengesets","15":"product_tag-duenger-set","16":"product_tag-set","17":"product_tag-ripen","18":"product_tag-duengepaket","19":"product_tag-duenger","20":"product_tag-spuelung","21":"product_tag-t-a","22":"product_tag-hartes-wasser","23":"product_tag-calmag","24":"product_tag-weiches-wasser","25":"product_tag-terra-aquatica","26":"pa_hersteller-terra-aquatica","28":"first","29":"instock","30":"taxable","31":"shipping-taxable","32":"purchasable","33":"product-type-variable","34":"has-default-attributes"},"bundled_by":[],"bundle_stock_status":"instock","bundle_stock_quantity":1,"bundle_virtual":false,"bundle_layout":"","bundle_add_to_cart_form_location":"","bundle_editable_in_cart":false,"bundle_sold_individually_context":"","bundle_item_grouping":"","bundle_min_size":"","bundle_max_size":"","bundle_price":[],"bundled_items":[],"bundle_sell_ids":[],"supplier_id":null,"supplier_sku":"","barcode":null,"atum_controlled":true,"out_stock_date":null,"out_stock_threshold":null,"inheritable":true,"inbound_stock":0,"stock_on_hold":0,"sold_today":0,"sales_last_days":0,"reserved_stock":0,"customer_returns":0,"warehouse_damage":0,"lost_in_post":0,"other_logs":0,"out_stock_days":0,"lost_sales":0,"has_location":false,"update_date":"2026-04-27T00:20:55","atum_locations":[],"atum_stock_status":"instock","restock_status":false,"low_stock_amount":"","sales_update_date":"2026-04-27T00:20:55","calc_backorders":null,"tiered_pricing_type":"fixed","tiered_pricing_fixed_rules":[],"tiered_pricing_product_settings":{"layout":"default","base_unit_name":{"singular":null,"plural":null},"default_variation":null},"tiered_pricing_minimum_quantity":null,"tiered_pricing_roles_data":[],"tiered_pricing_percentage_rules":[],"_links":{"self":[{"href":"https:\/\/www.lets-grow.de\/blog\/wp-json\/wp\/v2\/product\/19953","targetHints":{"allow":["GET"]}}],"collection":[{"href":"https:\/\/www.lets-grow.de\/blog\/wp-json\/wp\/v2\/product"}],"about":[{"href":"https:\/\/www.lets-grow.de\/blog\/wp-json\/wp\/v2\/types\/product"}],"replies":[{"embeddable":true,"href":"https:\/\/www.lets-grow.de\/blog\/wp-json\/wp\/v2\/comments?post=19953"}],"version-history":[{"count":2,"href":"https:\/\/www.lets-grow.de\/blog\/wp-json\/wp\/v2\/product\/19953\/revisions"}],"predecessor-version":[{"id":21120,"href":"https:\/\/www.lets-grow.de\/blog\/wp-json\/wp\/v2\/product\/19953\/revisions\/21120"}],"wp:featuredmedia":[{"embeddable":true,"href":"https:\/\/www.lets-grow.de\/blog\/wp-json\/wp\/v2\/media\/19957"}],"wp:attachment":[{"href":"https:\/\/www.lets-grow.de\/blog\/wp-json\/wp\/v2\/media?parent=19953"}],"wp:term":[{"taxonomy":"product_brand","embeddable":true,"href":"https:\/\/www.lets-grow.de\/blog\/wp-json\/wp\/v2\/product_brand?post=19953"},{"taxonomy":"product_cat","embeddable":true,"href":"https:\/\/www.lets-grow.de\/blog\/wp-json\/wp\/v2\/product_cat?post=19953"},{"taxonomy":"product_tag","embeddable":true,"href":"https:\/\/www.lets-grow.de\/blog\/wp-json\/wp\/v2\/product_tag?post=19953"}],"curies":[{"name":"wp","href":"https:\/\/api.w.org\/{rel}","templated":true}]}}