{"id":19368,"date":"2025-03-07T19:20:41","date_gmt":"2025-03-07T18:20:41","guid":{"rendered":"https:\/\/www.lets-grow.de\/blog\/?post_type=product&#038;p=19368"},"modified":"2026-02-18T18:50:42","modified_gmt":"2026-02-18T17:50:42","slug":"dwc-eimersystem-30l-2er-set","status":"publish","type":"product","link":"https:\/\/www.lets-grow.de\/blog\/shop\/dwc-eimersystem-30l-2er-set\/","title":{"rendered":"DWC-Eimersystem 30L 2er-Set"},"content":{"rendered":"\t\t<div data-elementor-type=\"product-post\" data-elementor-id=\"19368\" class=\"elementor elementor-19368\" data-elementor-post-type=\"product\">\n\t\t\t\t<div class=\"wd-negative-gap elementor-element elementor-element-1bd6c467 e-flex e-con-boxed e-con e-parent\" data-id=\"1bd6c467\" data-element_type=\"container\" data-e-type=\"container\">\n\t\t\t\t\t<div class=\"e-con-inner\">\n\t\t\t\t<div class=\"elementor-element elementor-element-57b7c2ea elementor-widget elementor-widget-heading\" data-id=\"57b7c2ea\" data-element_type=\"widget\" data-e-type=\"widget\" data-widget_type=\"heading.default\">\n\t\t\t\t\t<h2 class=\"elementor-heading-title elementor-size-default\">DWC-Eimersystem 30L 2er-Set: Doppelter Ertrag zum Vorteilspreis!<\/h2>\t\t\t\t<\/div>\n\t\t\t\t<div class=\"elementor-element elementor-element-5478ca34 color-scheme-inherit text-left elementor-widget elementor-widget-text-editor\" data-id=\"5478ca34\" data-element_type=\"widget\" data-e-type=\"widget\" data-widget_type=\"text-editor.default\">\n\t\t\t\t\t\t\t\t\t<p>Sie m\u00f6chten mit Hydroponik durchstarten oder Ihr bestehendes System erweitern? Das <strong data-start=\"271\" data-end=\"304\">DWC-Eimersystem 30L 2er-Set<\/strong> ist die ideale L\u00f6sung! Mit diesem Set erhalten Sie zwei komplette Deep-Water-Culture-Systeme zum g\u00fcnstigeren Preis im Vergleich zum Einzelkauf. Damit profitieren Sie nicht nur von einer effizienteren Pflanzenzucht, sondern sparen auch bares Geld.<\/p>\t\t\t\t\t\t\t\t<\/div>\n\t\t\t\t<div class=\"elementor-element elementor-element-55c61228 elementor-widget elementor-widget-spacer\" data-id=\"55c61228\" data-element_type=\"widget\" data-e-type=\"widget\" data-widget_type=\"spacer.default\">\n\t\t\t\t\t\t\t<div class=\"elementor-spacer\">\n\t\t\t<div class=\"elementor-spacer-inner\"><\/div>\n\t\t<\/div>\n\t\t\t\t\t\t<\/div>\n\t\t\t\t<div class=\"elementor-element elementor-element-324f4a3a elementor-widget elementor-widget-heading\" data-id=\"324f4a3a\" data-element_type=\"widget\" data-e-type=\"widget\" data-widget_type=\"heading.default\">\n\t\t\t\t\t<h2 class=\"elementor-heading-title elementor-size-default\">Warum lohnt sich das 2er-Set?<\/h2>\t\t\t\t<\/div>\n\t\t\t\t<div class=\"elementor-element elementor-element-6ca86107 color-scheme-inherit text-left elementor-widget elementor-widget-text-editor\" data-id=\"6ca86107\" data-element_type=\"widget\" data-e-type=\"widget\" data-widget_type=\"text-editor.default\">\n\t\t\t\t\t\t\t\t\t<p>Statt nur eine Pflanze zu kultivieren, k\u00f6nnen Sie mit diesem Set direkt zwei Pflanzen gleichzeitig anbauen. Dadurch lassen sich verschiedene Sorten testen oder der Ertrag verdoppeln \u2013 und das zu einem besseren Preis-Leistungs-Verh\u00e4ltnis als beim Einzelkauf. Die beiden DWC-Systeme sind unabh\u00e4ngig voneinander nutzbar, sodass Sie flexibel bleiben und Ihre Pflanzen optimal versorgen k\u00f6nnen.<\/p>\t\t\t\t\t\t\t\t<\/div>\n\t\t\t\t<div class=\"elementor-element elementor-element-9c3ebd6 elementor-widget elementor-widget-spacer\" data-id=\"9c3ebd6\" data-element_type=\"widget\" data-e-type=\"widget\" data-widget_type=\"spacer.default\">\n\t\t\t\t\t\t\t<div class=\"elementor-spacer\">\n\t\t\t<div class=\"elementor-spacer-inner\"><\/div>\n\t\t<\/div>\n\t\t\t\t\t\t<\/div>\n\t\t\t\t<div class=\"elementor-element elementor-element-9174050 elementor-widget elementor-widget-heading\" data-id=\"9174050\" data-element_type=\"widget\" data-e-type=\"widget\" data-widget_type=\"heading.default\">\n\t\t\t\t\t<h2 class=\"elementor-heading-title elementor-size-default\">Vorteile des DWC-Eimersystems 30L 2er-Set:<\/h2>\t\t\t\t<\/div>\n\t\t\t\t<div class=\"elementor-element elementor-element-0ce92d1 color-scheme-inherit text-left elementor-widget elementor-widget-text-editor\" data-id=\"0ce92d1\" data-element_type=\"widget\" data-e-type=\"widget\" data-widget_type=\"text-editor.default\">\n\t\t\t\t\t\t\t\t\t<p>\u2705 <strong data-start=\"1045\" data-end=\"1085\">G\u00fcnstiger als zwei einzelne Systeme:<\/strong> Profitieren Sie von einem reduzierten Preis im Set!<br data-start=\"1137\" data-end=\"1140\" \/>\u2705 <strong data-start=\"1142\" data-end=\"1180\">Doppelter Anbau, doppelter Ertrag:<\/strong> Zwei Systeme erm\u00f6glichen die parallele Kultivierung unterschiedlicher Pflanzen.<br data-start=\"1260\" data-end=\"1263\" \/>\u2705 <strong data-start=\"1265\" data-end=\"1299\">Optimale Sauerstoffversorgung:<\/strong> Eine leistungsstarke <strong data-start=\"1321\" data-end=\"1348\">Doppel-Membranluftpumpe<\/strong> und zwei Sprudelsteine sorgen f\u00fcr gesunde Wurzeln.<br data-start=\"1399\" data-end=\"1402\" \/>\u2705 <strong data-start=\"1404\" data-end=\"1435\">Wasserstand immer im Blick:<\/strong> Dank der integrierten Wasserstandsanzeiger wissen Sie genau, wann nachgef\u00fcllt werden muss.<br data-start=\"1526\" data-end=\"1529\" \/>\u2705 <strong data-start=\"1531\" data-end=\"1564\">Effiziente N\u00e4hrstoffaufnahme:<\/strong> Die Wurzeln nehmen die N\u00e4hrstoffe direkt aus der L\u00f6sung auf \u2013 f\u00fcr schnelleres Wachstum und h\u00f6here Ertr\u00e4ge.<br data-start=\"1671\" data-end=\"1674\" \/>\u2705 <strong data-start=\"1676\" data-end=\"1713\">F\u00fcr Anf\u00e4nger und Profis geeignet:<\/strong> Einfacher Aufbau und wartungsarmes System \u2013 perfekt f\u00fcr den Einstieg oder zur Erweiterung Ihrer Hydroponik-Anlage.<br data-start=\"1828\" data-end=\"1831\" \/>\u2705 <strong data-start=\"1833\" data-end=\"1859\">Flexible Standortwahl:<\/strong> Im Gegensatz zu anderen Hydroponik-Systemen lassen sich die Eimer leicht transportieren.<br data-start=\"1948\" data-end=\"1951\" \/>\u2705 <strong data-start=\"1953\" data-end=\"1998\">Ideal f\u00fcr die \u00dcberwinterung von Pflanzen:<\/strong> Mehrj\u00e4hrige Pflanzen k\u00f6nnen im Winter problemlos im Keller oder Gew\u00e4chshaus weiterkultiviert werden.<\/p>\t\t\t\t\t\t\t\t<\/div>\n\t\t\t\t<div class=\"elementor-element elementor-element-283e091a elementor-widget elementor-widget-spacer\" data-id=\"283e091a\" data-element_type=\"widget\" data-e-type=\"widget\" data-widget_type=\"spacer.default\">\n\t\t\t\t\t\t\t<div class=\"elementor-spacer\">\n\t\t\t<div class=\"elementor-spacer-inner\"><\/div>\n\t\t<\/div>\n\t\t\t\t\t\t<\/div>\n\t\t\t\t<div class=\"elementor-element elementor-element-f65cc00 elementor-widget elementor-widget-heading\" data-id=\"f65cc00\" data-element_type=\"widget\" data-e-type=\"widget\" data-widget_type=\"heading.default\">\n\t\t\t\t\t<h2 class=\"elementor-heading-title elementor-size-default\">Warum DWC?<\/h2>\t\t\t\t<\/div>\n\t\t\t\t<div class=\"elementor-element elementor-element-77c50f8 color-scheme-inherit text-left elementor-widget elementor-widget-text-editor\" data-id=\"77c50f8\" data-element_type=\"widget\" data-e-type=\"widget\" data-widget_type=\"text-editor.default\">\n\t\t\t\t\t\t\t\t\t<p>DWC (Deep Water Culture) z\u00e4hlt zu den effektivsten und gleichzeitig einfachsten Methoden der Hydroponik. Die Pflanzen sitzen in Netzt\u00f6pfen \u00fcber einem Reservoir mit N\u00e4hrl\u00f6sung, w\u00e4hrend die Wurzeln direkt ins Wasser ragen. Durch eine kontinuierliche Sauerstoffzufuhr mit einer <strong data-start=\"2399\" data-end=\"2426\">Doppel-Membranluftpumpe<\/strong> bleibt die L\u00f6sung optimal bel\u00fcftet, was das Wachstum und die N\u00e4hrstoffaufnahme maximiert.<\/p>\t\t\t\t\t\t\t\t<\/div>\n\t\t\t\t<div class=\"elementor-element elementor-element-987c101 elementor-widget elementor-widget-spacer\" data-id=\"987c101\" data-element_type=\"widget\" data-e-type=\"widget\" data-widget_type=\"spacer.default\">\n\t\t\t\t\t\t\t<div class=\"elementor-spacer\">\n\t\t\t<div class=\"elementor-spacer-inner\"><\/div>\n\t\t<\/div>\n\t\t\t\t\t\t<\/div>\n\t\t\t\t<div class=\"elementor-element elementor-element-ba1aef1 elementor-widget elementor-widget-heading\" data-id=\"ba1aef1\" data-element_type=\"widget\" data-e-type=\"widget\" data-widget_type=\"heading.default\">\n\t\t\t\t\t<h2 class=\"elementor-heading-title elementor-size-default\">Vorteile von DWC:<\/h2>\t\t\t\t<\/div>\n\t\t\t\t<div class=\"elementor-element elementor-element-59d309e elementor-widget elementor-widget-wd_list\" data-id=\"59d309e\" data-element_type=\"widget\" data-e-type=\"widget\" data-widget_type=\"wd_list.default\">\n\t\t\t\t<div class=\"elementor-widget-container\">\n\t\t\t\t\t\t\t<ul class=\"wd-list color-scheme-custom wd-fontsize-xs wd-type-icon wd-style-default text-left\">\n\t\t\t\t\t\t\t\t\t\t\t<li class=\"elementor-repeater-item-77fcfb3\">\n\t\t\t\t\t\t\t\t\t\t\t<span class=\"wd-icon\"><span class=\"fas fa-plus\"><\/span><\/span>\t\t\t\t\t\n\t\t\t\t\t<span class=\"wd-list-content list-content\">\n\t\t\t\t\t\t\t\t\t\t\t\t\t<b>Optimale N\u00e4hrstoffversorgung:<\/b> Da die Wurzeln st\u00e4ndig von der N\u00e4hrl\u00f6sung umgeben sind, k\u00f6nnen die Pflanzen jederzeit alle ben\u00f6tigten N\u00e4hrstoffe aufnehmen. Dies f\u00fchrt zu schnellerem Wachstum und h\u00f6heren Ertr\u00e4gen im Vergleich zur Erdkultur.\t\t\t\t\t\t\t\t\t\t\t<\/span>\n\t\t\t\t<\/li>\n\t\t\t\t\t\t\t\t\t\t\t<li class=\"elementor-repeater-item-2691cfc\">\n\t\t\t\t\t\t\t\t\t\t\t<span class=\"wd-icon\"><span class=\"fas fa-plus\"><\/span><\/span>\t\t\t\t\t\n\t\t\t\t\t<span class=\"wd-list-content list-content\">\n\t\t\t\t\t\t\t\t\t\t\t\t\t<b>Konstante Sauerstoffzufuhr:<\/b> Durch die Bel\u00fcftung der N\u00e4hrl\u00f6sung wird Sauerstoff direkt an die Wurzeln gebracht, was F\u00e4ulnis verhindert und das Wurzelwachstum f\u00f6rdert. Gesunde Wurzeln bedeuten gesunde Pflanzen!\t\t\t\t\t\t\t\t\t\t\t<\/span>\n\t\t\t\t<\/li>\n\t\t\t\t\t\t\t\t\t\t\t<li class=\"elementor-repeater-item-56666e0\">\n\t\t\t\t\t\t\t\t\t\t\t<span class=\"wd-icon\"><span class=\"fas fa-plus\"><\/span><\/span>\t\t\t\t\t\n\t\t\t\t\t<span class=\"wd-list-content list-content\">\n\t\t\t\t\t\t\t\t\t\t\t\t\t<b>Wassereffizienz:<\/b> DWC-Systeme ben\u00f6tigen deutlich weniger Wasser als herk\u00f6mmliche Anbaumethoden, da das Wasser im Reservoir bleibt und nicht verdunstet oder versickert.\t\t\t\t\t\t\t\t\t\t\t<\/span>\n\t\t\t\t<\/li>\n\t\t\t\t\t\t\t\t\t\t\t<li class=\"elementor-repeater-item-b54a39f\">\n\t\t\t\t\t\t\t\t\t\t\t<span class=\"wd-icon\"><span class=\"fas fa-plus\"><\/span><\/span>\t\t\t\t\t\n\t\t\t\t\t<span class=\"wd-list-content list-content\">\n\t\t\t\t\t\t\t\t\t\t\t\t\t<b>Weniger Sch\u00e4dlingsprobleme:<\/b> Da keine Erde verwendet wird, sind DWC-Systeme weniger anf\u00e4llig f\u00fcr Bodensch\u00e4dlinge und Krankheiten.\t\t\t\t\t\t\t\t\t\t\t<\/span>\n\t\t\t\t<\/li>\n\t\t\t\t\t\t\t\t\t\t\t<li class=\"elementor-repeater-item-8c5e5fa\">\n\t\t\t\t\t\t\t\t\t\t\t<span class=\"wd-icon\"><span class=\"fas fa-plus\"><\/span><\/span>\t\t\t\t\t\n\t\t\t\t\t<span class=\"wd-list-content list-content\">\n\t\t\t\t\t\t\t\t\t\t\t\t\t<b>Wachstumskontrolle:<\/b> Mit einem Wasserstandsanzeiger und der M\u00f6glichkeit, die N\u00e4hrstoffkonzentration exakt zu dosieren, hast du die volle Kontrolle \u00fcber die Bedingungen f\u00fcr deine Pflanzen.\t\t\t\t\t\t\t\t\t\t\t<\/span>\n\t\t\t\t<\/li>\n\t\t\t\t\t<\/ul>\n\n\t\t\t\t\t\t<\/div>\n\t\t\t\t<\/div>\n\t\t\t\t<div class=\"elementor-element elementor-element-3163f46 elementor-widget elementor-widget-spacer\" data-id=\"3163f46\" data-element_type=\"widget\" data-e-type=\"widget\" data-widget_type=\"spacer.default\">\n\t\t\t\t\t\t\t<div class=\"elementor-spacer\">\n\t\t\t<div class=\"elementor-spacer-inner\"><\/div>\n\t\t<\/div>\n\t\t\t\t\t\t<\/div>\n\t\t\t\t<div class=\"elementor-element elementor-element-26ceff2 elementor-widget elementor-widget-heading\" data-id=\"26ceff2\" data-element_type=\"widget\" data-e-type=\"widget\" data-widget_type=\"heading.default\">\n\t\t\t\t\t<h2 class=\"elementor-heading-title elementor-size-default\">Technische Daten:<\/h2>\t\t\t\t<\/div>\n\t\t\t\t<div class=\"elementor-element elementor-element-b9f08a8 color-scheme-inherit text-left elementor-widget elementor-widget-text-editor\" data-id=\"b9f08a8\" data-element_type=\"widget\" data-e-type=\"widget\" data-widget_type=\"text-editor.default\">\n\t\t\t\t\t\t\t\t\t<p data-start=\"3114\" data-end=\"3452\">\ud83d\udd39 <strong data-start=\"3117\" data-end=\"3139\">Volumen pro Eimer:<\/strong> 30 Liter<br data-start=\"3148\" data-end=\"3151\" \/>\ud83d\udd39 <strong data-start=\"3154\" data-end=\"3172\">Netztopfgr\u00f6\u00dfe:<\/strong> 13 cm Durchmesser<br data-start=\"3190\" data-end=\"3193\" \/>\ud83d\udd39 <strong data-start=\"3196\" data-end=\"3213\">Luftschlauch:<\/strong> 4\/6 mm Durchmesser<br data-start=\"3232\" data-end=\"3235\" \/>\ud83d\udd39 <strong data-start=\"3238\" data-end=\"3256\">Sprudelsteine:<\/strong> 5 cm Durchmesser<br data-start=\"3273\" data-end=\"3276\" \/>\ud83d\udd39 <strong data-start=\"3279\" data-end=\"3292\">Substrat:<\/strong> Bl\u00e4hton (8\/16 mm K\u00f6rnung)<br data-start=\"3318\" data-end=\"3321\" \/>\ud83d\udd39 <strong data-start=\"3324\" data-end=\"3349\">Wasserstandsanzeiger:<\/strong> 12\/16 mm Schlauch zur F\u00fcllstandskontrolle<br data-start=\"3391\" data-end=\"3394\" \/>\ud83d\udd39 <strong data-start=\"3397\" data-end=\"3411\">Luftpumpe:<\/strong> Doppel-Membranluftpumpe f\u00fcr zwei Eimer<\/p><p data-start=\"3454\" data-end=\"3654\">Nutzen Sie die Vorteile der Hydroponik und sparen Sie mit dem <strong data-start=\"3516\" data-end=\"3549\">DWC-Eimersystem 30L \u2013 2er-Set<\/strong>! Perfekt f\u00fcr alle, die mehr aus ihrem Anbau herausholen m\u00f6chten \u2013 jetzt bestellen und direkt loslegen!<\/p>\t\t\t\t\t\t\t\t<\/div>\n\t\t\t\t\t<\/div>\n\t\t\t\t<\/div>\n\t\t\t\t<\/div>\n\t\t","protected":false},"excerpt":{"rendered":"<p><strong data-start=\"48\" data-end=\"81\">DWC-Eimersystem 30L \u2013 2er-Set<\/strong> \u2013 Dein kompaktes Hydroponik-System f\u00fcr kr\u00e4ftiges Pflanzenwachstum! Das Set enth\u00e4lt zwei 30L Eimer mit Wasserstandsanzeiger, 13 cm Gittert\u00f6pfe mit Bl\u00e4hton, eine leistungsstarke Membranluftpumpe mit zwei Ausg\u00e4ngen, Luftschl\u00e4uche und Sprudelsteine. Einfach aufbauen und direkt loslegen!<\/p>\n","protected":false},"featured_media":20963,"comment_status":"open","ping_status":"closed","template":"","meta":{"_monsterinsights_skip_tracking":false,"_monsterinsights_sitenote_active":false,"_monsterinsights_sitenote_note":"","_monsterinsights_sitenote_category":0},"product_brand":[],"product_cat":[608],"product_tag":[609,610,611,612,613],"class_list":{"0":"post-19368","1":"product","2":"type-product","3":"status-publish","4":"has-post-thumbnail","6":"product_cat-hydrosysteme","7":"product_tag-hydroponik","8":"product_tag-eimersystem","9":"product_tag-30l","10":"product_tag-dwc","11":"product_tag-deep-water-culture","13":"first","14":"instock","15":"taxable","16":"shipping-taxable","17":"purchasable","18":"product-type-bundle"},"bundled_by":[],"bundle_stock_status":"instock","bundle_stock_quantity":5,"bundle_virtual":false,"bundle_layout":"default","bundle_add_to_cart_form_location":"default","bundle_editable_in_cart":false,"bundle_sold_individually_context":"product","bundle_item_grouping":"parent","bundle_min_size":"","bundle_max_size":"","bundle_price":{"price":{"min":{"incl_tax":"54.99","excl_tax":"46.210084"},"max":{"incl_tax":"54.99","excl_tax":"46.210084"}},"regular_price":{"min":{"incl_tax":"54.99","excl_tax":"46.210084"},"max":{"incl_tax":"54.99","excl_tax":"46.210084"}}},"bundled_items":[{"bundled_item_id":78,"product_id":19233,"menu_order":0,"quantity_min":2,"quantity_max":2,"quantity_default":2,"priced_individually":false,"shipped_individually":false,"override_title":false,"title":"DWC-Eimersystem 30L \u2013 Basisset","override_description":false,"description":"","optional":false,"hide_thumbnail":false,"discount":"","override_variations":true,"allowed_variations":[20132],"override_default_variation_attributes":true,"default_variation_attributes":[{"id":14,"name":"Variante","option":"neuware"}],"single_product_visibility":"visible","cart_visibility":"visible","order_visibility":"visible","single_product_price_visibility":"visible","cart_price_visibility":"visible","order_price_visibility":"visible","stock_status":"in_stock"},{"bundled_item_id":79,"product_id":19220,"menu_order":1,"quantity_min":1,"quantity_max":1,"quantity_default":1,"priced_individually":false,"shipped_individually":false,"override_title":false,"title":"Water Master Membranluftpumpe","override_description":false,"description":"","optional":false,"hide_thumbnail":false,"discount":"","override_variations":true,"allowed_variations":[19222],"override_default_variation_attributes":true,"default_variation_attributes":[{"id":14,"name":"Variante","option":"2-ausgaenge"}],"single_product_visibility":"visible","cart_visibility":"visible","order_visibility":"visible","single_product_price_visibility":"visible","cart_price_visibility":"visible","order_price_visibility":"visible","stock_status":"in_stock"},{"bundled_item_id":80,"product_id":17805,"menu_order":2,"quantity_min":2,"quantity_max":2,"quantity_default":2,"priced_individually":false,"shipped_individually":false,"override_title":false,"title":"Ausstr\u00f6merkugel","override_description":false,"description":"","optional":false,"hide_thumbnail":false,"discount":"","override_variations":true,"allowed_variations":[17808],"override_default_variation_attributes":true,"default_variation_attributes":[{"id":14,"name":"Variante","option":"budget"}],"single_product_visibility":"visible","cart_visibility":"visible","order_visibility":"visible","single_product_price_visibility":"visible","cart_price_visibility":"visible","order_price_visibility":"visible","stock_status":"in_stock"},{"bundled_item_id":81,"product_id":18657,"menu_order":3,"quantity_min":2,"quantity_max":2,"quantity_default":2,"priced_individually":false,"shipped_individually":false,"override_title":false,"title":"Luftschlauch transparent 4\/6mm","override_description":false,"description":"","optional":false,"hide_thumbnail":false,"discount":"","override_variations":true,"allowed_variations":[19254],"override_default_variation_attributes":true,"default_variation_attributes":[{"id":9,"name":"L\u00e4nge","option":"1m"}],"single_product_visibility":"visible","cart_visibility":"visible","order_visibility":"visible","single_product_price_visibility":"visible","cart_price_visibility":"visible","order_price_visibility":"visible","stock_status":"in_stock"}],"bundle_sell_ids":[],"supplier_id":null,"supplier_sku":"","barcode":null,"atum_controlled":true,"out_stock_date":null,"out_stock_threshold":null,"inheritable":true,"inbound_stock":0,"stock_on_hold":0,"sold_today":0,"sales_last_days":0,"reserved_stock":0,"customer_returns":0,"warehouse_damage":0,"lost_in_post":0,"other_logs":0,"out_stock_days":0,"lost_sales":0,"has_location":false,"update_date":"2026-05-09T00:28:47","atum_locations":[],"atum_stock_status":"instock","restock_status":false,"low_stock_amount":"","sales_update_date":"2026-05-09T00:28:47","calc_backorders":null,"tiered_pricing_type":"fixed","tiered_pricing_fixed_rules":[],"tiered_pricing_product_settings":{"layout":"default","base_unit_name":{"singular":null,"plural":null},"default_variation":null},"tiered_pricing_minimum_quantity":null,"tiered_pricing_roles_data":[],"tiered_pricing_percentage_rules":[],"_links":{"self":[{"href":"https:\/\/www.lets-grow.de\/blog\/wp-json\/wp\/v2\/product\/19368","targetHints":{"allow":["GET"]}}],"collection":[{"href":"https:\/\/www.lets-grow.de\/blog\/wp-json\/wp\/v2\/product"}],"about":[{"href":"https:\/\/www.lets-grow.de\/blog\/wp-json\/wp\/v2\/types\/product"}],"replies":[{"embeddable":true,"href":"https:\/\/www.lets-grow.de\/blog\/wp-json\/wp\/v2\/comments?post=19368"}],"version-history":[{"count":2,"href":"https:\/\/www.lets-grow.de\/blog\/wp-json\/wp\/v2\/product\/19368\/revisions"}],"predecessor-version":[{"id":21189,"href":"https:\/\/www.lets-grow.de\/blog\/wp-json\/wp\/v2\/product\/19368\/revisions\/21189"}],"wp:featuredmedia":[{"embeddable":true,"href":"https:\/\/www.lets-grow.de\/blog\/wp-json\/wp\/v2\/media\/20963"}],"wp:attachment":[{"href":"https:\/\/www.lets-grow.de\/blog\/wp-json\/wp\/v2\/media?parent=19368"}],"wp:term":[{"taxonomy":"product_brand","embeddable":true,"href":"https:\/\/www.lets-grow.de\/blog\/wp-json\/wp\/v2\/product_brand?post=19368"},{"taxonomy":"product_cat","embeddable":true,"href":"https:\/\/www.lets-grow.de\/blog\/wp-json\/wp\/v2\/product_cat?post=19368"},{"taxonomy":"product_tag","embeddable":true,"href":"https:\/\/www.lets-grow.de\/blog\/wp-json\/wp\/v2\/product_tag?post=19368"}],"curies":[{"name":"wp","href":"https:\/\/api.w.org\/{rel}","templated":true}]}}