{"id":19337,"date":"2025-03-07T13:39:32","date_gmt":"2025-03-07T12:39:32","guid":{"rendered":"https:\/\/www.lets-grow.de\/blog\/?post_type=product&#038;p=19337"},"modified":"2026-03-11T19:42:27","modified_gmt":"2026-03-11T18:42:27","slug":"ram-clipventilator-180mm-schwenkfunktion","status":"publish","type":"product","link":"https:\/\/www.lets-grow.de\/blog\/shop\/ram-clipventilator-180mm-schwenkfunktion\/","title":{"rendered":"RAM Clipventilator 180mm\/20 W mit Schwenkfunktion"},"content":{"rendered":"\t\t<div data-elementor-type=\"product-post\" data-elementor-id=\"19337\" class=\"elementor elementor-19337\" data-elementor-post-type=\"product\">\n\t\t\t\t<div class=\"wd-negative-gap elementor-element elementor-element-19d92bb e-flex e-con-boxed e-con e-parent\" data-id=\"19d92bb\" data-element_type=\"container\" data-e-type=\"container\">\n\t\t\t\t\t<div class=\"e-con-inner\">\n\t\t\t\t<div class=\"elementor-element elementor-element-23021e68 elementor-widget elementor-widget-heading\" data-id=\"23021e68\" data-element_type=\"widget\" data-e-type=\"widget\" data-widget_type=\"heading.default\">\n\t\t\t\t\t<h2 class=\"elementor-heading-title elementor-size-default\">RAM Clipventilator 180mm mit 20 W \u2013 Schwenkfunktion f\u00fcr optimale Umluft<\/h2>\t\t\t\t<\/div>\n\t\t\t\t<div class=\"elementor-element elementor-element-70df3026 color-scheme-inherit text-left elementor-widget elementor-widget-text-editor\" data-id=\"70df3026\" data-element_type=\"widget\" data-e-type=\"widget\" data-widget_type=\"text-editor.default\">\n\t\t\t\t\t\t\t\t\t<p data-start=\"73\" data-end=\"555\">Der RAM Clipventilator 180mm Durchmesser mit 20W\u00a0<span style=\"font-size: 16px; color: var( --e-global-color-text ); text-align: var(--text-align);\">Leistung ist ideal f\u00fcr den Einsatz in Growboxen, Gew\u00e4chsh\u00e4usern oder Wohnr\u00e4umen. Die leistungsstarke Schwenkfunktion sorgt f\u00fcr eine gleichm\u00e4\u00dfige Luftzirkulation, reduziert Stauw\u00e4rme und st\u00e4rkt die Pflanzenstruktur. Dank des robusten Clips und eines mitgelieferten Adapters kann der Ventilator sicher an horizontalen und vertikalen Stangen mit 16-19 mm oder 20-25 mm Durchmesser befestigt werden.<\/span><\/p><p data-start=\"527\" data-end=\"823\">Mit seinen <strong data-start=\"538\" data-end=\"562\">zwei Leistungsstufen<\/strong> l\u00e4sst sich die Luftzirkulation individuell anpassen \u2013 von sanfter Brise bis zu kr\u00e4ftigem Luftstrom. Der leise und energieeffiziente Motor erm\u00f6glicht einen dauerhaften Betrieb ohne st\u00f6rende Ger\u00e4usche. Ein Muss f\u00fcr ein stabiles Mikroklima und gesunde Pflanzen!<\/p>\t\t\t\t\t\t\t\t<\/div>\n\t\t\t\t<div class=\"elementor-element elementor-element-4ec24acf elementor-widget elementor-widget-spacer\" data-id=\"4ec24acf\" data-element_type=\"widget\" data-e-type=\"widget\" data-widget_type=\"spacer.default\">\n\t\t\t\t\t\t\t<div class=\"elementor-spacer\">\n\t\t\t<div class=\"elementor-spacer-inner\"><\/div>\n\t\t<\/div>\n\t\t\t\t\t\t<\/div>\n\t\t\t\t<div class=\"elementor-element elementor-element-653e91d7 elementor-widget elementor-widget-heading\" data-id=\"653e91d7\" data-element_type=\"widget\" data-e-type=\"widget\" data-widget_type=\"heading.default\">\n\t\t\t\t\t<h2 class=\"elementor-heading-title elementor-size-default\">Anwendungen<\/h2>\t\t\t\t<\/div>\n\t\t\t\t<div class=\"elementor-element elementor-element-48c8a392 color-scheme-inherit text-left elementor-widget elementor-widget-text-editor\" data-id=\"48c8a392\" data-element_type=\"widget\" data-e-type=\"widget\" data-widget_type=\"text-editor.default\">\n\t\t\t\t\t\t\t\t\t<ul>\n<li data-start=\"1693\" data-end=\"1746\">In Growboxen zur Verbesserung der Luftzirkulation<\/li>\n<li data-start=\"1747\" data-end=\"1794\">In Gew\u00e4chsh\u00e4usern zur Temperaturregulierung<\/li>\n<li data-start=\"1795\" data-end=\"1835\">In Wohnr\u00e4umen f\u00fcr eine frische Brise<\/li>\n<li data-start=\"1836\" data-end=\"1881\">Zur Vorbeugung von Schimmel und Hitzestau<\/li><li data-start=\"1836\" data-end=\"1881\">Zwei Leistungsstufen f\u00fcr flexible Luftzirkulation<\/li>\n<\/ul>\t\t\t\t\t\t\t\t<\/div>\n\t\t\t\t<div class=\"elementor-element elementor-element-7c417636 elementor-widget elementor-widget-spacer\" data-id=\"7c417636\" data-element_type=\"widget\" data-e-type=\"widget\" data-widget_type=\"spacer.default\">\n\t\t\t\t\t\t\t<div class=\"elementor-spacer\">\n\t\t\t<div class=\"elementor-spacer-inner\"><\/div>\n\t\t<\/div>\n\t\t\t\t\t\t<\/div>\n\t\t\t\t<div class=\"elementor-element elementor-element-6f4a2027 elementor-widget elementor-widget-heading\" data-id=\"6f4a2027\" data-element_type=\"widget\" data-e-type=\"widget\" data-widget_type=\"heading.default\">\n\t\t\t\t\t<h2 class=\"elementor-heading-title elementor-size-default\">Vorteile<\/h2>\t\t\t\t<\/div>\n\t\t\t\t<div class=\"elementor-element elementor-element-44d95fe7 color-scheme-inherit text-left elementor-widget elementor-widget-text-editor\" data-id=\"44d95fe7\" data-element_type=\"widget\" data-e-type=\"widget\" data-widget_type=\"text-editor.default\">\n\t\t\t\t\t\t\t\t\t<p>\u2705 Gleichm\u00e4\u00dfige Luftzirkulation durch Schwenkfunktion<br data-start=\"1951\" data-end=\"1954\" \/>\u2705 Sichere Befestigung dank starkem Clip<br data-start=\"1993\" data-end=\"1996\" \/>\u2705 Zwei Geschwindigkeitsstufen f\u00fcr individuelle Anpassung<br data-start=\"2052\" data-end=\"2055\" \/>\u2705 Leiser &amp; energiesparender Betrieb \u2013 ideal f\u00fcr Dauerbetrieb<br data-start=\"2115\" data-end=\"2118\" \/>\u2705 Verbessert das Wachstum &amp; reduziert Hitzestau<\/p>\t\t\t\t\t\t\t\t<\/div>\n\t\t\t\t<div class=\"elementor-element elementor-element-786982a2 elementor-widget elementor-widget-spacer\" data-id=\"786982a2\" data-element_type=\"widget\" data-e-type=\"widget\" data-widget_type=\"spacer.default\">\n\t\t\t\t\t\t\t<div class=\"elementor-spacer\">\n\t\t\t<div class=\"elementor-spacer-inner\"><\/div>\n\t\t<\/div>\n\t\t\t\t\t\t<\/div>\n\t\t\t\t<div class=\"elementor-element elementor-element-736252e3 elementor-widget elementor-widget-heading\" data-id=\"736252e3\" data-element_type=\"widget\" data-e-type=\"widget\" data-widget_type=\"heading.default\">\n\t\t\t\t\t<h2 class=\"elementor-heading-title elementor-size-default\">Zusammenfassung<\/h2>\t\t\t\t<\/div>\n\t\t\t\t<div class=\"elementor-element elementor-element-8a9462f color-scheme-inherit text-left elementor-widget elementor-widget-text-editor\" data-id=\"8a9462f\" data-element_type=\"widget\" data-e-type=\"widget\" data-widget_type=\"text-editor.default\">\n\t\t\t\t\t\t\t\t\t<p>Der RAM Clipventilator 180mm mit 20 W und Schwenkfunktion ist eine hervorragende Wahl f\u00fcr alle, die eine zuverl\u00e4ssige und effiziente Luftzirkulation ben\u00f6tigen. Ob f\u00fcr Growboxen, Gew\u00e4chsh\u00e4user oder Wohnr\u00e4ume \u2013 dieser Clipventilator sorgt f\u00fcr eine optimale Bel\u00fcftung und ein stabiles Mikroklima.<\/p>\t\t\t\t\t\t\t\t<\/div>\n\t\t\t\t\t<\/div>\n\t\t\t\t<\/div>\n\t\t\t\t<\/div>\n\t\t","protected":false},"excerpt":{"rendered":"<p>Der RAM Clipventilator 180mm\/20W mit Schwenkfunktion sorgt f\u00fcr eine optimale Luftzirkulation in Growboxen, Gew\u00e4chsh\u00e4usern und Innenr\u00e4umen. Dank seines starken Clips kann er sicher an Stangen oder Regalen befestigt werden. Die schwenkbare Funktion verteilt die Luft gleichm\u00e4\u00dfig, reduziert Hotspots und st\u00e4rkt Pflanzen. Mit leisem Betrieb &amp; energiesparendem Motor ideal f\u00fcr den Dauerbetrieb.<\/p>\n","protected":false},"featured_media":19346,"comment_status":"open","ping_status":"closed","template":"","meta":{"_monsterinsights_skip_tracking":false,"_monsterinsights_sitenote_active":false,"_monsterinsights_sitenote_note":"","_monsterinsights_sitenote_category":0},"product_brand":[],"product_cat":[914],"product_tag":[1628,1621,1622,1623,1624,1625,1626,1627],"class_list":{"0":"post-19337","1":"product","2":"type-product","3":"status-publish","4":"has-post-thumbnail","6":"product_cat-ventilatoren","7":"product_tag-leiser-clipventilator","8":"product_tag-ram-clipventilator","9":"product_tag-180-mm-ventilator","10":"product_tag-20-w-ventilator","11":"product_tag-schwenkventilator","12":"product_tag-growbox-ventilator","13":"product_tag-umluftventilator","14":"product_tag-clipventilator-pflanzen","15":"pa_hersteller-ram","17":"first","18":"outofstock","19":"taxable","20":"shipping-taxable","21":"purchasable","22":"product-type-simple"},"bundled_by":[],"bundle_stock_status":"outofstock","bundle_stock_quantity":0,"bundle_virtual":false,"bundle_layout":"","bundle_add_to_cart_form_location":"","bundle_editable_in_cart":false,"bundle_sold_individually_context":"","bundle_item_grouping":"","bundle_min_size":"","bundle_max_size":"","bundle_price":[],"bundled_items":[],"bundle_sell_ids":[],"supplier_id":null,"supplier_sku":"","barcode":null,"atum_controlled":true,"out_stock_date":null,"out_stock_threshold":null,"inheritable":false,"inbound_stock":0,"stock_on_hold":0,"sold_today":0,"sales_last_days":0,"reserved_stock":0,"customer_returns":0,"warehouse_damage":0,"lost_in_post":0,"other_logs":0,"out_stock_days":0,"lost_sales":0,"has_location":false,"update_date":"2026-04-16T00:05:38","atum_locations":[],"atum_stock_status":"outofstock","restock_status":false,"low_stock_amount":"","sales_update_date":"2026-04-16T00:05:38","calc_backorders":null,"tiered_pricing_type":"fixed","tiered_pricing_fixed_rules":[],"tiered_pricing_product_settings":{"layout":"default","base_unit_name":{"singular":null,"plural":null},"default_variation":null},"tiered_pricing_minimum_quantity":null,"tiered_pricing_roles_data":[],"tiered_pricing_percentage_rules":[],"_links":{"self":[{"href":"https:\/\/www.lets-grow.de\/blog\/wp-json\/wp\/v2\/product\/19337","targetHints":{"allow":["GET"]}}],"collection":[{"href":"https:\/\/www.lets-grow.de\/blog\/wp-json\/wp\/v2\/product"}],"about":[{"href":"https:\/\/www.lets-grow.de\/blog\/wp-json\/wp\/v2\/types\/product"}],"replies":[{"embeddable":true,"href":"https:\/\/www.lets-grow.de\/blog\/wp-json\/wp\/v2\/comments?post=19337"}],"version-history":[{"count":1,"href":"https:\/\/www.lets-grow.de\/blog\/wp-json\/wp\/v2\/product\/19337\/revisions"}],"predecessor-version":[{"id":21031,"href":"https:\/\/www.lets-grow.de\/blog\/wp-json\/wp\/v2\/product\/19337\/revisions\/21031"}],"wp:featuredmedia":[{"embeddable":true,"href":"https:\/\/www.lets-grow.de\/blog\/wp-json\/wp\/v2\/media\/19346"}],"wp:attachment":[{"href":"https:\/\/www.lets-grow.de\/blog\/wp-json\/wp\/v2\/media?parent=19337"}],"wp:term":[{"taxonomy":"product_brand","embeddable":true,"href":"https:\/\/www.lets-grow.de\/blog\/wp-json\/wp\/v2\/product_brand?post=19337"},{"taxonomy":"product_cat","embeddable":true,"href":"https:\/\/www.lets-grow.de\/blog\/wp-json\/wp\/v2\/product_cat?post=19337"},{"taxonomy":"product_tag","embeddable":true,"href":"https:\/\/www.lets-grow.de\/blog\/wp-json\/wp\/v2\/product_tag?post=19337"}],"curies":[{"name":"wp","href":"https:\/\/api.w.org\/{rel}","templated":true}]}}