{"id":19199,"date":"2025-02-27T18:50:11","date_gmt":"2025-02-27T17:50:11","guid":{"rendered":"https:\/\/www.lets-grow.de\/blog\/?post_type=product&#038;p=19199"},"modified":"2026-01-29T17:01:16","modified_gmt":"2026-01-29T16:01:16","slug":"water-master-regelheizer-100-200-300","status":"publish","type":"product","link":"https:\/\/www.lets-grow.de\/blog\/shop\/water-master-regelheizer-100-200-300\/","title":{"rendered":"Water Master Regelheizer"},"content":{"rendered":"\t\t<div data-elementor-type=\"product-post\" data-elementor-id=\"19199\" class=\"elementor elementor-19199\" data-elementor-post-type=\"product\">\n\t\t\t\t<div class=\"wd-negative-gap elementor-element elementor-element-19886a06 e-flex e-con-boxed e-con e-parent\" data-id=\"19886a06\" data-element_type=\"container\" data-e-type=\"container\">\n\t\t\t\t\t<div class=\"e-con-inner\">\n\t\t\t\t<div class=\"elementor-element elementor-element-33e4fc42 elementor-widget elementor-widget-heading\" data-id=\"33e4fc42\" data-element_type=\"widget\" data-e-type=\"widget\" data-widget_type=\"heading.default\">\n\t\t\t\t\t<h2 class=\"elementor-heading-title elementor-size-default\">Water Master Regelheizer \u2013 Pr\u00e4zise Temperaturkontrolle f\u00fcr Aquarien &amp; Hydroponik<\/h2>\t\t\t\t<\/div>\n\t\t\t\t<div class=\"elementor-element elementor-element-10735787 color-scheme-inherit text-left elementor-widget elementor-widget-text-editor\" data-id=\"10735787\" data-element_type=\"widget\" data-e-type=\"widget\" data-widget_type=\"text-editor.default\">\n\t\t\t\t\t\t\t\t\t<p>Der <strong data-start=\"191\" data-end=\"219\">Water Master Regelheizer<\/strong> sorgt zuverl\u00e4ssig f\u00fcr eine konstante Wassertemperatur in Aquarien, Hydroponik- und Aquaponiksystemen. Besonders in k\u00fchlen R\u00e4umen hilft er dabei, die optimale Wassertemperatur von <strong data-start=\"399\" data-end=\"410\">18\u201320\u00b0C<\/strong> stabil zu halten. Damit eignet er sich ideal f\u00fcr den Einsatz in <strong data-start=\"475\" data-end=\"491\">DWC-Systemen<\/strong>, wie unserem <strong data-start=\"505\" data-end=\"524\">DWC-Eimersystem<\/strong>, aber auch f\u00fcr <strong data-start=\"540\" data-end=\"609\">Aquarien und kleine Becken zur \u00dcberwinterung von Aquaponikfischen<\/strong>. Dank seiner robusten Bauweise und einfachen Handhabung ist der Heizstab eine zuverl\u00e4ssige Wahl f\u00fcr Einsteiger und Profis.<\/p>\t\t\t\t\t\t\t\t<\/div>\n\t\t\t\t<div class=\"elementor-element elementor-element-2b0fa6a6 elementor-widget elementor-widget-spacer\" data-id=\"2b0fa6a6\" data-element_type=\"widget\" data-e-type=\"widget\" data-widget_type=\"spacer.default\">\n\t\t\t\t\t\t\t<div class=\"elementor-spacer\">\n\t\t\t<div class=\"elementor-spacer-inner\"><\/div>\n\t\t<\/div>\n\t\t\t\t\t\t<\/div>\n\t\t\t\t<div class=\"elementor-element elementor-element-223e6e5 elementor-widget elementor-widget-heading\" data-id=\"223e6e5\" data-element_type=\"widget\" data-e-type=\"widget\" data-widget_type=\"heading.default\">\n\t\t\t\t\t<h2 class=\"elementor-heading-title elementor-size-default\">Anwendungen<\/h2>\t\t\t\t<\/div>\n\t\t\t\t<div class=\"elementor-element elementor-element-62fc70eb color-scheme-inherit text-left elementor-widget elementor-widget-text-editor\" data-id=\"62fc70eb\" data-element_type=\"widget\" data-e-type=\"widget\" data-widget_type=\"text-editor.default\">\n\t\t\t\t\t\t\t\t\t<p>Der <strong data-start=\"1138\" data-end=\"1166\">Water Master Regelheizer<\/strong> ist vollst\u00e4ndig eintauchbar und wird einfach per Saugnapf im Becken oder N\u00e4hrstofftank befestigt. Die Temperatur l\u00e4sst sich pr\u00e4zise einstellen, sodass das Wasser nicht ausk\u00fchlt und optimale Bedingungen f\u00fcr Pflanzen und Fische gew\u00e4hrleistet sind. Besonders bei kalten Umgebungstemperaturen hilft er, die <strong data-start=\"1470\" data-end=\"1540\">Temperatur in Hydroponik- und Aquaponiksystemen konstant zu halten<\/strong>.<\/p>\t\t\t\t\t\t\t\t<\/div>\n\t\t\t\t<div class=\"elementor-element elementor-element-66f86837 elementor-widget elementor-widget-spacer\" data-id=\"66f86837\" data-element_type=\"widget\" data-e-type=\"widget\" data-widget_type=\"spacer.default\">\n\t\t\t\t\t\t\t<div class=\"elementor-spacer\">\n\t\t\t<div class=\"elementor-spacer-inner\"><\/div>\n\t\t<\/div>\n\t\t\t\t\t\t<\/div>\n\t\t\t\t<div class=\"elementor-element elementor-element-72735509 elementor-widget elementor-widget-heading\" data-id=\"72735509\" data-element_type=\"widget\" data-e-type=\"widget\" data-widget_type=\"heading.default\">\n\t\t\t\t\t<h2 class=\"elementor-heading-title elementor-size-default\">Vorteile<\/h2>\t\t\t\t<\/div>\n\t\t\t\t<div class=\"elementor-element elementor-element-1878c660 color-scheme-inherit text-left elementor-widget elementor-widget-text-editor\" data-id=\"1878c660\" data-element_type=\"widget\" data-e-type=\"widget\" data-widget_type=\"text-editor.default\">\n\t\t\t\t\t\t\t\t\t<p>\u2705 <strong data-start=\"758\" data-end=\"785\">Einstellbare Temperatur<\/strong> f\u00fcr optimale Bedingungen (je nach Modell)<br data-start=\"827\" data-end=\"830\" \/>\u2705 <strong data-start=\"832\" data-end=\"856\">Ideal f\u00fcr Hydroponik<\/strong> \u2013 h\u00e4lt N\u00e4hrl\u00f6sung auf stabiler Temperatur<br data-start=\"898\" data-end=\"901\" \/>\u2705 <strong data-start=\"903\" data-end=\"934\">Perfekt f\u00fcr Aquaponikfische<\/strong> \u2013 hilft bei der \u00dcberwinterung in kleinen Becken<br data-start=\"982\" data-end=\"985\" \/>\u2705 <strong data-start=\"987\" data-end=\"1011\">Wasserdicht &amp; robust<\/strong> \u2013 f\u00fcr S\u00fc\u00df- &amp; Meerwasser geeignet<br data-start=\"1044\" data-end=\"1047\" \/>\u2705 <strong data-start=\"1049\" data-end=\"1074\">Einfache Installation<\/strong> \u2013 mit Saugn\u00e4pfen f\u00fcr sicheren Halt<\/p>\t\t\t\t\t\t\t\t<\/div>\n\t\t\t\t<div class=\"elementor-element elementor-element-64a0445b elementor-widget elementor-widget-spacer\" data-id=\"64a0445b\" data-element_type=\"widget\" data-e-type=\"widget\" data-widget_type=\"spacer.default\">\n\t\t\t\t\t\t\t<div class=\"elementor-spacer\">\n\t\t\t<div class=\"elementor-spacer-inner\"><\/div>\n\t\t<\/div>\n\t\t\t\t\t\t<\/div>\n\t\t\t\t<div class=\"elementor-element elementor-element-32a36674 elementor-widget elementor-widget-heading\" data-id=\"32a36674\" data-element_type=\"widget\" data-e-type=\"widget\" data-widget_type=\"heading.default\">\n\t\t\t\t\t<h2 class=\"elementor-heading-title elementor-size-default\">Zusammenfassung<\/h2>\t\t\t\t<\/div>\n\t\t\t\t<div class=\"elementor-element elementor-element-ea701a1 color-scheme-inherit text-left elementor-widget elementor-widget-text-editor\" data-id=\"ea701a1\" data-element_type=\"widget\" data-e-type=\"widget\" data-widget_type=\"text-editor.default\">\n\t\t\t\t\t\t\t\t\t<p>Mit dem <strong data-start=\"1570\" data-end=\"1598\">Water Master Regelheizer<\/strong> haben Sie eine zuverl\u00e4ssige L\u00f6sung, um die Wassertemperatur stabil zu halten \u2013 egal ob im Aquarium, Hydroponiksystem oder zur \u00dcberwinterung von Aquaponikfischen. Ein Muss f\u00fcr jeden, der seine Pflanzen oder Fische optimal versorgen m\u00f6chte!<\/p>\t\t\t\t\t\t\t\t<\/div>\n\t\t\t\t\t<\/div>\n\t\t\t\t<\/div>\n\t\t\t\t<\/div>\n\t\t","protected":false},"excerpt":{"rendered":"<p>Der <strong data-start=\"2095\" data-end=\"2123\">Water Master Regelheizer<\/strong> sorgt f\u00fcr eine stabile Wassertemperatur in <strong data-start=\"2167\" data-end=\"2214\">Aquarien, Hydroponik- und Aquaponiksystemen<\/strong>. Besonders in kalten R\u00e4umen h\u00e4lt er das Wasser in <strong data-start=\"2265\" data-end=\"2281\">DWC-Systemen<\/strong> konstant auf <strong data-start=\"2295\" data-end=\"2306\">18\u201320\u00b0C<\/strong>, sodass Pflanzen und Fische optimale Bedingungen haben. Auch ideal zur <strong data-start=\"2378\" data-end=\"2416\">\u00dcberwinterung von Aquaponikfischen<\/strong>. Einfache Installation, robuste Bauweise &amp; zuverl\u00e4ssige Temperaturregelung!<\/p>\n","protected":false},"featured_media":19205,"comment_status":"open","ping_status":"closed","template":"","meta":{"_monsterinsights_skip_tracking":false,"_monsterinsights_sitenote_active":false,"_monsterinsights_sitenote_note":"","_monsterinsights_sitenote_category":0},"product_brand":[],"product_cat":[1381],"product_tag":[1565,1566,1567,1568,1569,1570,1383,1571],"class_list":{"0":"post-19199","1":"product","2":"type-product","3":"status-publish","4":"has-post-thumbnail","6":"product_cat-heizung","7":"product_tag-regelheizer-aquarium","8":"product_tag-regelheizer-hydroponik","9":"product_tag-heizstab-aquaponik","10":"product_tag-wasserheizer-dwc","11":"product_tag-aquaponik-ueberwinterung","12":"product_tag-aquarium-heizung","13":"product_tag-heizstab","14":"product_tag-wasserheizer-fuer-pflanzen","15":"pa_hersteller-water-master","17":"first","18":"instock","19":"taxable","20":"shipping-taxable","21":"purchasable","22":"product-type-variable"},"bundled_by":[],"bundle_stock_status":"instock","bundle_stock_quantity":null,"bundle_virtual":false,"bundle_layout":"","bundle_add_to_cart_form_location":"","bundle_editable_in_cart":false,"bundle_sold_individually_context":"","bundle_item_grouping":"","bundle_min_size":"","bundle_max_size":"","bundle_price":[],"bundled_items":[],"bundle_sell_ids":[],"supplier_id":null,"supplier_sku":"","barcode":null,"atum_controlled":true,"out_stock_date":null,"out_stock_threshold":null,"inheritable":true,"inbound_stock":0,"stock_on_hold":0,"sold_today":0,"sales_last_days":0,"reserved_stock":0,"customer_returns":0,"warehouse_damage":0,"lost_in_post":0,"other_logs":0,"out_stock_days":0,"lost_sales":0,"has_location":false,"update_date":"2026-05-03T00:23:51","atum_locations":[],"atum_stock_status":"instock","restock_status":false,"low_stock_amount":"","sales_update_date":"2026-05-03T00:23:51","calc_backorders":null,"tiered_pricing_type":"fixed","tiered_pricing_fixed_rules":[],"tiered_pricing_product_settings":{"layout":"default","base_unit_name":{"singular":null,"plural":null},"default_variation":null},"tiered_pricing_minimum_quantity":null,"tiered_pricing_roles_data":[],"tiered_pricing_percentage_rules":[],"_links":{"self":[{"href":"https:\/\/www.lets-grow.de\/blog\/wp-json\/wp\/v2\/product\/19199","targetHints":{"allow":["GET"]}}],"collection":[{"href":"https:\/\/www.lets-grow.de\/blog\/wp-json\/wp\/v2\/product"}],"about":[{"href":"https:\/\/www.lets-grow.de\/blog\/wp-json\/wp\/v2\/types\/product"}],"replies":[{"embeddable":true,"href":"https:\/\/www.lets-grow.de\/blog\/wp-json\/wp\/v2\/comments?post=19199"}],"version-history":[{"count":1,"href":"https:\/\/www.lets-grow.de\/blog\/wp-json\/wp\/v2\/product\/19199\/revisions"}],"predecessor-version":[{"id":21275,"href":"https:\/\/www.lets-grow.de\/blog\/wp-json\/wp\/v2\/product\/19199\/revisions\/21275"}],"wp:featuredmedia":[{"embeddable":true,"href":"https:\/\/www.lets-grow.de\/blog\/wp-json\/wp\/v2\/media\/19205"}],"wp:attachment":[{"href":"https:\/\/www.lets-grow.de\/blog\/wp-json\/wp\/v2\/media?parent=19199"}],"wp:term":[{"taxonomy":"product_brand","embeddable":true,"href":"https:\/\/www.lets-grow.de\/blog\/wp-json\/wp\/v2\/product_brand?post=19199"},{"taxonomy":"product_cat","embeddable":true,"href":"https:\/\/www.lets-grow.de\/blog\/wp-json\/wp\/v2\/product_cat?post=19199"},{"taxonomy":"product_tag","embeddable":true,"href":"https:\/\/www.lets-grow.de\/blog\/wp-json\/wp\/v2\/product_tag?post=19199"}],"curies":[{"name":"wp","href":"https:\/\/api.w.org\/{rel}","templated":true}]}}