{"id":19001,"date":"2025-02-22T15:26:26","date_gmt":"2025-02-22T14:26:26","guid":{"rendered":"https:\/\/www.lets-grow.de\/blog\/?post_type=product&#038;p=19001"},"modified":"2026-02-09T21:03:52","modified_gmt":"2026-02-09T20:03:52","slug":"sicce-syncra-silent-10","status":"publish","type":"product","link":"https:\/\/www.lets-grow.de\/blog\/shop\/sicce-syncra-silent-10\/","title":{"rendered":"Sicce Syncra Silent 1.0"},"content":{"rendered":"\t\t<div data-elementor-type=\"product-post\" data-elementor-id=\"19001\" class=\"elementor elementor-19001\" data-elementor-post-type=\"product\">\n\t\t\t\t<div class=\"wd-negative-gap elementor-element elementor-element-751681ef e-flex e-con-boxed e-con e-parent\" data-id=\"751681ef\" data-element_type=\"container\" data-e-type=\"container\">\n\t\t\t\t\t<div class=\"e-con-inner\">\n\t\t\t\t<div class=\"elementor-element elementor-element-c413076 elementor-widget elementor-widget-heading\" data-id=\"c413076\" data-element_type=\"widget\" data-e-type=\"widget\" data-widget_type=\"heading.default\">\n\t\t\t\t\t<h2 class=\"elementor-heading-title elementor-size-default\">Die Sicce Syncra Silent 1.0 \u2013 leistungsstarke &amp; leise F\u00f6rderpumpe<\/h2>\t\t\t\t<\/div>\n\t\t\t\t<div class=\"elementor-element elementor-element-57fdcb90 color-scheme-inherit text-left elementor-widget elementor-widget-text-editor\" data-id=\"57fdcb90\" data-element_type=\"widget\" data-e-type=\"widget\" data-widget_type=\"text-editor.default\">\n\t\t\t\t\t\t\t\t\t<p data-start=\"981\" data-end=\"1436\">Die <strong data-start=\"985\" data-end=\"1012\">Sicce Syncra Silent 1.0<\/strong> ist eine hochwertige, leistungsstarke F\u00f6rderpumpe mit besonders leisem Betrieb. Sie wurde speziell f\u00fcr den Einsatz in Aquarien, Aquaponik- und Hydroponiksystemen sowie Teichen entwickelt. Mit einer maximalen F\u00f6rderleistung von <strong data-start=\"1240\" data-end=\"1251\">950 l\/h<\/strong> und einer <strong data-start=\"1262\" data-end=\"1293\">F\u00f6rderh\u00f6he von bis zu 1,5 m<\/strong> ist sie vielseitig einsetzbar. Der Durchfluss l\u00e4sst sich flexibel regulieren, wodurch sie an verschiedene Bed\u00fcrfnisse angepasst werden kann.<\/p><p data-start=\"1438\" data-end=\"1746\">Durch ihre energieeffiziente Bauweise \u00fcberzeugt sie mit einem <strong data-start=\"1500\" data-end=\"1540\">geringen Stromverbrauch von nur 16 W<\/strong>, w\u00e4hrend ihre robuste Konstruktion f\u00fcr eine lange Lebensdauer sorgt. Die Pumpe kann sowohl im <strong data-start=\"1635\" data-end=\"1671\">Nass- als auch im Trockenbetrieb<\/strong> genutzt werden und bietet maximale Zuverl\u00e4ssigkeit f\u00fcr den Dauereinsatz.<\/p>\t\t\t\t\t\t\t\t<\/div>\n\t\t\t\t<div class=\"elementor-element elementor-element-47032a1c elementor-widget elementor-widget-spacer\" data-id=\"47032a1c\" data-element_type=\"widget\" data-e-type=\"widget\" data-widget_type=\"spacer.default\">\n\t\t\t\t\t\t\t<div class=\"elementor-spacer\">\n\t\t\t<div class=\"elementor-spacer-inner\"><\/div>\n\t\t<\/div>\n\t\t\t\t\t\t<\/div>\n\t\t\t\t<div class=\"elementor-element elementor-element-4fd5e00 elementor-widget elementor-widget-heading\" data-id=\"4fd5e00\" data-element_type=\"widget\" data-e-type=\"widget\" data-widget_type=\"heading.default\">\n\t\t\t\t\t<h2 class=\"elementor-heading-title elementor-size-default\">Anwendungen<\/h2>\t\t\t\t<\/div>\n\t\t\t\t<div class=\"elementor-element elementor-element-71603428 color-scheme-inherit text-left elementor-widget elementor-widget-text-editor\" data-id=\"71603428\" data-element_type=\"widget\" data-e-type=\"widget\" data-widget_type=\"text-editor.default\">\n\t\t\t\t\t\t\t\t\t<ul><li data-start=\"1768\" data-end=\"1813\">Wasserzirkulation in Aquarien und Teichen<\/li><li data-start=\"1814\" data-end=\"1862\">Einsatz in Aquaponik- und Hydroponiksystemen<\/li><li data-start=\"1863\" data-end=\"1910\">Perfekt f\u00fcr Filtersysteme und Wasserk\u00fchlung<\/li><li data-start=\"1911\" data-end=\"1965\">Geeignet f\u00fcr Zimmerbrunnen und kleine Wasserspiele<\/li><\/ul>\t\t\t\t\t\t\t\t<\/div>\n\t\t\t\t<div class=\"elementor-element elementor-element-7c4eaf84 elementor-widget elementor-widget-spacer\" data-id=\"7c4eaf84\" data-element_type=\"widget\" data-e-type=\"widget\" data-widget_type=\"spacer.default\">\n\t\t\t\t\t\t\t<div class=\"elementor-spacer\">\n\t\t\t<div class=\"elementor-spacer-inner\"><\/div>\n\t\t<\/div>\n\t\t\t\t\t\t<\/div>\n\t\t\t\t<div class=\"elementor-element elementor-element-5865b2f2 elementor-widget elementor-widget-heading\" data-id=\"5865b2f2\" data-element_type=\"widget\" data-e-type=\"widget\" data-widget_type=\"heading.default\">\n\t\t\t\t\t<h2 class=\"elementor-heading-title elementor-size-default\">Vorteile<\/h2>\t\t\t\t<\/div>\n\t\t\t\t<div class=\"elementor-element elementor-element-60791889 color-scheme-inherit text-left elementor-widget elementor-widget-text-editor\" data-id=\"60791889\" data-element_type=\"widget\" data-e-type=\"widget\" data-widget_type=\"text-editor.default\">\n\t\t\t\t\t\t\t\t\t<p>\u2714 <strong data-start=\"1988\" data-end=\"2013\">Extrem leiser Betrieb<\/strong> dank innovativer Konstruktion<br data-start=\"2043\" data-end=\"2046\" \/>\u2714 <strong data-start=\"2048\" data-end=\"2068\">Energieeffizient<\/strong> \u2013 nur 16 W Stromverbrauch<br data-start=\"2094\" data-end=\"2097\" \/>\u2714 <strong data-start=\"2099\" data-end=\"2127\">Regulierbarer Durchfluss<\/strong> f\u00fcr optimale Steuerung<br data-start=\"2150\" data-end=\"2153\" \/>\u2714 <strong data-start=\"2155\" data-end=\"2182\">Langlebig &amp; zuverl\u00e4ssig<\/strong> durch hochwertige Verarbeitung<br data-start=\"2213\" data-end=\"2216\" \/>\u2714 <strong data-start=\"2218\" data-end=\"2248\">F\u00fcr Nass- &amp; Trockenbetrieb<\/strong> geeignet<\/p>\t\t\t\t\t\t\t\t<\/div>\n\t\t\t\t<div class=\"elementor-element elementor-element-511bbc64 elementor-widget elementor-widget-spacer\" data-id=\"511bbc64\" data-element_type=\"widget\" data-e-type=\"widget\" data-widget_type=\"spacer.default\">\n\t\t\t\t\t\t\t<div class=\"elementor-spacer\">\n\t\t\t<div class=\"elementor-spacer-inner\"><\/div>\n\t\t<\/div>\n\t\t\t\t\t\t<\/div>\n\t\t\t\t<div class=\"elementor-element elementor-element-78493591 elementor-widget elementor-widget-heading\" data-id=\"78493591\" data-element_type=\"widget\" data-e-type=\"widget\" data-widget_type=\"heading.default\">\n\t\t\t\t\t<h2 class=\"elementor-heading-title elementor-size-default\">Zusammenfassung<\/h2>\t\t\t\t<\/div>\n\t\t\t\t<div class=\"elementor-element elementor-element-1eb240ed color-scheme-inherit text-left elementor-widget elementor-widget-text-editor\" data-id=\"1eb240ed\" data-element_type=\"widget\" data-e-type=\"widget\" data-widget_type=\"text-editor.default\">\n\t\t\t\t\t\t\t\t\t<p>Die <strong data-start=\"2291\" data-end=\"2318\">Sicce Syncra Silent 1.0<\/strong> ist eine erstklassige, leise und effiziente F\u00f6rderpumpe f\u00fcr Aquarien, Hydroponik, Aquaponik und Wasserspiele. Mit regulierbarem Durchfluss, energiesparender Technologie und robuster Bauweise bietet sie eine langlebige L\u00f6sung f\u00fcr verschiedenste Anwendungen.<\/p>\t\t\t\t\t\t\t\t<\/div>\n\t\t\t\t\t<\/div>\n\t\t\t\t<\/div>\n\t\t\t\t<\/div>\n\t\t","protected":false},"excerpt":{"rendered":"<p>Die <strong data-start=\"321\" data-end=\"348\">Sicce Syncra Silent 1.0<\/strong> ist eine extrem leise, leistungsstarke und energieeffiziente F\u00f6rderpumpe f\u00fcr Aquarien, Aquaponik, Hydroponik und Teiche. Mit einer F\u00f6rderleistung von bis zu 950 l\/h und einer max. F\u00f6rderh\u00f6he von 1,5 m eignet sie sich perfekt f\u00fcr vielf\u00e4ltige Anwendungen. Dank ihrer langlebigen Bauweise und des regulierbaren Durchflusses bietet sie maximale Flexibilit\u00e4t und Effizienz.<\/p>\n","protected":false},"featured_media":19003,"comment_status":"open","ping_status":"closed","template":"","meta":{"_monsterinsights_skip_tracking":false,"_monsterinsights_sitenote_active":false,"_monsterinsights_sitenote_note":"","_monsterinsights_sitenote_category":0},"product_brand":[],"product_cat":[432],"product_tag":[1507,1508,1500,1501,1502,1503,1504,1505,1506],"class_list":{"0":"post-19001","1":"product","2":"type-product","3":"status-publish","4":"has-post-thumbnail","6":"product_cat-filterpumpe","7":"product_tag-foerderpumpe","8":"product_tag-energiesparende-pumpe","9":"product_tag-wasserpumpen","10":"product_tag-sicce-syncra-silent","11":"product_tag-sicce-pumpe","12":"product_tag-leise-wasserpumpe","13":"product_tag-aquarienpumpe","14":"product_tag-aquaponik-pumpe","15":"product_tag-hydroponik-pumpe","16":"pa_hersteller-sicce","18":"first","19":"instock","20":"taxable","21":"shipping-taxable","22":"purchasable","23":"product-type-simple"},"bundled_by":[],"bundle_stock_status":"instock","bundle_stock_quantity":1,"bundle_virtual":false,"bundle_layout":"","bundle_add_to_cart_form_location":"","bundle_editable_in_cart":false,"bundle_sold_individually_context":"","bundle_item_grouping":"","bundle_min_size":"","bundle_max_size":"","bundle_price":[],"bundled_items":[],"bundle_sell_ids":[],"supplier_id":null,"supplier_sku":"","barcode":null,"atum_controlled":true,"out_stock_date":null,"out_stock_threshold":null,"inheritable":false,"inbound_stock":0,"stock_on_hold":0,"sold_today":0,"sales_last_days":0,"reserved_stock":0,"customer_returns":0,"warehouse_damage":0,"lost_in_post":0,"other_logs":0,"out_stock_days":0,"lost_sales":0,"has_location":false,"update_date":"2026-05-02T00:23:05","atum_locations":[],"atum_stock_status":"instock","restock_status":false,"low_stock_amount":"","sales_update_date":"2026-05-02T00:23:05","calc_backorders":null,"tiered_pricing_type":"fixed","tiered_pricing_fixed_rules":[],"tiered_pricing_product_settings":{"layout":"default","base_unit_name":{"singular":null,"plural":null},"default_variation":null},"tiered_pricing_minimum_quantity":null,"tiered_pricing_roles_data":[],"tiered_pricing_percentage_rules":[],"_links":{"self":[{"href":"https:\/\/www.lets-grow.de\/blog\/wp-json\/wp\/v2\/product\/19001","targetHints":{"allow":["GET"]}}],"collection":[{"href":"https:\/\/www.lets-grow.de\/blog\/wp-json\/wp\/v2\/product"}],"about":[{"href":"https:\/\/www.lets-grow.de\/blog\/wp-json\/wp\/v2\/types\/product"}],"replies":[{"embeddable":true,"href":"https:\/\/www.lets-grow.de\/blog\/wp-json\/wp\/v2\/comments?post=19001"}],"version-history":[{"count":1,"href":"https:\/\/www.lets-grow.de\/blog\/wp-json\/wp\/v2\/product\/19001\/revisions"}],"predecessor-version":[{"id":21255,"href":"https:\/\/www.lets-grow.de\/blog\/wp-json\/wp\/v2\/product\/19001\/revisions\/21255"}],"wp:featuredmedia":[{"embeddable":true,"href":"https:\/\/www.lets-grow.de\/blog\/wp-json\/wp\/v2\/media\/19003"}],"wp:attachment":[{"href":"https:\/\/www.lets-grow.de\/blog\/wp-json\/wp\/v2\/media?parent=19001"}],"wp:term":[{"taxonomy":"product_brand","embeddable":true,"href":"https:\/\/www.lets-grow.de\/blog\/wp-json\/wp\/v2\/product_brand?post=19001"},{"taxonomy":"product_cat","embeddable":true,"href":"https:\/\/www.lets-grow.de\/blog\/wp-json\/wp\/v2\/product_cat?post=19001"},{"taxonomy":"product_tag","embeddable":true,"href":"https:\/\/www.lets-grow.de\/blog\/wp-json\/wp\/v2\/product_tag?post=19001"}],"curies":[{"name":"wp","href":"https:\/\/api.w.org\/{rel}","templated":true}]}}