{"id":18887,"date":"2025-02-19T20:52:48","date_gmt":"2025-02-19T19:52:48","guid":{"rendered":"https:\/\/www.lets-grow.de\/blog\/?post_type=product&#038;p=18887"},"modified":"2026-05-11T18:29:57","modified_gmt":"2026-05-11T16:29:57","slug":"luftverteiler-18mm-eingang-10fach-4mm-ausgang","status":"publish","type":"product","link":"https:\/\/www.lets-grow.de\/blog\/shop\/luftverteiler-18mm-eingang-10fach-4mm-ausgang\/","title":{"rendered":"Luftverteiler 18mm Eingang 10fach 4mm Ausg\u00e4nge"},"content":{"rendered":"\t\t<div data-elementor-type=\"product-post\" data-elementor-id=\"18887\" class=\"elementor elementor-18887\" data-elementor-post-type=\"product\">\n\t\t\t\t<div class=\"wd-negative-gap elementor-element elementor-element-6800e00b e-flex e-con-boxed e-con e-parent\" data-id=\"6800e00b\" data-element_type=\"container\" data-e-type=\"container\">\n\t\t\t\t\t<div class=\"e-con-inner\">\n\t\t\t\t<div class=\"elementor-element elementor-element-708536a9 elementor-widget elementor-widget-heading\" data-id=\"708536a9\" data-element_type=\"widget\" data-e-type=\"widget\" data-widget_type=\"heading.default\">\n\t\t\t\t\t<h2 class=\"elementor-heading-title elementor-size-default\">18mm Eingang und 10 Ausg\u00e4ngen mit 4mm Durchmesser<\/h2>\t\t\t\t<\/div>\n\t\t\t\t<div class=\"elementor-element elementor-element-234a663e color-scheme-inherit text-left elementor-widget elementor-widget-text-editor\" data-id=\"234a663e\" data-element_type=\"widget\" data-e-type=\"widget\" data-widget_type=\"text-editor.default\">\n\t\t\t\t\t\t\t\t\t<p>Der hochwertige Luftverteiler mit <strong data-start=\"890\" data-end=\"906\">18mm Eingang<\/strong> und <strong data-start=\"911\" data-end=\"932\">10x 4mm Ausg\u00e4ngen<\/strong> erm\u00f6glicht eine pr\u00e4zise Steuerung der Luftzufuhr in verschiedenen Bel\u00fcftungssystemen. Dank robuster Verarbeitung sorgt er f\u00fcr eine zuverl\u00e4ssige Verteilung der Luft zu mehreren Luftsteinen oder Sprudelsteinen gleichzeitig. Perfekt f\u00fcr den Einsatz in <strong data-start=\"1182\" data-end=\"1245\">Hydroponik, Aquaponik, Aquarien und Teichbel\u00fcftungssystemen<\/strong>. Die einfache Installation und die hohe Kompatibilit\u00e4t mit Standard-Luftschl\u00e4uchen machen ihn zur idealen Wahl f\u00fcr Profis und Hobbyg\u00e4rtner.<\/p>\t\t\t\t\t\t\t\t<\/div>\n\t\t\t\t<div class=\"elementor-element elementor-element-7b506e22 elementor-widget elementor-widget-spacer\" data-id=\"7b506e22\" data-element_type=\"widget\" data-e-type=\"widget\" data-widget_type=\"spacer.default\">\n\t\t\t\t\t\t\t<div class=\"elementor-spacer\">\n\t\t\t<div class=\"elementor-spacer-inner\"><\/div>\n\t\t<\/div>\n\t\t\t\t\t\t<\/div>\n\t\t\t\t<div class=\"elementor-element elementor-element-12daf085 elementor-widget elementor-widget-heading\" data-id=\"12daf085\" data-element_type=\"widget\" data-e-type=\"widget\" data-widget_type=\"heading.default\">\n\t\t\t\t\t<h2 class=\"elementor-heading-title elementor-size-default\">Anwendungen<\/h2>\t\t\t\t<\/div>\n\t\t\t\t<div class=\"elementor-element elementor-element-17d22fac color-scheme-inherit text-left elementor-widget elementor-widget-text-editor\" data-id=\"17d22fac\" data-element_type=\"widget\" data-e-type=\"widget\" data-widget_type=\"text-editor.default\">\n\t\t\t\t\t\t\t\t\t<ul><li data-start=\"1410\" data-end=\"1460\">Sauerstoffversorgung in <strong data-start=\"1436\" data-end=\"1458\">Aquarien &amp; Teichen<\/strong><\/li><li data-start=\"1461\" data-end=\"1512\">Bel\u00fcftungssysteme in <strong data-start=\"1484\" data-end=\"1510\">Hydroponik &amp; Aquaponik<\/strong><\/li><li data-start=\"1513\" data-end=\"1575\">Optimale Luftverteilung f\u00fcr <strong data-start=\"1543\" data-end=\"1573\">Luftsteine &amp; Sprudelsteine<\/strong><\/li><li data-start=\"1576\" data-end=\"1633\">Verwendung mit <strong data-start=\"1593\" data-end=\"1631\">Membranpumpen &amp; Kolbenkompressoren<\/strong><\/li><\/ul>\t\t\t\t\t\t\t\t<\/div>\n\t\t\t\t<div class=\"elementor-element elementor-element-533c09bc elementor-widget elementor-widget-spacer\" data-id=\"533c09bc\" data-element_type=\"widget\" data-e-type=\"widget\" data-widget_type=\"spacer.default\">\n\t\t\t\t\t\t\t<div class=\"elementor-spacer\">\n\t\t\t<div class=\"elementor-spacer-inner\"><\/div>\n\t\t<\/div>\n\t\t\t\t\t\t<\/div>\n\t\t\t\t<div class=\"elementor-element elementor-element-604f6f2 elementor-widget elementor-widget-heading\" data-id=\"604f6f2\" data-element_type=\"widget\" data-e-type=\"widget\" data-widget_type=\"heading.default\">\n\t\t\t\t\t<h2 class=\"elementor-heading-title elementor-size-default\">Vorteile<\/h2>\t\t\t\t<\/div>\n\t\t\t\t<div class=\"elementor-element elementor-element-2bf833b5 color-scheme-inherit text-left elementor-widget elementor-widget-text-editor\" data-id=\"2bf833b5\" data-element_type=\"widget\" data-e-type=\"widget\" data-widget_type=\"text-editor.default\">\n\t\t\t\t\t\t\t\t\t<p>\u2705 <strong data-start=\"1657\" data-end=\"1688\">Gleichm\u00e4\u00dfige Luftverteilung<\/strong> f\u00fcr mehrere Ausg\u00e4nge<br data-start=\"1709\" data-end=\"1712\" \/>\u2705 <strong data-start=\"1714\" data-end=\"1758\">Kompatibel mit 18mm &amp; 4mm Luftschl\u00e4uchen<\/strong><br data-start=\"1758\" data-end=\"1761\" \/>\u2705 <strong data-start=\"1763\" data-end=\"1796\">Robuste &amp; langlebige Bauweise<\/strong><br data-start=\"1796\" data-end=\"1799\" \/>\u2705 <strong data-start=\"1801\" data-end=\"1850\">Einfache Installation &amp; zuverl\u00e4ssiger Betrieb<\/strong><br data-start=\"1850\" data-end=\"1853\" \/>\u2705 <strong data-start=\"1855\" data-end=\"1902\">Perfekt f\u00fcr Aquaristik, Hydroponik &amp; Teiche<\/strong><\/p>\t\t\t\t\t\t\t\t<\/div>\n\t\t\t\t<div class=\"elementor-element elementor-element-64b0b9b7 elementor-widget elementor-widget-spacer\" data-id=\"64b0b9b7\" data-element_type=\"widget\" data-e-type=\"widget\" data-widget_type=\"spacer.default\">\n\t\t\t\t\t\t\t<div class=\"elementor-spacer\">\n\t\t\t<div class=\"elementor-spacer-inner\"><\/div>\n\t\t<\/div>\n\t\t\t\t\t\t<\/div>\n\t\t\t\t<div class=\"elementor-element elementor-element-61b35969 elementor-widget elementor-widget-heading\" data-id=\"61b35969\" data-element_type=\"widget\" data-e-type=\"widget\" data-widget_type=\"heading.default\">\n\t\t\t\t\t<h2 class=\"elementor-heading-title elementor-size-default\">Zusammenfassung<\/h2>\t\t\t\t<\/div>\n\t\t\t\t<div class=\"elementor-element elementor-element-6d273279 color-scheme-inherit text-left elementor-widget elementor-widget-text-editor\" data-id=\"6d273279\" data-element_type=\"widget\" data-e-type=\"widget\" data-widget_type=\"text-editor.default\">\n\t\t\t\t\t\t\t\t\t<p>Der <strong data-start=\"1937\" data-end=\"1993\">Luftverteiler mit 18mm Eingang und 10x 4mm Ausg\u00e4ngen<\/strong> sorgt f\u00fcr eine gleichm\u00e4\u00dfige Luftverteilung in Aquarien, Teichen und hydroponischen Systemen. Dank hochwertiger Verarbeitung und einfacher Handhabung ist er die ideale Wahl f\u00fcr effiziente Sauerstoffversorgung.<\/p>\t\t\t\t\t\t\t\t<\/div>\n\t\t\t\t\t<\/div>\n\t\t\t\t<\/div>\n\t\t\t\t<\/div>\n\t\t","protected":false},"excerpt":{"rendered":"<p>Der Luftverteiler mit 18mm Eingang und 10fach 4mm Ausg\u00e4ngen erm\u00f6glicht eine effiziente Luftverteilung in Hydro-, Aquaponik- und Bel\u00fcftungssystemen. Hergestellt aus robustem Material, kompatibel mit g\u00e4ngigen Luftschl\u00e4uchen und ideal f\u00fcr die Sauerstoffversorgung von Aquarien, Teichen und Pflanzenzucht. Perfekt f\u00fcr Membranpumpen &amp; Kolbenkompressoren.<\/p>\n","protected":false},"featured_media":18890,"comment_status":"open","ping_status":"closed","template":"","meta":{"_monsterinsights_skip_tracking":false,"_monsterinsights_sitenote_active":false,"_monsterinsights_sitenote_note":"","_monsterinsights_sitenote_category":0},"product_brand":[],"product_cat":[1370],"product_tag":[1371,1442,1443,1444,1445,1446,1447],"class_list":{"0":"post-18887","1":"product","2":"type-product","3":"status-publish","4":"has-post-thumbnail","6":"product_cat-regulierung-verteilung","7":"product_tag-luftverteiler","8":"product_tag-luftverteiler-18mm","9":"product_tag-luftverteiler-10-ausgaenge","10":"product_tag-luftverteiler-hydroponik","11":"product_tag-luftverteiler-aquaponik","12":"product_tag-luftverteiler-teich","13":"product_tag-sauerstoffverteiler","14":"pa_hersteller-sibo","16":"first","17":"instock","18":"taxable","19":"shipping-taxable","20":"purchasable","21":"product-type-simple"},"bundled_by":[],"bundle_stock_status":"instock","bundle_stock_quantity":1,"bundle_virtual":false,"bundle_layout":"","bundle_add_to_cart_form_location":"","bundle_editable_in_cart":false,"bundle_sold_individually_context":"","bundle_item_grouping":"","bundle_min_size":"","bundle_max_size":"","bundle_price":[],"bundled_items":[],"bundle_sell_ids":[],"supplier_id":null,"supplier_sku":"","barcode":null,"atum_controlled":true,"out_stock_date":null,"out_stock_threshold":null,"inheritable":false,"inbound_stock":0,"stock_on_hold":0,"sold_today":0,"sales_last_days":0,"reserved_stock":0,"customer_returns":0,"warehouse_damage":0,"lost_in_post":0,"other_logs":0,"out_stock_days":0,"lost_sales":0,"has_location":false,"update_date":"2026-05-13T00:30:44","atum_locations":[],"atum_stock_status":"instock","restock_status":false,"low_stock_amount":"","sales_update_date":"2026-05-13T00:30:44","calc_backorders":null,"tiered_pricing_type":"fixed","tiered_pricing_fixed_rules":[],"tiered_pricing_product_settings":{"layout":"default","base_unit_name":{"singular":null,"plural":null},"default_variation":null},"tiered_pricing_minimum_quantity":null,"tiered_pricing_roles_data":[],"tiered_pricing_percentage_rules":[],"_links":{"self":[{"href":"https:\/\/www.lets-grow.de\/blog\/wp-json\/wp\/v2\/product\/18887","targetHints":{"allow":["GET"]}}],"collection":[{"href":"https:\/\/www.lets-grow.de\/blog\/wp-json\/wp\/v2\/product"}],"about":[{"href":"https:\/\/www.lets-grow.de\/blog\/wp-json\/wp\/v2\/types\/product"}],"replies":[{"embeddable":true,"href":"https:\/\/www.lets-grow.de\/blog\/wp-json\/wp\/v2\/comments?post=18887"}],"version-history":[{"count":0,"href":"https:\/\/www.lets-grow.de\/blog\/wp-json\/wp\/v2\/product\/18887\/revisions"}],"wp:featuredmedia":[{"embeddable":true,"href":"https:\/\/www.lets-grow.de\/blog\/wp-json\/wp\/v2\/media\/18890"}],"wp:attachment":[{"href":"https:\/\/www.lets-grow.de\/blog\/wp-json\/wp\/v2\/media?parent=18887"}],"wp:term":[{"taxonomy":"product_brand","embeddable":true,"href":"https:\/\/www.lets-grow.de\/blog\/wp-json\/wp\/v2\/product_brand?post=18887"},{"taxonomy":"product_cat","embeddable":true,"href":"https:\/\/www.lets-grow.de\/blog\/wp-json\/wp\/v2\/product_cat?post=18887"},{"taxonomy":"product_tag","embeddable":true,"href":"https:\/\/www.lets-grow.de\/blog\/wp-json\/wp\/v2\/product_tag?post=18887"}],"curies":[{"name":"wp","href":"https:\/\/api.w.org\/{rel}","templated":true}]}}