{"id":18657,"date":"2025-02-15T19:33:54","date_gmt":"2025-02-15T18:33:54","guid":{"rendered":"https:\/\/www.lets-grow.de\/blog\/?post_type=product&#038;p=18657"},"modified":"2026-04-18T17:21:24","modified_gmt":"2026-04-18T15:21:24","slug":"luftschlauch-transparent-4-6mm-25m-rolle","status":"publish","type":"product","link":"https:\/\/www.lets-grow.de\/blog\/shop\/luftschlauch-transparent-4-6mm-25m-rolle\/","title":{"rendered":"Luftschlauch transparent 4\/6mm"},"content":{"rendered":"\t\t<div data-elementor-type=\"product-post\" data-elementor-id=\"18657\" class=\"elementor elementor-18657\" data-elementor-post-type=\"product\">\n\t\t\t\t<div class=\"wd-negative-gap elementor-element elementor-element-30f523ee e-flex e-con-boxed e-con e-parent\" data-id=\"30f523ee\" data-element_type=\"container\" data-e-type=\"container\">\n\t\t\t\t\t<div class=\"e-con-inner\">\n\t\t\t\t<div class=\"elementor-element elementor-element-5eae90c1 elementor-widget elementor-widget-heading\" data-id=\"5eae90c1\" data-element_type=\"widget\" data-e-type=\"widget\" data-widget_type=\"heading.default\">\n\t\t\t\t\t<h2 class=\"elementor-heading-title elementor-size-default\">Luftschlauch transparent 4\/6mm<\/h2>\t\t\t\t<\/div>\n\t\t\t\t<div class=\"elementor-element elementor-element-50c5f70f color-scheme-inherit text-left elementor-widget elementor-widget-text-editor\" data-id=\"50c5f70f\" data-element_type=\"widget\" data-e-type=\"widget\" data-widget_type=\"text-editor.default\">\n\t\t\t\t\t\t\t\t\t<p>Dieser hochwertige, transparente Luftschlauch mit den Ma\u00dfen 4\/6 mm ist die perfekte L\u00f6sung f\u00fcr alle, die in der Aquaristik, Aquaponik oder Hydroponik eine zuverl\u00e4ssige Luftversorgung ben\u00f6tigen. Der Schlauch bleibt flexibel und l\u00e4sst sich problemlos verlegen, sodass du ihn in unterschiedlichsten Systemen einsetzen kannst. Sie k\u00f6nnen aus Meterware (1 Meter) oder einer Rolle w\u00e4hlen. Die Rolle enth\u00e4lt 25 Meter Schlauch, ideal f\u00fcr gr\u00f6\u00dfere Installationen oder als Ersatzteil.<\/p>\t\t\t\t\t\t\t\t<\/div>\n\t\t\t\t<div class=\"elementor-element elementor-element-509cf359 elementor-widget elementor-widget-spacer\" data-id=\"509cf359\" data-element_type=\"widget\" data-e-type=\"widget\" data-widget_type=\"spacer.default\">\n\t\t\t\t\t\t\t<div class=\"elementor-spacer\">\n\t\t\t<div class=\"elementor-spacer-inner\"><\/div>\n\t\t<\/div>\n\t\t\t\t\t\t<\/div>\n\t\t\t\t<div class=\"elementor-element elementor-element-970e716 elementor-widget elementor-widget-heading\" data-id=\"970e716\" data-element_type=\"widget\" data-e-type=\"widget\" data-widget_type=\"heading.default\">\n\t\t\t\t\t<h2 class=\"elementor-heading-title elementor-size-default\">Eigenschaften<\/h2>\t\t\t\t<\/div>\n\t\t\t\t<div class=\"elementor-element elementor-element-4393cfbc color-scheme-inherit text-left elementor-widget elementor-widget-text-editor\" data-id=\"4393cfbc\" data-element_type=\"widget\" data-e-type=\"widget\" data-widget_type=\"text-editor.default\">\n\t\t\t\t\t\t\t\t\t<ul><li data-start=\"586\" data-end=\"607\"><strong data-start=\"588\" data-end=\"597\">L\u00e4nge<\/strong>: 1 Meter \/ 25 Meter-Rolle<\/li><li data-start=\"608\" data-end=\"659\"><strong data-start=\"610\" data-end=\"625\">Durchmesser<\/strong>: 4\/6 mm (Innen-\/Au\u00dfendurchmesser)<\/li><li data-start=\"660\" data-end=\"703\"><strong data-start=\"662\" data-end=\"674\">Material<\/strong>: Robustes, transparentes PVC<\/li><li data-start=\"704\" data-end=\"775\"><strong data-start=\"706\" data-end=\"722\">Flexibilit\u00e4t<\/strong>: Ideal f\u00fcr enge Kurven und schwierige Installationen<\/li><li data-start=\"776\" data-end=\"862\"><strong data-start=\"778\" data-end=\"803\">Vielseitig einsetzbar<\/strong>: F\u00fcr Aquarien, Bel\u00fcftungssysteme, Aquaponik und Hydroponik<\/li><li data-start=\"863\" data-end=\"926\"><strong data-start=\"865\" data-end=\"880\">Transparenz<\/strong>: Erm\u00f6glicht die Sichtkontrolle des Luftstroms<\/li><\/ul>\t\t\t\t\t\t\t\t<\/div>\n\t\t\t\t<div class=\"elementor-element elementor-element-17ce47b3 elementor-widget elementor-widget-spacer\" data-id=\"17ce47b3\" data-element_type=\"widget\" data-e-type=\"widget\" data-widget_type=\"spacer.default\">\n\t\t\t\t\t\t\t<div class=\"elementor-spacer\">\n\t\t\t<div class=\"elementor-spacer-inner\"><\/div>\n\t\t<\/div>\n\t\t\t\t\t\t<\/div>\n\t\t\t\t<div class=\"elementor-element elementor-element-20984d80 elementor-widget elementor-widget-heading\" data-id=\"20984d80\" data-element_type=\"widget\" data-e-type=\"widget\" data-widget_type=\"heading.default\">\n\t\t\t\t\t<h2 class=\"elementor-heading-title elementor-size-default\">Vorteile<\/h2>\t\t\t\t<\/div>\n\t\t\t\t<div class=\"elementor-element elementor-element-54529d2a color-scheme-inherit text-left elementor-widget elementor-widget-text-editor\" data-id=\"54529d2a\" data-element_type=\"widget\" data-e-type=\"widget\" data-widget_type=\"text-editor.default\">\n\t\t\t\t\t\t\t\t\t<ul><li data-start=\"942\" data-end=\"999\">Geringer Widerstand f\u00fcr eine effiziente Luftzirkulation<\/li><li data-start=\"1000\" data-end=\"1062\">Robustes und langlebiges Material f\u00fcr langanhaltende Nutzung<\/li><li data-start=\"1063\" data-end=\"1147\">Hohe Flexibilit\u00e4t, um den Schlauch optimal in verschiedenen Umgebungen zu verlegen<\/li><\/ul>\t\t\t\t\t\t\t\t<\/div>\n\t\t\t\t<div class=\"elementor-element elementor-element-48099708 elementor-widget elementor-widget-spacer\" data-id=\"48099708\" data-element_type=\"widget\" data-e-type=\"widget\" data-widget_type=\"spacer.default\">\n\t\t\t\t\t\t\t<div class=\"elementor-spacer\">\n\t\t\t<div class=\"elementor-spacer-inner\"><\/div>\n\t\t<\/div>\n\t\t\t\t\t\t<\/div>\n\t\t\t\t<div class=\"elementor-element elementor-element-5bde3d95 elementor-widget elementor-widget-heading\" data-id=\"5bde3d95\" data-element_type=\"widget\" data-e-type=\"widget\" data-widget_type=\"heading.default\">\n\t\t\t\t\t<h2 class=\"elementor-heading-title elementor-size-default\">Zusammenfassung<\/h2>\t\t\t\t<\/div>\n\t\t\t\t<div class=\"elementor-element elementor-element-6041e292 color-scheme-inherit text-left elementor-widget elementor-widget-text-editor\" data-id=\"6041e292\" data-element_type=\"widget\" data-e-type=\"widget\" data-widget_type=\"text-editor.default\">\n\t\t\t\t\t\t\t\t\t<article class=\"w-full text-token-text-primary focus-visible:outline-2 focus-visible:outline-offset-[-4px]\" dir=\"auto\" data-testid=\"conversation-turn-14\" data-scroll-anchor=\"false\">\n<div class=\"m-auto text-base py-[18px] px-6\">\n<div class=\"mx-auto flex flex-1 text-base gap-4 md:gap-5 lg:gap-6 md:max-w-3xl lg:max-w-[40rem] xl:max-w-[48rem]\">\n<div class=\"group\/conversation-turn relative flex w-full min-w-0 flex-col @xs\/thread:px-0 @sm\/thread:px-1.5 @md\/thread:px-4\">\n<div class=\"flex-col gap-1 md:gap-3\">\n<div class=\"flex max-w-full flex-col flex-grow\">\n<div class=\"min-h-8 text-message flex w-full flex-col items-end gap-2 whitespace-normal break-words text-start [.text-message+&amp;]:mt-5\" dir=\"auto\" data-message-author-role=\"user\" data-message-id=\"0f313d3c-d3e3-48f3-bc9b-2deae0982d0e\">\n<div class=\"flex w-full flex-col gap-1 empty:hidden items-end rtl:items-start\">\n<div class=\"relative max-w-[var(--user-chat-width,70%)] rounded-3xl bg-token-message-surface px-5 py-2.5\">Flexibler, transparenter Luftschlauch 4\/6mm, wahlweise in 1 Meter oder als&nbsp; 25 Meter-Rolle, perfekt f\u00fcr Aquarien, Aquaponik und Hydroponik. Bietet effiziente Luftzirkulation und einfache Installation.<\/div><div class=\"relative max-w-[var(--user-chat-width,70%)] rounded-3xl bg-token-message-surface px-5 py-2.5\"><br><\/div><div class=\"relative max-w-[var(--user-chat-width,70%)] rounded-3xl bg-token-message-surface px-5 py-2.5\">Wenn Sie z.B. 5 Meter Schlauch ben\u00f6tigen stellen Sie die Auswahl auf 1 Meter, und bestellen 5x den Artikel.<\/div>\n<\/div>\n<\/div>\n<\/div>\n<\/div>\n<\/div>\n<\/div>\n<\/div>\n<\/article>\t\t\t\t\t\t\t\t<\/div>\n\t\t\t\t\t<\/div>\n\t\t\t\t<\/div>\n\t\t\t\t<\/div>\n\t\t","protected":false},"excerpt":{"rendered":"<p>Transparenter Luftschlauch 4\/6mm, 25 Meter L\u00e4nge, ideal f\u00fcr Aquarien, Aquaponik- und Hydroponiksysteme. Flexibel und langlebig, l\u00e4sst sich problemlos verlegen und sorgt f\u00fcr eine effiziente Luftzirkulation. Perfekt f\u00fcr enge Kurven und schwierige Installationen. Erm\u00f6glicht die Sichtkontrolle des Luftstroms.<\/p>\n","protected":false},"featured_media":18658,"comment_status":"open","ping_status":"closed","template":"","meta":{"_monsterinsights_skip_tracking":false,"_monsterinsights_sitenote_active":false,"_monsterinsights_sitenote_note":"","_monsterinsights_sitenote_category":0},"product_brand":[],"product_cat":[1330],"product_tag":[1524,900,1332,1333,1334,1335],"class_list":{"0":"post-18657","1":"product","2":"type-product","3":"status-publish","4":"has-post-thumbnail","6":"product_cat-schlaeuche","7":"product_tag-schlaeuche","8":"product_tag-luftschlauch","9":"product_tag-schlauch","10":"product_tag-4-6mm","11":"product_tag-transparenter-schlauch","12":"product_tag-schlauch-fuer-ausstroemer","13":"pa_hersteller-sibo","15":"first","16":"instock","17":"taxable","18":"shipping-taxable","19":"purchasable","20":"product-type-variable"},"bundled_by":["18665","19247","17340","19368","19379","21213","21225","21228","21233","21240","21243"],"bundle_stock_status":"instock","bundle_stock_quantity":3,"bundle_virtual":false,"bundle_layout":"","bundle_add_to_cart_form_location":"","bundle_editable_in_cart":false,"bundle_sold_individually_context":"","bundle_item_grouping":"","bundle_min_size":"","bundle_max_size":"","bundle_price":[],"bundled_items":[],"bundle_sell_ids":[],"supplier_id":null,"supplier_sku":"","barcode":null,"atum_controlled":true,"out_stock_date":null,"out_stock_threshold":null,"inheritable":true,"inbound_stock":0,"stock_on_hold":0,"sold_today":0,"sales_last_days":5,"reserved_stock":0,"customer_returns":0,"warehouse_damage":0,"lost_in_post":0,"other_logs":0,"out_stock_days":0,"lost_sales":0,"has_location":false,"update_date":"2026-04-27T00:20:59","atum_locations":[],"atum_stock_status":"instock","restock_status":false,"low_stock_amount":"","sales_update_date":"2026-04-27T00:20:59","calc_backorders":null,"tiered_pricing_type":"fixed","tiered_pricing_fixed_rules":[],"tiered_pricing_product_settings":{"layout":"default","base_unit_name":{"singular":null,"plural":null},"default_variation":null},"tiered_pricing_minimum_quantity":null,"tiered_pricing_roles_data":[],"tiered_pricing_percentage_rules":[],"_links":{"self":[{"href":"https:\/\/www.lets-grow.de\/blog\/wp-json\/wp\/v2\/product\/18657","targetHints":{"allow":["GET"]}}],"collection":[{"href":"https:\/\/www.lets-grow.de\/blog\/wp-json\/wp\/v2\/product"}],"about":[{"href":"https:\/\/www.lets-grow.de\/blog\/wp-json\/wp\/v2\/types\/product"}],"replies":[{"embeddable":true,"href":"https:\/\/www.lets-grow.de\/blog\/wp-json\/wp\/v2\/comments?post=18657"}],"version-history":[{"count":0,"href":"https:\/\/www.lets-grow.de\/blog\/wp-json\/wp\/v2\/product\/18657\/revisions"}],"wp:featuredmedia":[{"embeddable":true,"href":"https:\/\/www.lets-grow.de\/blog\/wp-json\/wp\/v2\/media\/18658"}],"wp:attachment":[{"href":"https:\/\/www.lets-grow.de\/blog\/wp-json\/wp\/v2\/media?parent=18657"}],"wp:term":[{"taxonomy":"product_brand","embeddable":true,"href":"https:\/\/www.lets-grow.de\/blog\/wp-json\/wp\/v2\/product_brand?post=18657"},{"taxonomy":"product_cat","embeddable":true,"href":"https:\/\/www.lets-grow.de\/blog\/wp-json\/wp\/v2\/product_cat?post=18657"},{"taxonomy":"product_tag","embeddable":true,"href":"https:\/\/www.lets-grow.de\/blog\/wp-json\/wp\/v2\/product_tag?post=18657"}],"curies":[{"name":"wp","href":"https:\/\/api.w.org\/{rel}","templated":true}]}}