{"id":18615,"date":"2025-02-15T15:51:55","date_gmt":"2025-02-15T14:51:55","guid":{"rendered":"https:\/\/www.lets-grow.de\/blog\/?post_type=product&#038;p=18615"},"modified":"2026-03-20T17:09:24","modified_gmt":"2026-03-20T16:09:24","slug":"grodan-steinwolle-tray-2x2-cm-150-stueck","status":"publish","type":"product","link":"https:\/\/www.lets-grow.de\/blog\/shop\/grodan-steinwolle-tray-2x2-cm-150-stueck\/","title":{"rendered":"Grodan Steinwolle Tray 2&#215;2 cm &#8211; 150 St\u00fcck"},"content":{"rendered":"\t\t<div data-elementor-type=\"product-post\" data-elementor-id=\"18615\" class=\"elementor elementor-18615\" data-elementor-post-type=\"product\">\n\t\t\t\t<div class=\"wd-negative-gap elementor-element elementor-element-51f03e42 e-flex e-con-boxed e-con e-parent\" data-id=\"51f03e42\" data-element_type=\"container\" data-e-type=\"container\">\n\t\t\t\t\t<div class=\"e-con-inner\">\n\t\t\t\t<div class=\"elementor-element elementor-element-540d6e16 elementor-widget elementor-widget-heading\" data-id=\"540d6e16\" data-element_type=\"widget\" data-e-type=\"widget\" data-widget_type=\"heading.default\">\n\t\t\t\t\t<h2 class=\"elementor-heading-title elementor-size-default\">Grodan Steinwolle Tray 2x2 cm \u2013 150er Set f\u00fcr eine perfekte Anzucht<\/h2>\t\t\t\t<\/div>\n\t\t\t\t<div class=\"elementor-element elementor-element-d8b32fe color-scheme-inherit text-left elementor-widget elementor-widget-text-editor\" data-id=\"d8b32fe\" data-element_type=\"widget\" data-e-type=\"widget\" data-widget_type=\"text-editor.default\">\n\t\t\t\t\t\t\t\t\t<p>Das <strong data-start=\"192\" data-end=\"218\">Grodan Steinwolle Tray<\/strong> enth\u00e4lt <strong data-start=\"227\" data-end=\"257\">150 Anzuchtw\u00fcrfel (2&#215;2 cm)<\/strong> und ist ideal f\u00fcr die <strong data-start=\"280\" data-end=\"318\">Aufzucht von Stecklingen und Samen<\/strong>. Die Steinwolle speichert Wasser und N\u00e4hrstoffe optimal, f\u00f6rdert ein starkes Wurzelwachstum und bietet eine ausgezeichnete Sauerstoffversorgung. Perfekt f\u00fcr <strong data-start=\"476\" data-end=\"524\">Hydroponik, Aquaponik und klassische Anzucht<\/strong>.<\/p>\t\t\t\t\t\t\t\t<\/div>\n\t\t\t\t<div class=\"elementor-element elementor-element-56b17a7c elementor-widget elementor-widget-spacer\" data-id=\"56b17a7c\" data-element_type=\"widget\" data-e-type=\"widget\" data-widget_type=\"spacer.default\">\n\t\t\t\t\t\t\t<div class=\"elementor-spacer\">\n\t\t\t<div class=\"elementor-spacer-inner\"><\/div>\n\t\t<\/div>\n\t\t\t\t\t\t<\/div>\n\t\t\t\t<div class=\"elementor-element elementor-element-fdc27c3 elementor-widget elementor-widget-heading\" data-id=\"fdc27c3\" data-element_type=\"widget\" data-e-type=\"widget\" data-widget_type=\"heading.default\">\n\t\t\t\t\t<h2 class=\"elementor-heading-title elementor-size-default\">Anwendungen<\/h2>\t\t\t\t<\/div>\n\t\t\t\t<div class=\"elementor-element elementor-element-33967b64 color-scheme-inherit text-left elementor-widget elementor-widget-text-editor\" data-id=\"33967b64\" data-element_type=\"widget\" data-e-type=\"widget\" data-widget_type=\"text-editor.default\">\n\t\t\t\t\t\t\t\t\t<p>Vor der Nutzung mit pH-reguliertem Wasser (ca. 5,5 \u2013 5,8) einweichen. Samen oder Stecklinge in die W\u00fcrfel einsetzen und regelm\u00e4\u00dfig mit N\u00e4hrl\u00f6sung versorgen. Nach der Bewurzelung k\u00f6nnen die Pflanzen in gr\u00f6\u00dfere Steinwollbl\u00f6cke, Hydro- oder Erdsysteme umgesetzt werden.<\/p>\t\t\t\t\t\t\t\t<\/div>\n\t\t\t\t<div class=\"elementor-element elementor-element-26fe51a9 elementor-widget elementor-widget-spacer\" data-id=\"26fe51a9\" data-element_type=\"widget\" data-e-type=\"widget\" data-widget_type=\"spacer.default\">\n\t\t\t\t\t\t\t<div class=\"elementor-spacer\">\n\t\t\t<div class=\"elementor-spacer-inner\"><\/div>\n\t\t<\/div>\n\t\t\t\t\t\t<\/div>\n\t\t\t\t<div class=\"elementor-element elementor-element-7a9110b3 elementor-widget elementor-widget-heading\" data-id=\"7a9110b3\" data-element_type=\"widget\" data-e-type=\"widget\" data-widget_type=\"heading.default\">\n\t\t\t\t\t<h2 class=\"elementor-heading-title elementor-size-default\">Vorteile<\/h2>\t\t\t\t<\/div>\n\t\t\t\t<div class=\"elementor-element elementor-element-31d8300d color-scheme-inherit text-left elementor-widget elementor-widget-text-editor\" data-id=\"31d8300d\" data-element_type=\"widget\" data-e-type=\"widget\" data-widget_type=\"text-editor.default\">\n\t\t\t\t\t\t\t\t\t<p>\u2705 <strong data-start=\"580\" data-end=\"627\">Optimale Feuchtigkeits- &amp; N\u00e4hrstoffaufnahme<\/strong> \u2013 gleichm\u00e4\u00dfige Versorgung<br data-start=\"653\" data-end=\"656\" \/>\u2705 <strong data-start=\"658\" data-end=\"691\">Hervorragende Wurzelbel\u00fcftung<\/strong> \u2013 gesunde &amp; kr\u00e4ftige Pflanzenentwicklung<br data-start=\"732\" data-end=\"735\" \/>\u2705 <strong data-start=\"737\" data-end=\"760\">Einfache Handhabung<\/strong> \u2013 perfekt f\u00fcr Stecklinge &amp; Samen<br data-start=\"793\" data-end=\"796\" \/>\u2705 <strong data-start=\"798\" data-end=\"837\">Kompatibel mit Hydro- &amp; Erdkulturen<\/strong> \u2013 vielseitig einsetzbar<br data-start=\"861\" data-end=\"864\" \/>\u2705 <strong data-start=\"866\" data-end=\"892\">Praktisches 150er Tray<\/strong> \u2013 effiziente und platzsparende Anzucht<\/p>\t\t\t\t\t\t\t\t<\/div>\n\t\t\t\t<div class=\"elementor-element elementor-element-25e46706 elementor-widget elementor-widget-spacer\" data-id=\"25e46706\" data-element_type=\"widget\" data-e-type=\"widget\" data-widget_type=\"spacer.default\">\n\t\t\t\t\t\t\t<div class=\"elementor-spacer\">\n\t\t\t<div class=\"elementor-spacer-inner\"><\/div>\n\t\t<\/div>\n\t\t\t\t\t\t<\/div>\n\t\t\t\t<div class=\"elementor-element elementor-element-d80d456 elementor-widget elementor-widget-heading\" data-id=\"d80d456\" data-element_type=\"widget\" data-e-type=\"widget\" data-widget_type=\"heading.default\">\n\t\t\t\t\t<h2 class=\"elementor-heading-title elementor-size-default\">Technische Daten<\/h2>\t\t\t\t<\/div>\n\t\t\t\t<div class=\"elementor-element elementor-element-9063ad0 color-scheme-inherit text-left elementor-widget elementor-widget-text-editor\" data-id=\"9063ad0\" data-element_type=\"widget\" data-e-type=\"widget\" data-widget_type=\"text-editor.default\">\n\t\t\t\t\t\t\t\t\t<ul><li data-start=\"964\" data-end=\"995\"><strong data-start=\"966\" data-end=\"986\">Ma\u00dfe der W\u00fcrfel:<\/strong> 2&#215;2 cm<\/li><li data-start=\"996\" data-end=\"1030\"><strong data-start=\"998\" data-end=\"1009\">Anzahl:<\/strong> 150 St\u00fcck pro Tray<\/li><li data-start=\"1031\" data-end=\"1078\"><strong data-start=\"1033\" data-end=\"1046\">Material:<\/strong> Hochwertige Grodan Steinwolle<\/li><li data-start=\"1079\" data-end=\"1144\"><strong data-start=\"1081\" data-end=\"1101\">Einsatzbereiche:<\/strong> Hydroponik, Aquaponik, Erde, Gew\u00e4chshaus<\/li><li data-start=\"1145\" data-end=\"1195\"><strong data-start=\"1147\" data-end=\"1159\">pH-Wert:<\/strong> Vor Gebrauch pH-angepasst w\u00e4ssern<\/li><\/ul>\t\t\t\t\t\t\t\t<\/div>\n\t\t\t\t<div class=\"elementor-element elementor-element-9eea272 elementor-widget elementor-widget-spacer\" data-id=\"9eea272\" data-element_type=\"widget\" data-e-type=\"widget\" data-widget_type=\"spacer.default\">\n\t\t\t\t\t\t\t<div class=\"elementor-spacer\">\n\t\t\t<div class=\"elementor-spacer-inner\"><\/div>\n\t\t<\/div>\n\t\t\t\t\t\t<\/div>\n\t\t\t\t<div class=\"elementor-element elementor-element-19643960 elementor-widget elementor-widget-heading\" data-id=\"19643960\" data-element_type=\"widget\" data-e-type=\"widget\" data-widget_type=\"heading.default\">\n\t\t\t\t\t<h2 class=\"elementor-heading-title elementor-size-default\">Zusammenfassung<\/h2>\t\t\t\t<\/div>\n\t\t\t\t<div class=\"elementor-element elementor-element-100f6e5e color-scheme-inherit text-left elementor-widget elementor-widget-text-editor\" data-id=\"100f6e5e\" data-element_type=\"widget\" data-e-type=\"widget\" data-widget_type=\"text-editor.default\">\n\t\t\t\t\t\t\t\t\t<p data-start=\"1503\" data-end=\"1782\">Das <strong data-start=\"1507\" data-end=\"1540\">Grodan Steinwolle Tray 2&#215;2 cm<\/strong> bietet eine effiziente, saubere und nachhaltige L\u00f6sung f\u00fcr die Pflanzenanzucht. Durch die hervorragende Wasseraufnahme und Sauerstoffversorgung f\u00f6rdert es <strong data-start=\"1696\" data-end=\"1743\">starkes Wurzelwachstum und gesunde Pflanzen<\/strong> \u2013 perfekt f\u00fcr den modernen Anbau! \ud83c\udf31<\/p>\t\t\t\t\t\t\t\t<\/div>\n\t\t\t\t\t<\/div>\n\t\t\t\t<\/div>\n\t\t\t\t<\/div>\n\t\t","protected":false},"excerpt":{"rendered":"<p>Das <strong data-start=\"1831\" data-end=\"1871\">Grodan Steinwolle Tray (150x 2&#215;2 cm)<\/strong> ist ideal f\u00fcr die Anzucht von <strong data-start=\"1902\" data-end=\"1925\">Stecklingen &amp; Samen<\/strong>. Die Steinwolle speichert Wasser, sorgt f\u00fcr eine optimale Sauerstoffzufuhr und f\u00f6rdert ein starkes Wurzelwachstum. Perfekt f\u00fcr <strong data-start=\"2053\" data-end=\"2085\">Hydroponik, Aquaponik &amp; Erde<\/strong>. Einfach in der Anwendung und kompatibel mit verschiedenen Systemen \u2013 f\u00fcr eine erfolgreiche Pflanzenaufzucht!<\/p>\n","protected":false},"featured_media":18616,"comment_status":"open","ping_status":"closed","template":"","meta":{"_monsterinsights_skip_tracking":false,"_monsterinsights_sitenote_active":false,"_monsterinsights_sitenote_note":"","_monsterinsights_sitenote_category":0},"product_brand":[],"product_cat":[834],"product_tag":[1305,674,1306,1307,844,1308,944,968,1301,1302,1303,1304],"class_list":{"0":"post-18615","1":"product","2":"type-product","3":"status-publish","4":"has-post-thumbnail","6":"product_cat-substrate","7":"product_tag-stecklingswuerfel","8":"product_tag-stecklinge","9":"product_tag-hydroponik-anzucht","10":"product_tag-aquaponik-substrat","11":"product_tag-anzucht","12":"product_tag-pflanzenaufzucht","13":"product_tag-keimung","14":"product_tag-steinwolle","15":"product_tag-aussaat","16":"product_tag-rockwool","17":"product_tag-anzuchtwuerfel-2x2-cm","18":"product_tag-steinwolle-tray-150","19":"pa_hersteller-grodan","21":"first","22":"instock","23":"taxable","24":"shipping-taxable","25":"purchasable","26":"product-type-simple"},"bundled_by":["18709"],"bundle_stock_status":"instock","bundle_stock_quantity":15,"bundle_virtual":false,"bundle_layout":"","bundle_add_to_cart_form_location":"","bundle_editable_in_cart":false,"bundle_sold_individually_context":"","bundle_item_grouping":"","bundle_min_size":"","bundle_max_size":"","bundle_price":[],"bundled_items":[],"bundle_sell_ids":[],"supplier_id":null,"supplier_sku":"","barcode":null,"atum_controlled":true,"out_stock_date":null,"out_stock_threshold":null,"inheritable":false,"inbound_stock":0,"stock_on_hold":0,"sold_today":0,"sales_last_days":0,"reserved_stock":0,"customer_returns":0,"warehouse_damage":0,"lost_in_post":0,"other_logs":0,"out_stock_days":0,"lost_sales":0,"has_location":false,"update_date":"2026-04-18T00:06:26","atum_locations":[],"atum_stock_status":"instock","restock_status":false,"low_stock_amount":"","sales_update_date":"2026-04-18T00:06:26","calc_backorders":null,"tiered_pricing_type":"fixed","tiered_pricing_fixed_rules":[],"tiered_pricing_product_settings":{"layout":"default","base_unit_name":{"singular":null,"plural":null},"default_variation":null},"tiered_pricing_minimum_quantity":null,"tiered_pricing_roles_data":[],"tiered_pricing_percentage_rules":[],"_links":{"self":[{"href":"https:\/\/www.lets-grow.de\/blog\/wp-json\/wp\/v2\/product\/18615","targetHints":{"allow":["GET"]}}],"collection":[{"href":"https:\/\/www.lets-grow.de\/blog\/wp-json\/wp\/v2\/product"}],"about":[{"href":"https:\/\/www.lets-grow.de\/blog\/wp-json\/wp\/v2\/types\/product"}],"replies":[{"embeddable":true,"href":"https:\/\/www.lets-grow.de\/blog\/wp-json\/wp\/v2\/comments?post=18615"}],"version-history":[{"count":0,"href":"https:\/\/www.lets-grow.de\/blog\/wp-json\/wp\/v2\/product\/18615\/revisions"}],"wp:featuredmedia":[{"embeddable":true,"href":"https:\/\/www.lets-grow.de\/blog\/wp-json\/wp\/v2\/media\/18616"}],"wp:attachment":[{"href":"https:\/\/www.lets-grow.de\/blog\/wp-json\/wp\/v2\/media?parent=18615"}],"wp:term":[{"taxonomy":"product_brand","embeddable":true,"href":"https:\/\/www.lets-grow.de\/blog\/wp-json\/wp\/v2\/product_brand?post=18615"},{"taxonomy":"product_cat","embeddable":true,"href":"https:\/\/www.lets-grow.de\/blog\/wp-json\/wp\/v2\/product_cat?post=18615"},{"taxonomy":"product_tag","embeddable":true,"href":"https:\/\/www.lets-grow.de\/blog\/wp-json\/wp\/v2\/product_tag?post=18615"}],"curies":[{"name":"wp","href":"https:\/\/api.w.org\/{rel}","templated":true}]}}