{"id":18601,"date":"2025-02-15T11:11:02","date_gmt":"2025-02-15T10:11:02","guid":{"rendered":"https:\/\/www.lets-grow.de\/blog\/?post_type=product&#038;p=18601"},"modified":"2026-03-23T08:10:31","modified_gmt":"2026-03-23T07:10:31","slug":"gittertoepfe-netztopfe-netztoepfe","status":"publish","type":"product","link":"https:\/\/www.lets-grow.de\/blog\/shop\/gittertoepfe-netztopfe-netztoepfe\/","title":{"rendered":"Gittert\u00f6pfe \/ Netzt\u00f6pfe"},"content":{"rendered":"\t\t<div data-elementor-type=\"product-post\" data-elementor-id=\"18601\" class=\"elementor elementor-18601\" data-elementor-post-type=\"product\">\n\t\t\t\t<div class=\"wd-negative-gap elementor-element elementor-element-331e05cc e-flex e-con-boxed e-con e-parent\" data-id=\"331e05cc\" data-element_type=\"container\" data-e-type=\"container\">\n\t\t\t\t\t<div class=\"e-con-inner\">\n\t\t\t\t<div class=\"elementor-element elementor-element-46807765 elementor-widget elementor-widget-heading\" data-id=\"46807765\" data-element_type=\"widget\" data-e-type=\"widget\" data-widget_type=\"heading.default\">\n\t\t\t\t\t<h2 class=\"elementor-heading-title elementor-size-default\">Netzt\u00f6pfe 5 cm \u2013 Perfekt f\u00fcr NFT, DWC &amp; Anzucht<\/h2>\t\t\t\t<\/div>\n\t\t\t\t<div class=\"elementor-element elementor-element-531d9ee1 color-scheme-inherit text-left elementor-widget elementor-widget-text-editor\" data-id=\"531d9ee1\" data-element_type=\"widget\" data-e-type=\"widget\" data-widget_type=\"text-editor.default\">\n\t\t\t\t\t\t\t\t\t<p>Diese <strong data-start=\"137\" data-end=\"155\">5 cm Netzt\u00f6pfe<\/strong> sind die ideale Wahl f\u00fcr <strong data-start=\"181\" data-end=\"212\">NFT- und Raft-Systeme (DWC)<\/strong>, eignen sich aber auch hervorragend f\u00fcr die <strong data-start=\"257\" data-end=\"269\">Vorzucht<\/strong> mit <strong data-start=\"274\" data-end=\"312\">Kokoserde oder Kokosquelltabletten<\/strong>. Die offene Netzstruktur sorgt f\u00fcr eine optimale <strong data-start=\"362\" data-end=\"380\">Durchwurzelung<\/strong>, maximale Sauerstoffzufuhr und eine gleichm\u00e4\u00dfige Verteilung der N\u00e4hrstoffe \u2013 perfekt f\u00fcr ein gesundes Pflanzenwachstum.<\/p>\t\t\t\t\t\t\t\t<\/div>\n\t\t\t\t<div class=\"elementor-element elementor-element-6c06382 elementor-widget elementor-widget-spacer\" data-id=\"6c06382\" data-element_type=\"widget\" data-e-type=\"widget\" data-widget_type=\"spacer.default\">\n\t\t\t\t\t\t\t<div class=\"elementor-spacer\">\n\t\t\t<div class=\"elementor-spacer-inner\"><\/div>\n\t\t<\/div>\n\t\t\t\t\t\t<\/div>\n\t\t\t\t<div class=\"elementor-element elementor-element-24611613 elementor-widget elementor-widget-heading\" data-id=\"24611613\" data-element_type=\"widget\" data-e-type=\"widget\" data-widget_type=\"heading.default\">\n\t\t\t\t\t<h2 class=\"elementor-heading-title elementor-size-default\">Anwendungen<\/h2>\t\t\t\t<\/div>\n\t\t\t\t<div class=\"elementor-element elementor-element-588863ee color-scheme-inherit text-left elementor-widget elementor-widget-text-editor\" data-id=\"588863ee\" data-element_type=\"widget\" data-e-type=\"widget\" data-widget_type=\"text-editor.default\">\n\t\t\t\t\t\t\t\t\t<p data-start=\"40\" data-end=\"197\">Die <strong data-start=\"44\" data-end=\"62\">Netzt\u00f6pfe 5 cm<\/strong> sind vielseitig einsetzbar und eignen sich sowohl f\u00fcr <strong data-start=\"117\" data-end=\"154\">Hydroponik- und Aquaponik-Systeme<\/strong> als auch f\u00fcr die <strong data-start=\"172\" data-end=\"194\">klassische Anzucht<\/strong>.<\/p><p data-start=\"199\" data-end=\"476\">\ud83d\udd39 <strong data-start=\"202\" data-end=\"229\">In NFT- &amp; DWC-Systemen:<\/strong><br data-start=\"229\" data-end=\"232\" \/>Setze die Pflanzen in die Netzt\u00f6pfe und f\u00fclle sie mit einem passenden Substrat wie <strong data-start=\"315\" data-end=\"351\">Bl\u00e4hton, Steinwolle oder Perlite<\/strong>. Die Wurzeln wachsen durch die Netzstruktur hindurch und nehmen Sauerstoff sowie N\u00e4hrstoffe direkt aus der N\u00e4hrl\u00f6sung auf.<\/p><p data-start=\"478\" data-end=\"816\">\ud83d\udd39 <strong data-start=\"481\" data-end=\"501\">F\u00fcr die Anzucht:<\/strong><br data-start=\"501\" data-end=\"504\" \/>Die Netzt\u00f6pfe sind ideal f\u00fcr die <strong data-start=\"537\" data-end=\"595\">Vorkultivierung mit Kokoserde oder Kokosquelltabletten<\/strong>. Einfach die Samen in das angefeuchtete Substrat legen und f\u00fcr optimale Keimbedingungen sorgen. Sobald die Wurzeln durch das Netz ragen, k\u00f6nnen die Pflanzen in ein Hydro-, Aqua- oder Erdsubstratsystem umgesetzt werden.<\/p><p data-start=\"818\" data-end=\"1058\">\ud83d\udd39 <strong data-start=\"821\" data-end=\"867\">In Kombination mit verschiedenen Systemen:<\/strong><br data-start=\"867\" data-end=\"870\" \/>Ob in <strong data-start=\"876\" data-end=\"951\">Kratky-Beh\u00e4ltern, Ebbe-Flut-Systemen oder vertikalen Hydroponik-Anlagen<\/strong> \u2013 die Netzt\u00f6pfe f\u00f6rdern eine gesunde Wurzelentwicklung und erm\u00f6glichen eine effiziente Wasserversorgung.<\/p><p data-start=\"1060\" data-end=\"1195\">Dank ihrer <strong data-start=\"1071\" data-end=\"1115\">wiederverwendbaren und robusten Bauweise<\/strong> sind die Netzt\u00f6pfe eine nachhaltige L\u00f6sung f\u00fcr den modernen Pflanzenanbau. \ud83c\udf31<\/p>\t\t\t\t\t\t\t\t<\/div>\n\t\t\t\t<div class=\"elementor-element elementor-element-a69b67c elementor-widget elementor-widget-spacer\" data-id=\"a69b67c\" data-element_type=\"widget\" data-e-type=\"widget\" data-widget_type=\"spacer.default\">\n\t\t\t\t\t\t\t<div class=\"elementor-spacer\">\n\t\t\t<div class=\"elementor-spacer-inner\"><\/div>\n\t\t<\/div>\n\t\t\t\t\t\t<\/div>\n\t\t\t\t<div class=\"elementor-element elementor-element-e2c7aa8 elementor-widget elementor-widget-heading\" data-id=\"e2c7aa8\" data-element_type=\"widget\" data-e-type=\"widget\" data-widget_type=\"heading.default\">\n\t\t\t\t\t<h2 class=\"elementor-heading-title elementor-size-default\">Vorteile<\/h2>\t\t\t\t<\/div>\n\t\t\t\t<div class=\"elementor-element elementor-element-3c42b4d6 color-scheme-inherit text-left elementor-widget elementor-widget-text-editor\" data-id=\"3c42b4d6\" data-element_type=\"widget\" data-e-type=\"widget\" data-widget_type=\"text-editor.default\">\n\t\t\t\t\t\t\t\t\t<p>Die Pro Grip Seilzugrollen sind ideal zum Aufh\u00e4ngen von schweren Reflektoren\u2705 <strong data-start=\"546\" data-end=\"569\">Ideal f\u00fcr NFT &amp; DWC<\/strong> \u2013 f\u00f6rdert gesunde Wurzeln und schnelles Wachstum<br data-start=\"618\" data-end=\"621\" \/>\u2705 <strong data-start=\"623\" data-end=\"650\">Perfekt f\u00fcr die Anzucht<\/strong> \u2013 kompatibel mit Kokoserde, Steinwolle &amp; Quelltabletten<br data-start=\"706\" data-end=\"709\" \/>\u2705 <strong data-start=\"711\" data-end=\"740\">Optimale Sauerstoffzufuhr<\/strong> \u2013 Netzstruktur sorgt f\u00fcr bessere Bel\u00fcftung<br data-start=\"783\" data-end=\"786\" \/>\u2705 <strong data-start=\"788\" data-end=\"810\">Robust &amp; langlebig<\/strong> \u2013 mehrfach wiederverwendbar<br data-start=\"838\" data-end=\"841\" \/>\u2705 <strong data-start=\"843\" data-end=\"876\">Effektive N\u00e4hrstoffversorgung<\/strong> \u2013 Wurzeln wachsen direkt ins N\u00e4hrmedium, Filtern, Beleuchtungsanlagen, L\u00fcftungseinrichtungen und in Growboxen verwendeten Ger\u00e4ten. Besonders empfehlenswert f\u00fcr die Aufh\u00e4ngung von gro\u00dfen Lampen und anderen technischen Ger\u00e4ten, die eine stabile und sichere Befestigung ben\u00f6tigen.<\/p>\t\t\t\t\t\t\t\t<\/div>\n\t\t\t\t<div class=\"elementor-element elementor-element-77cc0372 elementor-widget elementor-widget-spacer\" data-id=\"77cc0372\" data-element_type=\"widget\" data-e-type=\"widget\" data-widget_type=\"spacer.default\">\n\t\t\t\t\t\t\t<div class=\"elementor-spacer\">\n\t\t\t<div class=\"elementor-spacer-inner\"><\/div>\n\t\t<\/div>\n\t\t\t\t\t\t<\/div>\n\t\t\t\t<div class=\"elementor-element elementor-element-41775e93 elementor-widget elementor-widget-heading\" data-id=\"41775e93\" data-element_type=\"widget\" data-e-type=\"widget\" data-widget_type=\"heading.default\">\n\t\t\t\t\t<h2 class=\"elementor-heading-title elementor-size-default\">Technische Daten<\/h2>\t\t\t\t<\/div>\n\t\t\t\t<div class=\"elementor-element elementor-element-4e115c7 color-scheme-inherit text-left elementor-widget elementor-widget-text-editor\" data-id=\"4e115c7\" data-element_type=\"widget\" data-e-type=\"widget\" data-widget_type=\"text-editor.default\">\n\t\t\t\t\t\t\t\t\t<ul><li data-start=\"949\" data-end=\"974\"><strong data-start=\"951\" data-end=\"967\">Durchmesser:<\/strong> 5 cm<\/li><li data-start=\"975\" data-end=\"1027\"><strong data-start=\"977\" data-end=\"990\">Material:<\/strong> Hochwertiger, flexibler Kunststoff<\/li><li data-start=\"1028\" data-end=\"1105\"><strong data-start=\"1030\" data-end=\"1050\">Einsatzbereiche:<\/strong> NFT-Systeme, DWC, Kratky-Methode, klassische Anzucht<\/li><li data-start=\"1106\" data-end=\"1176\"><strong data-start=\"1108\" data-end=\"1127\">Kompatibel mit:<\/strong> Hydroton (Bl\u00e4hton), Steinwolle, Kokos, Perlite<\/li><li data-start=\"1177\" data-end=\"1205\"><strong data-start=\"1179\" data-end=\"1200\">Wiederverwendbar:<\/strong> Ja<\/li><\/ul>\t\t\t\t\t\t\t\t<\/div>\n\t\t\t\t<div class=\"elementor-element elementor-element-9273017 elementor-widget elementor-widget-spacer\" data-id=\"9273017\" data-element_type=\"widget\" data-e-type=\"widget\" data-widget_type=\"spacer.default\">\n\t\t\t\t\t\t\t<div class=\"elementor-spacer\">\n\t\t\t<div class=\"elementor-spacer-inner\"><\/div>\n\t\t<\/div>\n\t\t\t\t\t\t<\/div>\n\t\t\t\t<div class=\"elementor-element elementor-element-aa99ef5 elementor-widget elementor-widget-heading\" data-id=\"aa99ef5\" data-element_type=\"widget\" data-e-type=\"widget\" data-widget_type=\"heading.default\">\n\t\t\t\t\t<h2 class=\"elementor-heading-title elementor-size-default\">Zusammenfassung<\/h2>\t\t\t\t<\/div>\n\t\t\t\t<div class=\"elementor-element elementor-element-e53f3aa color-scheme-inherit text-left elementor-widget elementor-widget-text-editor\" data-id=\"e53f3aa\" data-element_type=\"widget\" data-e-type=\"widget\" data-widget_type=\"text-editor.default\">\n\t\t\t\t\t\t\t\t\t<p>Die <strong data-start=\"21\" data-end=\"39\">Netzt\u00f6pfe 5 cm<\/strong> bieten eine vielseitige und nachhaltige L\u00f6sung f\u00fcr <strong data-start=\"91\" data-end=\"105\">Hydroponik<\/strong>, <strong data-start=\"107\" data-end=\"120\">Aquaponik<\/strong> und <strong data-start=\"125\" data-end=\"147\">klassische Anzucht<\/strong>. Ihre offene Netzstruktur sorgt f\u00fcr eine ideale <strong data-start=\"196\" data-end=\"216\">Sauerstoffzufuhr<\/strong>, f\u00f6rdert das <strong data-start=\"230\" data-end=\"248\">Wurzelwachstum<\/strong> und sorgt f\u00fcr eine effiziente <strong data-start=\"279\" data-end=\"300\">N\u00e4hrstoffaufnahme<\/strong>. Ob in <strong data-start=\"308\" data-end=\"343\">NFT-, DWC- oder Kratky-Systemen<\/strong> oder bei der Vorzucht mit Kokoserde \u2013 sie sind <strong data-start=\"391\" data-end=\"411\">wiederverwendbar<\/strong> und langlebig, was sie zu einer <strong data-start=\"444\" data-end=\"470\">kosteneffizienten Wahl<\/strong> f\u00fcr den modernen Pflanzenanbau macht. \ud83c\udf31<\/p>\t\t\t\t\t\t\t\t<\/div>\n\t\t\t\t<div class=\"elementor-element elementor-element-a114c41 elementor-widget elementor-widget-spacer\" data-id=\"a114c41\" data-element_type=\"widget\" data-e-type=\"widget\" data-widget_type=\"spacer.default\">\n\t\t\t\t\t\t\t<div class=\"elementor-spacer\">\n\t\t\t<div class=\"elementor-spacer-inner\"><\/div>\n\t\t<\/div>\n\t\t\t\t\t\t<\/div>\n\t\t\t\t<div class=\"elementor-element elementor-element-3314a5b elementor-widget elementor-widget-heading\" data-id=\"3314a5b\" data-element_type=\"widget\" data-e-type=\"widget\" data-widget_type=\"heading.default\">\n\t\t\t\t\t<h2 class=\"elementor-heading-title elementor-size-default\">Hinweis<\/h2>\t\t\t\t<\/div>\n\t\t\t\t<div class=\"elementor-element elementor-element-263bf4a color-scheme-inherit text-left elementor-widget elementor-widget-text-editor\" data-id=\"263bf4a\" data-element_type=\"widget\" data-e-type=\"widget\" data-widget_type=\"text-editor.default\">\n\t\t\t\t\t\t\t\t\t<p data-start=\"40\" data-end=\"197\"><span style=\"color: #ff0000;\">Dieser Artikel ist in verschiedenen Varianten erh\u00e4ltlich. Bitte w\u00e4hlen Sie die gew\u00fcnschte Variante oben aus, bevor Sie den Artikel in den Warenkorb legen.<\/span><\/p>\t\t\t\t\t\t\t\t<\/div>\n\t\t\t\t\t<\/div>\n\t\t\t\t<\/div>\n\t\t\t\t<\/div>\n\t\t","protected":false},"excerpt":{"rendered":"<p>Diese 5 cm Netzt\u00f6pfe sind perfekt f\u00fcr NFT- und DWC-Systeme, aber auch f\u00fcr die Vorzucht mit Kokoserde oder Quelltabletten geeignet. Ihre Netzstruktur sorgt f\u00fcr optimale Sauerstoffzufuhr, kr\u00e4ftiges Wurzelwachstum und eine gleichm\u00e4\u00dfige N\u00e4hrstoffaufnahme. Wiederverwendbar, robust und kompatibel mit Hydroton, Steinwolle &amp; Perlite \u2013 ideal f\u00fcr Hydro- und Aquaponik!<\/p>\n","protected":false},"featured_media":20645,"comment_status":"open","ping_status":"closed","template":"","meta":{"_monsterinsights_skip_tracking":false,"_monsterinsights_sitenote_active":false,"_monsterinsights_sitenote_note":"","_monsterinsights_sitenote_category":0},"product_brand":[],"product_cat":[560],"product_tag":[1299,1341,1924,1291,2069,1292,2070,1293,2071,1294,1295,1296,1297,844,1298],"class_list":{"0":"post-18601","1":"product","2":"type-product","3":"status-publish","4":"has-post-thumbnail","6":"product_cat-toepfe-schalen","7":"product_tag-hydroponik-zubehoer","8":"product_tag-netztoepfe","9":"product_tag-netztopf","10":"product_tag-netztoepfe-5-cm","11":"product_tag-gitternetztoepfe","12":"product_tag-hydroponik-netztopf","13":"product_tag-gitternetztopf-netztopf","14":"product_tag-nft-topf","15":"product_tag-gitternetz","16":"product_tag-dwc-topf","17":"product_tag-anzucht-netztoepfe","18":"product_tag-kokos-quelltabletten","19":"product_tag-aquaponik-zubehoer","20":"product_tag-anzucht","21":"product_tag-wurzelbelueftung","22":"pa_hersteller-teku","24":"first","25":"instock","26":"taxable","27":"shipping-taxable","28":"purchasable","29":"product-type-variable"},"bundled_by":["18665","18667","18709"],"bundle_stock_status":"instock","bundle_stock_quantity":null,"bundle_virtual":false,"bundle_layout":"","bundle_add_to_cart_form_location":"","bundle_editable_in_cart":false,"bundle_sold_individually_context":"","bundle_item_grouping":"","bundle_min_size":"","bundle_max_size":"","bundle_price":[],"bundled_items":[],"bundle_sell_ids":[],"supplier_id":null,"supplier_sku":"","barcode":null,"atum_controlled":true,"out_stock_date":null,"out_stock_threshold":null,"inheritable":true,"inbound_stock":0,"stock_on_hold":0,"sold_today":0,"sales_last_days":0,"reserved_stock":0,"customer_returns":0,"warehouse_damage":0,"lost_in_post":0,"other_logs":0,"out_stock_days":0,"lost_sales":0,"has_location":false,"update_date":"2026-04-21T00:10:41","atum_locations":[],"atum_stock_status":"instock","restock_status":false,"low_stock_amount":"","sales_update_date":"2026-04-21T00:10:41","calc_backorders":null,"tiered_pricing_type":"fixed","tiered_pricing_fixed_rules":[],"tiered_pricing_product_settings":{"layout":"default","base_unit_name":{"singular":null,"plural":null},"default_variation":null},"tiered_pricing_minimum_quantity":null,"tiered_pricing_roles_data":[],"tiered_pricing_percentage_rules":[],"_links":{"self":[{"href":"https:\/\/www.lets-grow.de\/blog\/wp-json\/wp\/v2\/product\/18601","targetHints":{"allow":["GET"]}}],"collection":[{"href":"https:\/\/www.lets-grow.de\/blog\/wp-json\/wp\/v2\/product"}],"about":[{"href":"https:\/\/www.lets-grow.de\/blog\/wp-json\/wp\/v2\/types\/product"}],"replies":[{"embeddable":true,"href":"https:\/\/www.lets-grow.de\/blog\/wp-json\/wp\/v2\/comments?post=18601"}],"version-history":[{"count":2,"href":"https:\/\/www.lets-grow.de\/blog\/wp-json\/wp\/v2\/product\/18601\/revisions"}],"predecessor-version":[{"id":21154,"href":"https:\/\/www.lets-grow.de\/blog\/wp-json\/wp\/v2\/product\/18601\/revisions\/21154"}],"wp:featuredmedia":[{"embeddable":true,"href":"https:\/\/www.lets-grow.de\/blog\/wp-json\/wp\/v2\/media\/20645"}],"wp:attachment":[{"href":"https:\/\/www.lets-grow.de\/blog\/wp-json\/wp\/v2\/media?parent=18601"}],"wp:term":[{"taxonomy":"product_brand","embeddable":true,"href":"https:\/\/www.lets-grow.de\/blog\/wp-json\/wp\/v2\/product_brand?post=18601"},{"taxonomy":"product_cat","embeddable":true,"href":"https:\/\/www.lets-grow.de\/blog\/wp-json\/wp\/v2\/product_cat?post=18601"},{"taxonomy":"product_tag","embeddable":true,"href":"https:\/\/www.lets-grow.de\/blog\/wp-json\/wp\/v2\/product_tag?post=18601"}],"curies":[{"name":"wp","href":"https:\/\/api.w.org\/{rel}","templated":true}]}}