{"id":18541,"date":"2025-02-14T16:40:36","date_gmt":"2025-02-14T15:40:36","guid":{"rendered":"https:\/\/www.lets-grow.de\/blog\/?post_type=product&#038;p=18541"},"modified":"2025-09-10T20:41:54","modified_gmt":"2025-09-10T18:41:54","slug":"microbe-lift-ph-min","status":"publish","type":"product","link":"https:\/\/www.lets-grow.de\/blog\/shop\/microbe-lift-ph-min\/","title":{"rendered":"Microbe-Lift pH-Min"},"content":{"rendered":"\t\t<div data-elementor-type=\"product-post\" data-elementor-id=\"18541\" class=\"elementor elementor-18541\" data-elementor-post-type=\"product\">\n\t\t\t\t<div class=\"wd-negative-gap elementor-element elementor-element-16e80de7 e-flex e-con-boxed e-con e-parent\" data-id=\"16e80de7\" data-element_type=\"container\" data-e-type=\"container\">\n\t\t\t\t\t<div class=\"e-con-inner\">\n\t\t\t\t<div class=\"elementor-element elementor-element-3167f480 elementor-widget elementor-widget-heading\" data-id=\"3167f480\" data-element_type=\"widget\" data-e-type=\"widget\" data-widget_type=\"heading.default\">\n\t\t\t\t\t<h2 class=\"elementor-heading-title elementor-size-default\">Microbe-Lift pH-min \u2013 pH-Senkung f\u00fcr Aquarien &amp; Teiche<\/h2>\t\t\t\t<\/div>\n\t\t\t\t<div class=\"elementor-element elementor-element-17b149e4 color-scheme-inherit text-left elementor-widget elementor-widget-text-editor\" data-id=\"17b149e4\" data-element_type=\"widget\" data-e-type=\"widget\" data-widget_type=\"text-editor.default\">\n\t\t\t\t\t\t\t\t\t<p>Microbe-Lift pH-min ist ein effizientes Produkt, das speziell daf\u00fcr entwickelt wurde, den pH-Wert von Aquarien- und Teichwasser schnell und sicher zu senken. Ein stabiler pH-Wert ist entscheidend f\u00fcr die Gesundheit von Fischen, Pflanzen und anderen Wasserlebewesen. Mit diesem Produkt k\u00f6nnen Sie den pH-Wert pr\u00e4zise anpassen, was besonders wichtig ist, wenn das Wasser zu alkalisch ist und eine Senkung notwendig wird.<\/p>\t\t\t\t\t\t\t\t<\/div>\n\t\t\t\t<div class=\"elementor-element elementor-element-68a8f401 elementor-widget elementor-widget-spacer\" data-id=\"68a8f401\" data-element_type=\"widget\" data-e-type=\"widget\" data-widget_type=\"spacer.default\">\n\t\t\t\t\t\t\t<div class=\"elementor-spacer\">\n\t\t\t<div class=\"elementor-spacer-inner\"><\/div>\n\t\t<\/div>\n\t\t\t\t\t\t<\/div>\n\t\t\t\t<div class=\"elementor-element elementor-element-239b4109 elementor-widget elementor-widget-heading\" data-id=\"239b4109\" data-element_type=\"widget\" data-e-type=\"widget\" data-widget_type=\"heading.default\">\n\t\t\t\t\t<h2 class=\"elementor-heading-title elementor-size-default\">Anwendungen<\/h2>\t\t\t\t<\/div>\n\t\t\t\t<div class=\"elementor-element elementor-element-6227bea3 color-scheme-inherit text-left elementor-widget elementor-widget-text-editor\" data-id=\"6227bea3\" data-element_type=\"widget\" data-e-type=\"widget\" data-widget_type=\"text-editor.default\">\n\t\t\t\t\t\t\t\t\t<p>Microbe-Lift pH-min wird direkt ins Wasser gegeben, um den pH-Wert zu senken. Es wird empfohlen, den pH-Wert schrittweise und kontrolliert zu senken, um Stress f\u00fcr die Wasserbewohner zu vermeiden. Die genaue Dosierung h\u00e4ngt vom Ausgangs-pH-Wert und dem gew\u00fcnschten Zielwert ab. Eine regelm\u00e4\u00dfige \u00dcberpr\u00fcfung des pH-Werts mit einem pH-Testkit sorgt f\u00fcr eine pr\u00e4zise Steuerung.<\/p>\t\t\t\t\t\t\t\t<\/div>\n\t\t\t\t<div class=\"elementor-element elementor-element-7018ee52 elementor-widget elementor-widget-spacer\" data-id=\"7018ee52\" data-element_type=\"widget\" data-e-type=\"widget\" data-widget_type=\"spacer.default\">\n\t\t\t\t\t\t\t<div class=\"elementor-spacer\">\n\t\t\t<div class=\"elementor-spacer-inner\"><\/div>\n\t\t<\/div>\n\t\t\t\t\t\t<\/div>\n\t\t\t\t<div class=\"elementor-element elementor-element-2d0574c4 elementor-widget elementor-widget-heading\" data-id=\"2d0574c4\" data-element_type=\"widget\" data-e-type=\"widget\" data-widget_type=\"heading.default\">\n\t\t\t\t\t<h2 class=\"elementor-heading-title elementor-size-default\">Vorteile<\/h2>\t\t\t\t<\/div>\n\t\t\t\t<div class=\"elementor-element elementor-element-6f4aa87a color-scheme-inherit text-left elementor-widget elementor-widget-text-editor\" data-id=\"6f4aa87a\" data-element_type=\"widget\" data-e-type=\"widget\" data-widget_type=\"text-editor.default\">\n\t\t\t\t\t\t\t\t\t<ul><li data-start=\"1360\" data-end=\"1480\"><strong data-start=\"1362\" data-end=\"1384\">Einfache Anwendung<\/strong>: Microbe-Lift pH-min ist einfach dosierbar und erm\u00f6glicht eine schnelle Anpassung des pH-Werts.<\/li><li data-start=\"1481\" data-end=\"1599\"><strong data-start=\"1483\" data-end=\"1509\">F\u00f6rdert die Gesundheit<\/strong>: Durch die Senkung des pH-Werts werden die Bedingungen f\u00fcr Fische und Pflanzen optimiert.<\/li><li data-start=\"1600\" data-end=\"1705\"><strong data-start=\"1602\" data-end=\"1625\">Sicher und effektiv<\/strong>: Das Produkt enth\u00e4lt keine sch\u00e4dlichen Zus\u00e4tze und ist sicher in der Anwendung.<\/li><li data-start=\"1706\" data-end=\"1831\"><strong data-start=\"1708\" data-end=\"1736\">Ideal f\u00fcr weiches Wasser<\/strong>: Besonders geeignet f\u00fcr Teiche und Aquarien mit weichem Wasser, das eine pH-Senkung erfordert.<\/li><\/ul>\t\t\t\t\t\t\t\t<\/div>\n\t\t\t\t<div class=\"elementor-element elementor-element-1c36d5f elementor-widget elementor-widget-spacer\" data-id=\"1c36d5f\" data-element_type=\"widget\" data-e-type=\"widget\" data-widget_type=\"spacer.default\">\n\t\t\t\t\t\t\t<div class=\"elementor-spacer\">\n\t\t\t<div class=\"elementor-spacer-inner\"><\/div>\n\t\t<\/div>\n\t\t\t\t\t\t<\/div>\n\t\t\t\t<div class=\"elementor-element elementor-element-13f79df0 elementor-widget elementor-widget-heading\" data-id=\"13f79df0\" data-element_type=\"widget\" data-e-type=\"widget\" data-widget_type=\"heading.default\">\n\t\t\t\t\t<h2 class=\"elementor-heading-title elementor-size-default\">Zusammenfassung<\/h2>\t\t\t\t<\/div>\n\t\t\t\t<div class=\"elementor-element elementor-element-313cd252 color-scheme-inherit text-left elementor-widget elementor-widget-text-editor\" data-id=\"313cd252\" data-element_type=\"widget\" data-e-type=\"widget\" data-widget_type=\"text-editor.default\">\n\t\t\t\t\t\t\t\t\t<p>Microbe-Lift pH-min ist eine ausgezeichnete Wahl, um den pH-Wert in Aquarien und Teichen zu senken und zu stabilisieren. Es bietet eine schnelle, einfache und sichere L\u00f6sung, um eine gesunde Umgebung f\u00fcr Fische und Pflanzen zu schaffen. Besonders f\u00fcr Aquarien- und Teichbesitzer mit weichem Wasser ist es ein unverzichtbares Produkt.<\/p>\t\t\t\t\t\t\t\t<\/div>\n\t\t\t\t\t<\/div>\n\t\t\t\t<\/div>\n\t\t\t\t<\/div>\n\t\t","protected":false},"excerpt":{"rendered":"<p>Microbe-Lift pH-Min hilft, den pH-Wert in Teichen und Aquarien auf ein optimales Niveau zu senken. Durch den gezielten Einsatz dieses pH-Regulators bleibt das Wasser stabil und die Lebensbedingungen f\u00fcr Fische und Pflanzen werden ideal unterst\u00fctzt. Es ist einfach anzuwenden und sorgt f\u00fcr eine nachhaltige Kontrolle des pH-Werts. Besonders geeignet f\u00fcr weiches Wasser.<\/p>\n","protected":false},"featured_media":18543,"comment_status":"open","ping_status":"closed","template":"","meta":{"_monsterinsights_skip_tracking":false,"_monsterinsights_sitenote_active":false,"_monsterinsights_sitenote_note":"","_monsterinsights_sitenote_category":0},"product_brand":[],"product_cat":[433],"product_tag":[1180,1182,1259,1260,1261,1262,1263,1070,1077],"class_list":{"0":"post-18541","1":"product","2":"type-product","3":"status-publish","4":"has-post-thumbnail","6":"product_cat-filterung-naehrstoffe","7":"product_tag-aquarienpflege","8":"product_tag-microbe-lift","9":"product_tag-ph-senkung","10":"product_tag-ph-minus","11":"product_tag-ph-min","12":"product_tag-ph-regulator","13":"product_tag-ph-wert-senken","14":"product_tag-biologie","15":"product_tag-ph-wert","16":"pa_hersteller-microbe-lift","18":"first","19":"instock","20":"taxable","21":"shipping-taxable","22":"purchasable","23":"product-type-simple"},"bundled_by":[],"bundle_stock_status":"instock","bundle_stock_quantity":1,"bundle_virtual":false,"bundle_layout":"","bundle_add_to_cart_form_location":"","bundle_editable_in_cart":false,"bundle_sold_individually_context":"","bundle_item_grouping":"","bundle_min_size":"","bundle_max_size":"","bundle_price":[],"bundled_items":[],"bundle_sell_ids":[],"supplier_id":null,"supplier_sku":"","barcode":null,"atum_controlled":true,"out_stock_date":null,"out_stock_threshold":null,"inheritable":false,"inbound_stock":0,"stock_on_hold":0,"sold_today":0,"sales_last_days":0,"reserved_stock":0,"customer_returns":0,"warehouse_damage":0,"lost_in_post":0,"other_logs":0,"out_stock_days":0,"lost_sales":0,"has_location":false,"update_date":"2026-05-07T00:28:25","atum_locations":[],"atum_stock_status":"instock","restock_status":false,"low_stock_amount":"","sales_update_date":"2026-05-07T00:28:25","calc_backorders":null,"tiered_pricing_type":"fixed","tiered_pricing_fixed_rules":[],"tiered_pricing_product_settings":{"layout":"default","base_unit_name":{"singular":null,"plural":null},"default_variation":null},"tiered_pricing_minimum_quantity":null,"tiered_pricing_roles_data":[],"tiered_pricing_percentage_rules":[],"_links":{"self":[{"href":"https:\/\/www.lets-grow.de\/blog\/wp-json\/wp\/v2\/product\/18541","targetHints":{"allow":["GET"]}}],"collection":[{"href":"https:\/\/www.lets-grow.de\/blog\/wp-json\/wp\/v2\/product"}],"about":[{"href":"https:\/\/www.lets-grow.de\/blog\/wp-json\/wp\/v2\/types\/product"}],"replies":[{"embeddable":true,"href":"https:\/\/www.lets-grow.de\/blog\/wp-json\/wp\/v2\/comments?post=18541"}],"version-history":[{"count":0,"href":"https:\/\/www.lets-grow.de\/blog\/wp-json\/wp\/v2\/product\/18541\/revisions"}],"wp:featuredmedia":[{"embeddable":true,"href":"https:\/\/www.lets-grow.de\/blog\/wp-json\/wp\/v2\/media\/18543"}],"wp:attachment":[{"href":"https:\/\/www.lets-grow.de\/blog\/wp-json\/wp\/v2\/media?parent=18541"}],"wp:term":[{"taxonomy":"product_brand","embeddable":true,"href":"https:\/\/www.lets-grow.de\/blog\/wp-json\/wp\/v2\/product_brand?post=18541"},{"taxonomy":"product_cat","embeddable":true,"href":"https:\/\/www.lets-grow.de\/blog\/wp-json\/wp\/v2\/product_cat?post=18541"},{"taxonomy":"product_tag","embeddable":true,"href":"https:\/\/www.lets-grow.de\/blog\/wp-json\/wp\/v2\/product_tag?post=18541"}],"curies":[{"name":"wp","href":"https:\/\/api.w.org\/{rel}","templated":true}]}}