{"id":18386,"date":"2025-02-13T18:10:33","date_gmt":"2025-02-13T17:10:33","guid":{"rendered":"https:\/\/www.lets-grow.de\/blog\/?post_type=product&#038;p=18386"},"modified":"2026-05-05T20:29:39","modified_gmt":"2026-05-05T18:29:39","slug":"kokoserde-farmers-choice-50l-10l","status":"publish","type":"product","link":"https:\/\/www.lets-grow.de\/blog\/shop\/kokoserde-farmers-choice-50l-10l\/","title":{"rendered":"Farmer&#8217;s Choice Kokoserde"},"content":{"rendered":"\t\t<div data-elementor-type=\"product-post\" data-elementor-id=\"18386\" class=\"elementor elementor-18386\" data-elementor-post-type=\"product\">\n\t\t\t\t<div class=\"wd-negative-gap elementor-element elementor-element-536dc19d e-flex e-con-boxed e-con e-parent\" data-id=\"536dc19d\" data-element_type=\"container\" data-e-type=\"container\">\n\t\t\t\t\t<div class=\"e-con-inner\">\n\t\t\t\t<div class=\"elementor-element elementor-element-5e632c74 elementor-widget elementor-widget-heading\" data-id=\"5e632c74\" data-element_type=\"widget\" data-e-type=\"widget\" data-widget_type=\"heading.default\">\n\t\t\t\t\t<h2 class=\"elementor-heading-title elementor-size-default\">Farmer's Choice Kokoserde \u2013 Das perfekte Substrat f\u00fcr gesundes Pflanzenwachstum<\/h2>\t\t\t\t<\/div>\n\t\t\t\t<div class=\"elementor-element elementor-element-dfa7b08 color-scheme-inherit text-left elementor-widget elementor-widget-text-editor\" data-id=\"dfa7b08\" data-element_type=\"widget\" data-e-type=\"widget\" data-widget_type=\"text-editor.default\">\n\t\t\t\t\t\t\t\t\t<p>Farmer&#8217;s Choice Kokoserde ist ein hochwertiges, torffreies Substrat, das f\u00fcr eine hervorragende Wurzelbel\u00fcftung sorgt und gleichzeitig Wasser optimal speichert. Es eignet sich f\u00fcr verschiedene Anbaumethoden, darunter Hydroponik, Topfkulturen und Bodenmischungen.<\/p>\t\t\t\t\t\t\t\t<\/div>\n\t\t\t\t<div class=\"elementor-element elementor-element-559fb090 elementor-widget elementor-widget-spacer\" data-id=\"559fb090\" data-element_type=\"widget\" data-e-type=\"widget\" data-widget_type=\"spacer.default\">\n\t\t\t\t\t\t\t<div class=\"elementor-spacer\">\n\t\t\t<div class=\"elementor-spacer-inner\"><\/div>\n\t\t<\/div>\n\t\t\t\t\t\t<\/div>\n\t\t\t\t<div class=\"elementor-element elementor-element-141e7472 elementor-widget elementor-widget-heading\" data-id=\"141e7472\" data-element_type=\"widget\" data-e-type=\"widget\" data-widget_type=\"heading.default\">\n\t\t\t\t\t<h2 class=\"elementor-heading-title elementor-size-default\">Varianten<\/h2>\t\t\t\t<\/div>\n\t\t\t\t<div class=\"elementor-element elementor-element-38b88cfd color-scheme-inherit text-left elementor-widget elementor-widget-text-editor\" data-id=\"38b88cfd\" data-element_type=\"widget\" data-e-type=\"widget\" data-widget_type=\"text-editor.default\">\n\t\t\t\t\t\t\t\t\t<p>\ud83d\udd39 <strong data-start=\"1308\" data-end=\"1320\">50L lose<\/strong> \u2013 Sofort einsatzbereit, ideal f\u00fcr gr\u00f6\u00dfere Mengen<br data-start=\"1369\" data-end=\"1372\" \/>\ud83d\udd39 <strong data-start=\"1375\" data-end=\"1390\">10L Brikett<\/strong> \u2013 Platzsparend, erst nach Zugabe von Wasser quillt die Erde auf ca. 10L Kokoserde auf<\/p>\t\t\t\t\t\t\t\t<\/div>\n\t\t\t\t<div class=\"elementor-element elementor-element-4363f2a6 elementor-widget elementor-widget-spacer\" data-id=\"4363f2a6\" data-element_type=\"widget\" data-e-type=\"widget\" data-widget_type=\"spacer.default\">\n\t\t\t\t\t\t\t<div class=\"elementor-spacer\">\n\t\t\t<div class=\"elementor-spacer-inner\"><\/div>\n\t\t<\/div>\n\t\t\t\t\t\t<\/div>\n\t\t\t\t<div class=\"elementor-element elementor-element-28debedf elementor-widget elementor-widget-heading\" data-id=\"28debedf\" data-element_type=\"widget\" data-e-type=\"widget\" data-widget_type=\"heading.default\">\n\t\t\t\t\t<h2 class=\"elementor-heading-title elementor-size-default\">Vorteile<\/h2>\t\t\t\t<\/div>\n\t\t\t\t<div class=\"elementor-element elementor-element-6b0c7e4d color-scheme-inherit text-left elementor-widget elementor-widget-text-editor\" data-id=\"6b0c7e4d\" data-element_type=\"widget\" data-e-type=\"widget\" data-widget_type=\"text-editor.default\">\n\t\t\t\t\t\t\t\t\t<p>\u2714 <strong data-start=\"1509\" data-end=\"1534\">Torffrei &amp; nachhaltig<\/strong> \u2013 Umweltfreundliche Alternative zu Torfsubstraten<br data-start=\"1584\" data-end=\"1587\" \/>\u2714 <strong data-start=\"1589\" data-end=\"1617\">Optimale Wurzelbel\u00fcftung<\/strong> \u2013 F\u00f6rdert gesundes Wachstum &amp; starke Pflanzen<br data-start=\"1663\" data-end=\"1666\" \/>\u2714 <strong data-start=\"1668\" data-end=\"1705\">Hohe Wasseraufnahme &amp; Speicherung<\/strong> \u2013 Weniger Gie\u00dfaufwand, bessere Feuchtigkeitsregulierung<br data-start=\"1761\" data-end=\"1764\" \/>\u2714 <strong data-start=\"1766\" data-end=\"1791\">Universell einsetzbar<\/strong> \u2013 Perfekt f\u00fcr Gem\u00fcse, Kr\u00e4uter, Zierpflanzen &amp; Hydroponik<br data-start=\"1848\" data-end=\"1851\" \/>\u2714 <strong data-start=\"1853\" data-end=\"1882\">pH-neutral &amp; n\u00e4hrstoffarm<\/strong> \u2013 Individuell mit D\u00fcnger anpassbar<\/p>\t\t\t\t\t\t\t\t<\/div>\n\t\t\t\t<div class=\"elementor-element elementor-element-6de91b53 elementor-widget elementor-widget-spacer\" data-id=\"6de91b53\" data-element_type=\"widget\" data-e-type=\"widget\" data-widget_type=\"spacer.default\">\n\t\t\t\t\t\t\t<div class=\"elementor-spacer\">\n\t\t\t<div class=\"elementor-spacer-inner\"><\/div>\n\t\t<\/div>\n\t\t\t\t\t\t<\/div>\n\t\t\t\t<div class=\"elementor-element elementor-element-a993f5b elementor-widget elementor-widget-heading\" data-id=\"a993f5b\" data-element_type=\"widget\" data-e-type=\"widget\" data-widget_type=\"heading.default\">\n\t\t\t\t\t<h2 class=\"elementor-heading-title elementor-size-default\">Zusammenfassung<\/h2>\t\t\t\t<\/div>\n\t\t\t\t<div class=\"elementor-element elementor-element-48016323 color-scheme-inherit text-left elementor-widget elementor-widget-text-editor\" data-id=\"48016323\" data-element_type=\"widget\" data-e-type=\"widget\" data-widget_type=\"text-editor.default\">\n\t\t\t\t\t\t\t\t\t<p>Farmer&#8217;s Choice Kokoserde ist die ideale Wahl f\u00fcr alle, die ein luftiges, nachhaltiges und vielseitig einsetzbares Substrat suchen. Ob lose oder als platzsparendes Brikett \u2013 die perfekte Grundlage f\u00fcr gesunde Pflanzen!<\/p>\t\t\t\t\t\t\t\t<\/div>\n\t\t\t\t\t<\/div>\n\t\t\t\t<\/div>\n\t\t\t\t<\/div>\n\t\t","protected":false},"excerpt":{"rendered":"<p>Farmer&#8217;s Choice Kokoserde ist ein nachhaltiges, torffreies Substrat mit hoher Wasserspeicherkapazit\u00e4t und optimaler Wurzelbel\u00fcftung. Perfekt f\u00fcr Hydrokultur, Gem\u00fcse- und Zierpflanzenanbau. Erh\u00e4ltlich in 50L lose f\u00fcr den direkten Einsatz oder als 650g Brikett \u2013 kompakt &amp; platzsparend, mit Wasser aufquellbar auf ca. 10L lockere Erde.<\/p>\n","protected":false},"featured_media":18390,"comment_status":"open","ping_status":"closed","template":"","meta":{"_monsterinsights_skip_tracking":false,"_monsterinsights_sitenote_active":false,"_monsterinsights_sitenote_note":"","_monsterinsights_sitenote_category":0},"product_brand":[],"product_cat":[834],"product_tag":[1159,1160,835,1161,1771,1772,1876,1154,1155,1156,1157,1158],"class_list":{"0":"post-18386","1":"product","2":"type-product","3":"status-publish","4":"has-post-thumbnail","6":"product_cat-substrate","7":"product_tag-kokoserde-brikett","8":"product_tag-coco-substrat","9":"product_tag-kokos","10":"product_tag-erde-fuer-hydrokultur","11":"product_tag-coco","12":"product_tag-cocos","13":"product_tag-cocoserde","14":"product_tag-kokoserde","15":"product_tag-kokossubstrat","16":"product_tag-farmers-choice-kokoserde","17":"product_tag-gepresste-kokoserde","18":"product_tag-lose-kokoserde","19":"pa_hersteller-farmers-choice","21":"first","22":"instock","23":"taxable","24":"shipping-taxable","25":"purchasable","26":"product-type-variable","27":"has-default-attributes"},"bundled_by":["18665","18667"],"bundle_stock_status":"instock","bundle_stock_quantity":null,"bundle_virtual":false,"bundle_layout":"","bundle_add_to_cart_form_location":"","bundle_editable_in_cart":false,"bundle_sold_individually_context":"","bundle_item_grouping":"","bundle_min_size":"","bundle_max_size":"","bundle_price":[],"bundled_items":[],"bundle_sell_ids":[],"supplier_id":null,"supplier_sku":"","barcode":null,"atum_controlled":true,"out_stock_date":null,"out_stock_threshold":null,"inheritable":true,"inbound_stock":0,"stock_on_hold":0,"sold_today":0,"sales_last_days":0,"reserved_stock":0,"customer_returns":0,"warehouse_damage":0,"lost_in_post":0,"other_logs":0,"out_stock_days":0,"lost_sales":0,"has_location":false,"update_date":"2026-05-16T00:01:24","atum_locations":[],"atum_stock_status":"instock","restock_status":false,"low_stock_amount":"","sales_update_date":"2026-05-16T00:01:24","calc_backorders":null,"tiered_pricing_type":"fixed","tiered_pricing_fixed_rules":[],"tiered_pricing_product_settings":{"layout":"default","base_unit_name":{"singular":null,"plural":null},"default_variation":null},"tiered_pricing_minimum_quantity":null,"tiered_pricing_roles_data":[],"tiered_pricing_percentage_rules":[],"_links":{"self":[{"href":"https:\/\/www.lets-grow.de\/blog\/wp-json\/wp\/v2\/product\/18386","targetHints":{"allow":["GET"]}}],"collection":[{"href":"https:\/\/www.lets-grow.de\/blog\/wp-json\/wp\/v2\/product"}],"about":[{"href":"https:\/\/www.lets-grow.de\/blog\/wp-json\/wp\/v2\/types\/product"}],"replies":[{"embeddable":true,"href":"https:\/\/www.lets-grow.de\/blog\/wp-json\/wp\/v2\/comments?post=18386"}],"version-history":[{"count":1,"href":"https:\/\/www.lets-grow.de\/blog\/wp-json\/wp\/v2\/product\/18386\/revisions"}],"predecessor-version":[{"id":20830,"href":"https:\/\/www.lets-grow.de\/blog\/wp-json\/wp\/v2\/product\/18386\/revisions\/20830"}],"wp:featuredmedia":[{"embeddable":true,"href":"https:\/\/www.lets-grow.de\/blog\/wp-json\/wp\/v2\/media\/18390"}],"wp:attachment":[{"href":"https:\/\/www.lets-grow.de\/blog\/wp-json\/wp\/v2\/media?parent=18386"}],"wp:term":[{"taxonomy":"product_brand","embeddable":true,"href":"https:\/\/www.lets-grow.de\/blog\/wp-json\/wp\/v2\/product_brand?post=18386"},{"taxonomy":"product_cat","embeddable":true,"href":"https:\/\/www.lets-grow.de\/blog\/wp-json\/wp\/v2\/product_cat?post=18386"},{"taxonomy":"product_tag","embeddable":true,"href":"https:\/\/www.lets-grow.de\/blog\/wp-json\/wp\/v2\/product_tag?post=18386"}],"curies":[{"name":"wp","href":"https:\/\/api.w.org\/{rel}","templated":true}]}}