{"id":18075,"date":"2025-02-07T19:38:16","date_gmt":"2025-02-07T18:38:16","guid":{"rendered":"https:\/\/www.lets-grow.de\/blog\/?post_type=product&#038;p=18075"},"modified":"2026-04-29T13:41:24","modified_gmt":"2026-04-29T11:41:24","slug":"pvc-u-langbogen","status":"publish","type":"product","link":"https:\/\/www.lets-grow.de\/blog\/shop\/pvc-u-langbogen\/","title":{"rendered":"PVC-U Langbogen"},"content":{"rendered":"\t\t<div data-elementor-type=\"product-post\" data-elementor-id=\"18075\" class=\"elementor elementor-18075\" data-elementor-post-type=\"product\">\n\t\t\t\t<div class=\"wd-negative-gap elementor-element elementor-element-4b4a23f7 e-flex e-con-boxed e-con e-parent\" data-id=\"4b4a23f7\" data-element_type=\"container\" data-e-type=\"container\">\n\t\t\t\t\t<div class=\"e-con-inner\">\n\t\t\t\t<div class=\"elementor-element elementor-element-3ef00fa3 elementor-widget elementor-widget-heading\" data-id=\"3ef00fa3\" data-element_type=\"widget\" data-e-type=\"widget\" data-widget_type=\"heading.default\">\n\t\t\t\t\t<h2 class=\"elementor-heading-title elementor-size-default\">PVC-U Langbogen 90\u00b0 \u2013 Hochwertige Rohrverbindung mit gro\u00dfem Radius<\/h2>\t\t\t\t<\/div>\n\t\t\t\t<div class=\"elementor-element elementor-element-302114d1 color-scheme-inherit text-left elementor-widget elementor-widget-text-editor\" data-id=\"302114d1\" data-element_type=\"widget\" data-e-type=\"widget\" data-widget_type=\"text-editor.default\">\n\t\t\t\t\t\t\t\t\t<p>Erleben Sie die Pro Grip Seilzugrollen, die perfekte L\u00f6sung f\u00fcr eine sichere und m\u00fchelose Aufh\u00e4ngung schwerer Beleuchtungsger\u00e4te, Reflektoren, Filter, Bel\u00fcftungsger\u00e4te und anderer Ausstattungen in Ihrem Gew\u00e4chshaus oder Ihrer Growbox. Mit diesen Seilzugrollen k\u00f6nnen Sie Ger\u00e4te schnell und zuverl\u00e4ssig fixieren, um eine stabile Aufh\u00e4ngung zu gew\u00e4hrleisten.<\/p>\t\t\t\t\t\t\t\t<\/div>\n\t\t\t\t<div class=\"elementor-element elementor-element-2d6c565a elementor-widget elementor-widget-spacer\" data-id=\"2d6c565a\" data-element_type=\"widget\" data-e-type=\"widget\" data-widget_type=\"spacer.default\">\n\t\t\t\t\t\t\t<div class=\"elementor-spacer\">\n\t\t\t<div class=\"elementor-spacer-inner\"><\/div>\n\t\t<\/div>\n\t\t\t\t\t\t<\/div>\n\t\t\t\t<div class=\"elementor-element elementor-element-759d495e elementor-widget elementor-widget-heading\" data-id=\"759d495e\" data-element_type=\"widget\" data-e-type=\"widget\" data-widget_type=\"heading.default\">\n\t\t\t\t\t<h2 class=\"elementor-heading-title elementor-size-default\">Eigenschaften &amp; Vorteile<\/h2>\t\t\t\t<\/div>\n\t\t\t\t<div class=\"elementor-element elementor-element-264dbf70 color-scheme-inherit text-left elementor-widget elementor-widget-text-editor\" data-id=\"264dbf70\" data-element_type=\"widget\" data-e-type=\"widget\" data-widget_type=\"text-editor.default\">\n\t\t\t\t\t\t\t\t\t<p>\u2705 <strong>Sanfte Richtungs\u00e4nderung<\/strong> mit reduziertem Druckverlust<br \/>\u2705 <strong>Weniger Str\u00f6mungswiderstand<\/strong> dank gro\u00dfem Radius<br \/>\u2705 <strong>Hochwertiges PVC-U<\/strong> \u2013 langlebig, chemikalien- &amp; druckbest\u00e4ndig<br \/>\u2705 <strong>Universell einsetzbar<\/strong> in Aquaponik, Teichbau &amp; Industrie<br \/>\u2705 <strong>Einfache Montage<\/strong> \u2013 kompatibel mit handels\u00fcblichen PVC-U Rohren<\/p>\t\t\t\t\t\t\t\t<\/div>\n\t\t\t\t<div class=\"elementor-element elementor-element-ccdb607 elementor-widget elementor-widget-spacer\" data-id=\"ccdb607\" data-element_type=\"widget\" data-e-type=\"widget\" data-widget_type=\"spacer.default\">\n\t\t\t\t\t\t\t<div class=\"elementor-spacer\">\n\t\t\t<div class=\"elementor-spacer-inner\"><\/div>\n\t\t<\/div>\n\t\t\t\t\t\t<\/div>\n\t\t\t\t<div class=\"elementor-element elementor-element-2a25e24f elementor-widget elementor-widget-heading\" data-id=\"2a25e24f\" data-element_type=\"widget\" data-e-type=\"widget\" data-widget_type=\"heading.default\">\n\t\t\t\t\t<h2 class=\"elementor-heading-title elementor-size-default\">Anwendungsbereiche<\/h2>\t\t\t\t<\/div>\n\t\t\t\t<div class=\"elementor-element elementor-element-34e949a9 color-scheme-inherit text-left elementor-widget elementor-widget-text-editor\" data-id=\"34e949a9\" data-element_type=\"widget\" data-e-type=\"widget\" data-widget_type=\"text-editor.default\">\n\t\t\t\t\t\t\t\t\t<p>\ud83d\udd39 <strong>Aquaponik &amp; Hydroponik<\/strong> \u2013 Optimale Wasserf\u00fchrung ohne Verwirbelungen<br \/>\ud83d\udd39 <strong>Teich- &amp; Poolbau<\/strong> \u2013 Perfekte Str\u00f6mungsf\u00fchrung in Filtersystemen<br \/>\ud83d\udd39 <strong>Industrie &amp; Lufttechnik<\/strong> \u2013 Effiziente Luft- &amp; Wasserstr\u00f6mung ohne Druckverlust<\/p><p>Der <strong>PVC-U Langbogen 90\u00b0<\/strong> ist die ideale L\u00f6sung f\u00fcr alle, die eine <strong>effiziente, langlebige und zuverl\u00e4ssige Rohrverbindung<\/strong> ben\u00f6tigen.<\/p>\t\t\t\t\t\t\t\t<\/div>\n\t\t\t\t<div class=\"elementor-element elementor-element-1a290077 elementor-widget elementor-widget-spacer\" data-id=\"1a290077\" data-element_type=\"widget\" data-e-type=\"widget\" data-widget_type=\"spacer.default\">\n\t\t\t\t\t\t\t<div class=\"elementor-spacer\">\n\t\t\t<div class=\"elementor-spacer-inner\"><\/div>\n\t\t<\/div>\n\t\t\t\t\t\t<\/div>\n\t\t\t\t<div class=\"elementor-element elementor-element-6d1fdc7 elementor-widget elementor-widget-heading\" data-id=\"6d1fdc7\" data-element_type=\"widget\" data-e-type=\"widget\" data-widget_type=\"heading.default\">\n\t\t\t\t\t<h2 class=\"elementor-heading-title elementor-size-default\">Zusammenfassung<\/h2>\t\t\t\t<\/div>\n\t\t\t\t<div class=\"elementor-element elementor-element-61ea4939 color-scheme-inherit text-left elementor-widget elementor-widget-text-editor\" data-id=\"61ea4939\" data-element_type=\"widget\" data-e-type=\"widget\" data-widget_type=\"text-editor.default\">\n\t\t\t\t\t\t\t\t\t<p>Dieser <strong>Langbogen<\/strong> bietet eine optimierte <strong>Str\u00f6mungsf\u00fchrung<\/strong>, reduziert <strong>Druckverluste<\/strong> und ist extrem langlebig. Perfekt f\u00fcr <strong>professionelle Wasser- und Luftsysteme<\/strong>!<\/p><p><strong>Super in Verbindung mit unseren Lufthebern.<\/strong><\/p>\t\t\t\t\t\t\t\t<\/div>\n\t\t\t\t\t<\/div>\n\t\t\t\t<\/div>\n\t\t\t\t<\/div>\n\t\t","protected":false},"excerpt":{"rendered":"<p>Der <strong>PVC-U Langbogen 90\u00b0<\/strong> erm\u00f6glicht sanfte Richtungs\u00e4nderungen mit minimalem Widerstand. Durch den <strong>gr\u00f6\u00dferen Biegeradius<\/strong> wird der Druckverlust verringert und der Durchfluss optimiert. Gefertigt aus <strong>hochwertigem PVC-U<\/strong>, ist er <strong>chemikalien- &amp; druckbest\u00e4ndig<\/strong> \u2013 ideal f\u00fcr <strong>Aquaponik, Teichbau und industrielle Anwendungen<\/strong>. Ein langlebiges, zuverl\u00e4ssiges Fitting f\u00fcr professionelle Rohrsysteme.<\/p>\n","protected":false},"featured_media":18077,"comment_status":"open","ping_status":"closed","template":"","meta":{"_monsterinsights_skip_tracking":false,"_monsterinsights_sitenote_active":false,"_monsterinsights_sitenote_note":"","_monsterinsights_sitenote_category":0},"product_brand":[],"product_cat":[856],"product_tag":[1939,1940,1941,1942,999,1729,1938],"class_list":{"0":"post-18075","1":"product","2":"type-product","3":"status-publish","4":"has-post-thumbnail","6":"product_cat-installationsmaterial","7":"product_tag-bogen","8":"product_tag-auslass","9":"product_tag-winkel","10":"product_tag-rohr","11":"product_tag-pvc","12":"product_tag-luftheber","13":"product_tag-langbogen","14":"pa_hersteller-sibo","16":"first","17":"instock","18":"taxable","19":"shipping-taxable","20":"purchasable","21":"product-type-variable"},"bundled_by":[],"bundle_stock_status":"instock","bundle_stock_quantity":null,"bundle_virtual":false,"bundle_layout":"","bundle_add_to_cart_form_location":"","bundle_editable_in_cart":false,"bundle_sold_individually_context":"","bundle_item_grouping":"","bundle_min_size":"","bundle_max_size":"","bundle_price":[],"bundled_items":[],"bundle_sell_ids":[],"supplier_id":null,"supplier_sku":"","barcode":null,"atum_controlled":true,"out_stock_date":null,"out_stock_threshold":null,"inheritable":true,"inbound_stock":0,"stock_on_hold":0,"sold_today":0,"sales_last_days":0,"reserved_stock":0,"customer_returns":0,"warehouse_damage":0,"lost_in_post":0,"other_logs":0,"out_stock_days":0,"lost_sales":0,"has_location":false,"update_date":"2026-05-09T00:28:50","atum_locations":[],"atum_stock_status":"instock","restock_status":false,"low_stock_amount":"","sales_update_date":"2026-05-09T00:28:50","calc_backorders":null,"tiered_pricing_type":"fixed","tiered_pricing_fixed_rules":[],"tiered_pricing_product_settings":{"layout":"default","base_unit_name":{"singular":null,"plural":null},"default_variation":null},"tiered_pricing_minimum_quantity":null,"tiered_pricing_roles_data":[],"tiered_pricing_percentage_rules":[],"_links":{"self":[{"href":"https:\/\/www.lets-grow.de\/blog\/wp-json\/wp\/v2\/product\/18075","targetHints":{"allow":["GET"]}}],"collection":[{"href":"https:\/\/www.lets-grow.de\/blog\/wp-json\/wp\/v2\/product"}],"about":[{"href":"https:\/\/www.lets-grow.de\/blog\/wp-json\/wp\/v2\/types\/product"}],"replies":[{"embeddable":true,"href":"https:\/\/www.lets-grow.de\/blog\/wp-json\/wp\/v2\/comments?post=18075"}],"version-history":[{"count":1,"href":"https:\/\/www.lets-grow.de\/blog\/wp-json\/wp\/v2\/product\/18075\/revisions"}],"predecessor-version":[{"id":21069,"href":"https:\/\/www.lets-grow.de\/blog\/wp-json\/wp\/v2\/product\/18075\/revisions\/21069"}],"wp:featuredmedia":[{"embeddable":true,"href":"https:\/\/www.lets-grow.de\/blog\/wp-json\/wp\/v2\/media\/18077"}],"wp:attachment":[{"href":"https:\/\/www.lets-grow.de\/blog\/wp-json\/wp\/v2\/media?parent=18075"}],"wp:term":[{"taxonomy":"product_brand","embeddable":true,"href":"https:\/\/www.lets-grow.de\/blog\/wp-json\/wp\/v2\/product_brand?post=18075"},{"taxonomy":"product_cat","embeddable":true,"href":"https:\/\/www.lets-grow.de\/blog\/wp-json\/wp\/v2\/product_cat?post=18075"},{"taxonomy":"product_tag","embeddable":true,"href":"https:\/\/www.lets-grow.de\/blog\/wp-json\/wp\/v2\/product_tag?post=18075"}],"curies":[{"name":"wp","href":"https:\/\/api.w.org\/{rel}","templated":true}]}}