{"id":18016,"date":"2025-02-07T17:32:00","date_gmt":"2025-02-07T16:32:00","guid":{"rendered":"https:\/\/www.lets-grow.de\/blog\/?post_type=product&#038;p=18016"},"modified":"2025-11-10T07:10:23","modified_gmt":"2025-11-10T06:10:23","slug":"pvc-u-t-stueck","status":"publish","type":"product","link":"https:\/\/www.lets-grow.de\/blog\/shop\/pvc-u-t-stueck\/","title":{"rendered":"PVC-U T-St\u00fcck"},"content":{"rendered":"\t\t<div data-elementor-type=\"product-post\" data-elementor-id=\"18016\" class=\"elementor elementor-18016\" data-elementor-post-type=\"product\">\n\t\t\t\t<div class=\"wd-negative-gap elementor-element elementor-element-622ed9a4 e-flex e-con-boxed e-con e-parent\" data-id=\"622ed9a4\" data-element_type=\"container\" data-e-type=\"container\">\n\t\t\t\t\t<div class=\"e-con-inner\">\n\t\t\t\t<div class=\"elementor-element elementor-element-3351cbd elementor-widget elementor-widget-heading\" data-id=\"3351cbd\" data-element_type=\"widget\" data-e-type=\"widget\" data-widget_type=\"heading.default\">\n\t\t\t\t\t<h2 class=\"elementor-heading-title elementor-size-default\">PVC-U T-St\u00fcck \u2013 Robuster Fitting f\u00fcr zuverl\u00e4ssige Rohrabzweigungen<\/h2>\t\t\t\t<\/div>\n\t\t\t\t<div class=\"elementor-element elementor-element-340a8c37 color-scheme-inherit text-left elementor-widget elementor-widget-text-editor\" data-id=\"340a8c37\" data-element_type=\"widget\" data-e-type=\"widget\" data-widget_type=\"text-editor.default\">\n\t\t\t\t\t\t\t\t\t<p>Das <strong>PVC-U T-St\u00fcck<\/strong> ist die ideale L\u00f6sung f\u00fcr eine <strong>stabile und pr\u00e4zise Rohrabzweigung<\/strong> in <strong>Aquaponik, Hydroponik, Teichbau, Bew\u00e4sserungssystemen und industriellen Anwendungen<\/strong>. Hergestellt aus hochwertigem <strong>PVC-U<\/strong>, bietet es eine <strong>hervorragende Druck- und Chemikalienbest\u00e4ndigkeit<\/strong>. Die <strong>drei Klebemuffen<\/strong> sorgen f\u00fcr eine <strong>sichere und wasserdichte Verbindung<\/strong>, die langlebig und belastbar bleibt.<\/p>\t\t\t\t\t\t\t\t<\/div>\n\t\t\t\t<div class=\"elementor-element elementor-element-13e0d1c8 elementor-widget elementor-widget-spacer\" data-id=\"13e0d1c8\" data-element_type=\"widget\" data-e-type=\"widget\" data-widget_type=\"spacer.default\">\n\t\t\t\t\t\t\t<div class=\"elementor-spacer\">\n\t\t\t<div class=\"elementor-spacer-inner\"><\/div>\n\t\t<\/div>\n\t\t\t\t\t\t<\/div>\n\t\t\t\t<div class=\"elementor-element elementor-element-7cc0e6fc elementor-widget elementor-widget-heading\" data-id=\"7cc0e6fc\" data-element_type=\"widget\" data-e-type=\"widget\" data-widget_type=\"heading.default\">\n\t\t\t\t\t<h2 class=\"elementor-heading-title elementor-size-default\">Eigenschaften &amp; Vorteile<\/h2>\t\t\t\t<\/div>\n\t\t\t\t<div class=\"elementor-element elementor-element-4825ca6 color-scheme-inherit text-left elementor-widget elementor-widget-text-editor\" data-id=\"4825ca6\" data-element_type=\"widget\" data-e-type=\"widget\" data-widget_type=\"text-editor.default\">\n\t\t\t\t\t\t\t\t\t<p>\u2705 <strong>Perfekte 90\u00b0-Abzweigung<\/strong> \u2013 F\u00fcr eine saubere und effiziente Wasserf\u00fchrung<br \/>\u2705 <strong>Hochwertiges PVC-U<\/strong> \u2013 Robust, langlebig &amp; korrosionsbest\u00e4ndig<br \/>\u2705 <strong>Druck- &amp; Chemikalienbest\u00e4ndig<\/strong> \u2013 Ideal f\u00fcr Wasser, Luft &amp; andere Medien<br \/>\u2705 <strong>Einfache Klebemontage<\/strong> \u2013 Sichere &amp; dauerhafte Verbindung durch Klebemuffen<br \/>\u2705 <strong>Vielseitig einsetzbar<\/strong> \u2013 Perfekt f\u00fcr Aquaponik, Teichbau, Bew\u00e4sserung &amp; Industrie<\/p>\t\t\t\t\t\t\t\t<\/div>\n\t\t\t\t<div class=\"elementor-element elementor-element-76e6bd95 elementor-widget elementor-widget-spacer\" data-id=\"76e6bd95\" data-element_type=\"widget\" data-e-type=\"widget\" data-widget_type=\"spacer.default\">\n\t\t\t\t\t\t\t<div class=\"elementor-spacer\">\n\t\t\t<div class=\"elementor-spacer-inner\"><\/div>\n\t\t<\/div>\n\t\t\t\t\t\t<\/div>\n\t\t\t\t<div class=\"elementor-element elementor-element-265ef6a4 elementor-widget elementor-widget-heading\" data-id=\"265ef6a4\" data-element_type=\"widget\" data-e-type=\"widget\" data-widget_type=\"heading.default\">\n\t\t\t\t\t<h2 class=\"elementor-heading-title elementor-size-default\">Anwendungsbereiche<\/h2>\t\t\t\t<\/div>\n\t\t\t\t<div class=\"elementor-element elementor-element-25015966 color-scheme-inherit text-left elementor-widget elementor-widget-text-editor\" data-id=\"25015966\" data-element_type=\"widget\" data-e-type=\"widget\" data-widget_type=\"text-editor.default\">\n\t\t\t\t\t\t\t\t\t<p>\ud83d\udd39 <strong>Aquaponik &amp; Hydroponik<\/strong> \u2013 Optimale Wasserf\u00fchrung &amp; Abzweigungen<br \/>\ud83d\udd39 <strong>Teich- &amp; Poolbau<\/strong> \u2013 Zuverl\u00e4ssige Verbindungen in Filtersystemen<br \/>\ud83d\udd39 <strong>Bew\u00e4sserungssysteme<\/strong> \u2013 Effiziente Verteilung des Wassers<br \/>\ud83d\udd39 <strong>Industrie &amp; Chemietechnik<\/strong> \u2013 Best\u00e4ndig gegen\u00fcber vielen Chemikalien<\/p><p>Das <strong>PVC-U T-St\u00fcck<\/strong> erm\u00f6glicht eine einfache Installation und garantiert eine <strong>dauerhafte, stabile und dichte Rohrverbindung<\/strong>.<\/p><p>\ud83d\udccc <strong>Tipp:<\/strong> F\u00fcr eine perfekte Abdichtung empfehlen wir die Verwendung von <strong>PVC-Kleber &amp; Reiniger<\/strong>.<\/p><p>\ud83d\udc49 Jetzt das passende PVC-U T-St\u00fcck w\u00e4hlen &amp; Ihr Rohrsystem optimal erweitern!<\/p>\t\t\t\t\t\t\t\t<\/div>\n\t\t\t\t<div class=\"elementor-element elementor-element-205c888a elementor-widget elementor-widget-spacer\" data-id=\"205c888a\" data-element_type=\"widget\" data-e-type=\"widget\" data-widget_type=\"spacer.default\">\n\t\t\t\t\t\t\t<div class=\"elementor-spacer\">\n\t\t\t<div class=\"elementor-spacer-inner\"><\/div>\n\t\t<\/div>\n\t\t\t\t\t\t<\/div>\n\t\t\t\t<div class=\"elementor-element elementor-element-6d40eb80 elementor-widget elementor-widget-heading\" data-id=\"6d40eb80\" data-element_type=\"widget\" data-e-type=\"widget\" data-widget_type=\"heading.default\">\n\t\t\t\t\t<h2 class=\"elementor-heading-title elementor-size-default\">Zusammenfassung<\/h2>\t\t\t\t<\/div>\n\t\t\t\t<div class=\"elementor-element elementor-element-348e2853 color-scheme-inherit text-left elementor-widget elementor-widget-text-editor\" data-id=\"348e2853\" data-element_type=\"widget\" data-e-type=\"widget\" data-widget_type=\"text-editor.default\">\n\t\t\t\t\t\t\t\t\t<p>Das <strong>PVC-U T-St\u00fcck<\/strong> ist ein <strong>unverzichtbarer Fitting f\u00fcr stabile und dichte Rohrabzweigungen<\/strong>. Dank des hochwertigen <strong>PVC-U-Materials<\/strong> ist es <strong>korrosionsbest\u00e4ndig, druckfest und chemikalienresistent<\/strong>, was es ideal f\u00fcr <strong>Aquaponik, Hydroponik, Bew\u00e4sserung, Teich- und Poolbau sowie industrielle Anwendungen<\/strong> macht. Die <strong>einfache Klebemontage<\/strong> sorgt f\u00fcr eine <strong>dauerhafte und zuverl\u00e4ssige Verbindung<\/strong>.<\/p><p>\ud83d\udca1 <strong>Wer eine pr\u00e4zise und langlebige Rohrabzweigung sucht, trifft mit diesem PVC-U T-St\u00fcck die perfekte Wahl!<\/strong><\/p>\t\t\t\t\t\t\t\t<\/div>\n\t\t\t\t\t<\/div>\n\t\t\t\t<\/div>\n\t\t\t\t<\/div>\n\t\t","protected":false},"excerpt":{"rendered":"<p>Das PVC-U T-St\u00fcck erm\u00f6glicht eine <strong>zuverl\u00e4ssige Abzweigung<\/strong> in Rohrsystemen und ist ideal f\u00fcr <strong>Aquaponik, Hydroponik, Teichbau &amp; Bew\u00e4sserung<\/strong>. Gefertigt aus <strong>hochwertigem PVC-U<\/strong>, bietet es eine <strong>hohe Druck- &amp; Chemikalienbest\u00e4ndigkeit<\/strong>. Dank der <strong>beidseitigen Klebemuffen<\/strong> ist die Montage einfach und garantiert eine dichte, stabile Verbindung. Perfekt f\u00fcr jede Wasserinstallation!<\/p>\n","protected":false},"featured_media":18017,"comment_status":"open","ping_status":"closed","template":"","meta":{"_monsterinsights_skip_tracking":false,"_monsterinsights_sitenote_active":false,"_monsterinsights_sitenote_note":"","_monsterinsights_sitenote_category":0},"product_brand":[],"product_cat":[856],"product_tag":[1009,1010,999,1011,1000,1012,1013,1006,1007,1008],"class_list":{"0":"post-18016","1":"product","2":"type-product","3":"status-publish","4":"has-post-thumbnail","6":"product_cat-installationsmaterial","7":"product_tag-rohrabzweigung-pvc","8":"product_tag-pvc-fitting-t","9":"product_tag-pvc","10":"product_tag-t-stueck-klebemuffe","11":"product_tag-pvc-u","12":"product_tag-pvc-verteiler","13":"product_tag-pvc-t-fitting","14":"product_tag-t-stueck","15":"product_tag-pvc-t-stueck","16":"product_tag-pvc-u-t-stueck","17":"pa_hersteller-sibo","19":"first","20":"instock","21":"taxable","22":"shipping-taxable","23":"purchasable","24":"product-type-variable"},"bundled_by":[],"bundle_stock_status":"instock","bundle_stock_quantity":null,"bundle_virtual":false,"bundle_layout":"","bundle_add_to_cart_form_location":"","bundle_editable_in_cart":false,"bundle_sold_individually_context":"","bundle_item_grouping":"","bundle_min_size":"","bundle_max_size":"","bundle_price":[],"bundled_items":[],"bundle_sell_ids":[],"supplier_id":null,"supplier_sku":"","barcode":null,"atum_controlled":true,"out_stock_date":null,"out_stock_threshold":null,"inheritable":false,"inbound_stock":0,"stock_on_hold":0,"sold_today":0,"sales_last_days":0,"reserved_stock":0,"customer_returns":0,"warehouse_damage":0,"lost_in_post":0,"other_logs":0,"out_stock_days":0,"lost_sales":0,"has_location":false,"update_date":"2026-05-09T00:28:45","atum_locations":[],"atum_stock_status":"instock","restock_status":false,"low_stock_amount":"","sales_update_date":"2026-05-09T00:28:45","calc_backorders":null,"tiered_pricing_type":"fixed","tiered_pricing_fixed_rules":[],"tiered_pricing_product_settings":{"layout":"default","base_unit_name":{"singular":null,"plural":null},"default_variation":null},"tiered_pricing_minimum_quantity":null,"tiered_pricing_roles_data":[],"tiered_pricing_percentage_rules":[],"_links":{"self":[{"href":"https:\/\/www.lets-grow.de\/blog\/wp-json\/wp\/v2\/product\/18016","targetHints":{"allow":["GET"]}}],"collection":[{"href":"https:\/\/www.lets-grow.de\/blog\/wp-json\/wp\/v2\/product"}],"about":[{"href":"https:\/\/www.lets-grow.de\/blog\/wp-json\/wp\/v2\/types\/product"}],"replies":[{"embeddable":true,"href":"https:\/\/www.lets-grow.de\/blog\/wp-json\/wp\/v2\/comments?post=18016"}],"version-history":[{"count":0,"href":"https:\/\/www.lets-grow.de\/blog\/wp-json\/wp\/v2\/product\/18016\/revisions"}],"wp:featuredmedia":[{"embeddable":true,"href":"https:\/\/www.lets-grow.de\/blog\/wp-json\/wp\/v2\/media\/18017"}],"wp:attachment":[{"href":"https:\/\/www.lets-grow.de\/blog\/wp-json\/wp\/v2\/media?parent=18016"}],"wp:term":[{"taxonomy":"product_brand","embeddable":true,"href":"https:\/\/www.lets-grow.de\/blog\/wp-json\/wp\/v2\/product_brand?post=18016"},{"taxonomy":"product_cat","embeddable":true,"href":"https:\/\/www.lets-grow.de\/blog\/wp-json\/wp\/v2\/product_cat?post=18016"},{"taxonomy":"product_tag","embeddable":true,"href":"https:\/\/www.lets-grow.de\/blog\/wp-json\/wp\/v2\/product_tag?post=18016"}],"curies":[{"name":"wp","href":"https:\/\/api.w.org\/{rel}","templated":true}]}}