{"id":17964,"date":"2025-02-05T20:00:45","date_gmt":"2025-02-05T19:00:45","guid":{"rendered":"https:\/\/www.lets-grow.de\/blog\/?post_type=product&#038;p=17964"},"modified":"2026-01-29T16:55:33","modified_gmt":"2026-01-29T15:55:33","slug":"plagron-cocos-a-b-1l","status":"publish","type":"product","link":"https:\/\/www.lets-grow.de\/blog\/shop\/plagron-cocos-a-b-1l\/","title":{"rendered":"Plagron Cocos A\/B &#8211; 1L"},"content":{"rendered":"\t\t<div data-elementor-type=\"product-post\" data-elementor-id=\"17964\" class=\"elementor elementor-17964\" data-elementor-post-type=\"product\">\n\t\t\t\t<div class=\"wd-negative-gap elementor-element elementor-element-115e9974 e-flex e-con-boxed e-con e-parent\" data-id=\"115e9974\" data-element_type=\"container\" data-e-type=\"container\">\n\t\t\t\t\t<div class=\"e-con-inner\">\n\t\t\t\t<div class=\"elementor-element elementor-element-237a7e14 color-scheme-inherit text-left elementor-widget elementor-widget-text-editor\" data-id=\"237a7e14\" data-element_type=\"widget\" data-e-type=\"widget\" data-widget_type=\"text-editor.default\">\n\t\t\t\t\t\t\t\t\t<p>Plagron Cocos A und B ist ein hochwertiger Fl\u00fcssigd\u00fcnger, der speziell f\u00fcr den Anbau in Kokos-Substraten entwickelt wurde. Die beiden Komponenten A und B erg\u00e4nzen sich optimal und bieten den Pflanzen alle notwendigen N\u00e4hrstoffe f\u00fcr ein gesundes Wachstum und eine \u00fcppige Bl\u00fcte.<\/p>\t\t\t\t\t\t\t\t<\/div>\n\t\t\t\t<div class=\"elementor-element elementor-element-65e42e8e elementor-widget elementor-widget-spacer\" data-id=\"65e42e8e\" data-element_type=\"widget\" data-e-type=\"widget\" data-widget_type=\"spacer.default\">\n\t\t\t\t\t\t\t<div class=\"elementor-spacer\">\n\t\t\t<div class=\"elementor-spacer-inner\"><\/div>\n\t\t<\/div>\n\t\t\t\t\t\t<\/div>\n\t\t\t\t<div class=\"elementor-element elementor-element-1efce88c elementor-widget elementor-widget-heading\" data-id=\"1efce88c\" data-element_type=\"widget\" data-e-type=\"widget\" data-widget_type=\"heading.default\">\n\t\t\t\t\t<h2 class=\"elementor-heading-title elementor-size-default\">Vorteile<\/h2>\t\t\t\t<\/div>\n\t\t\t\t<div class=\"elementor-element elementor-element-88c4183 color-scheme-inherit text-left elementor-widget elementor-widget-text-editor\" data-id=\"88c4183\" data-element_type=\"widget\" data-e-type=\"widget\" data-widget_type=\"text-editor.default\">\n\t\t\t\t\t\t\t\t\t<ul><li><strong>Optimale N\u00e4hrstoffversorgung:<\/strong> Die A- und B-Komponenten bieten eine ausgewogene N\u00e4hrstoffmischung f\u00fcr Kokos-Systeme.<\/li><li><strong>F\u00fcr alle Wachstumsphasen:<\/strong> Geeignet f\u00fcr sowohl die Wachstums- als auch die Bl\u00fctephase.<\/li><li><strong>Hohe Bioverf\u00fcgbarkeit:<\/strong> Bietet den Pflanzen alle wichtigen Makro- und Mikron\u00e4hrstoffe, die sie ben\u00f6tigen.<\/li><li><strong>Einfache Anwendung:<\/strong> Beide Komponenten werden zu gleichen Teilen in Wasser gemischt, was die Anwendung sehr einfach macht.<\/li><li><strong>F\u00fcr verschiedene Anbaumethoden:<\/strong> Ideal f\u00fcr Hydrokultur und verschiedene Substrat-Systeme.<\/li><\/ul>\t\t\t\t\t\t\t\t<\/div>\n\t\t\t\t<div class=\"elementor-element elementor-element-3163b2ff elementor-widget elementor-widget-spacer\" data-id=\"3163b2ff\" data-element_type=\"widget\" data-e-type=\"widget\" data-widget_type=\"spacer.default\">\n\t\t\t\t\t\t\t<div class=\"elementor-spacer\">\n\t\t\t<div class=\"elementor-spacer-inner\"><\/div>\n\t\t<\/div>\n\t\t\t\t\t\t<\/div>\n\t\t\t\t<div class=\"elementor-element elementor-element-7c81cf77 elementor-widget elementor-widget-heading\" data-id=\"7c81cf77\" data-element_type=\"widget\" data-e-type=\"widget\" data-widget_type=\"heading.default\">\n\t\t\t\t\t<h2 class=\"elementor-heading-title elementor-size-default\">Eigenschaften<\/h2>\t\t\t\t<\/div>\n\t\t\t\t<div class=\"elementor-element elementor-element-de6f9ca color-scheme-inherit text-left elementor-widget elementor-widget-text-editor\" data-id=\"de6f9ca\" data-element_type=\"widget\" data-e-type=\"widget\" data-widget_type=\"text-editor.default\">\n\t\t\t\t\t\t\t\t\t<ul><li><strong>Inhalt:<\/strong> 1 Liter je Variante<\/li><li><strong>N\u00e4hrstoffzusammensetzung:<\/strong><ul><li>A-Komponente: Stickstoff, Phosphor, Kalium<\/li><li>B-Komponente: Kalzium, Magnesium, Schwefel<\/li><\/ul><\/li><li><strong>pH-Wert:<\/strong> 5.5-6.5 (optimiert f\u00fcr Kokos)<\/li><li><strong>Empfohlene Dosierung:<\/strong> 3-5 ml pro Liter Wasser (je nach Wachstumsphase)<\/li><\/ul>\t\t\t\t\t\t\t\t<\/div>\n\t\t\t\t<div class=\"elementor-element elementor-element-135b381 elementor-widget elementor-widget-spacer\" data-id=\"135b381\" data-element_type=\"widget\" data-e-type=\"widget\" data-widget_type=\"spacer.default\">\n\t\t\t\t\t\t\t<div class=\"elementor-spacer\">\n\t\t\t<div class=\"elementor-spacer-inner\"><\/div>\n\t\t<\/div>\n\t\t\t\t\t\t<\/div>\n\t\t\t\t<div class=\"elementor-element elementor-element-77d04964 elementor-widget elementor-widget-heading\" data-id=\"77d04964\" data-element_type=\"widget\" data-e-type=\"widget\" data-widget_type=\"heading.default\">\n\t\t\t\t\t<h2 class=\"elementor-heading-title elementor-size-default\">Anwendungen der Pro Grip Light Seilzugrollen<\/h2>\t\t\t\t<\/div>\n\t\t\t\t<div class=\"elementor-element elementor-element-8538cfb color-scheme-inherit text-left elementor-widget elementor-widget-text-editor\" data-id=\"8538cfb\" data-element_type=\"widget\" data-e-type=\"widget\" data-widget_type=\"text-editor.default\">\n\t\t\t\t\t\t\t\t\t<ul><li>Mischen Sie die A- und B-Komponenten in gleichen Teilen in Wasser.<\/li><li>Achten Sie darauf, den pH-Wert des Wassers regelm\u00e4\u00dfig zu kontrollieren und anzupassen.<\/li><li>Verwenden Sie die L\u00f6sung je nach Wachstumsphase Ihrer Pflanzen, wobei die Dosierung f\u00fcr die Bl\u00fctephase angepasst werden sollte.<\/li><\/ul>\t\t\t\t\t\t\t\t<\/div>\n\t\t\t\t<div class=\"elementor-element elementor-element-5f8b3258 elementor-widget elementor-widget-spacer\" data-id=\"5f8b3258\" data-element_type=\"widget\" data-e-type=\"widget\" data-widget_type=\"spacer.default\">\n\t\t\t\t\t\t\t<div class=\"elementor-spacer\">\n\t\t\t<div class=\"elementor-spacer-inner\"><\/div>\n\t\t<\/div>\n\t\t\t\t\t\t<\/div>\n\t\t\t\t<div class=\"elementor-element elementor-element-16af2a86 elementor-widget elementor-widget-heading\" data-id=\"16af2a86\" data-element_type=\"widget\" data-e-type=\"widget\" data-widget_type=\"heading.default\">\n\t\t\t\t\t<h2 class=\"elementor-heading-title elementor-size-default\">Zusammenfassung<\/h2>\t\t\t\t<\/div>\n\t\t\t\t<div class=\"elementor-element elementor-element-4e4248ac color-scheme-inherit text-left elementor-widget elementor-widget-text-editor\" data-id=\"4e4248ac\" data-element_type=\"widget\" data-e-type=\"widget\" data-widget_type=\"text-editor.default\">\n\t\t\t\t\t\t\t\t\t<p>Plagron Cocos A + B ist ein leistungsstarker, vielseitiger D\u00fcnger, der speziell auf die Bed\u00fcrfnisse von Pflanzen in Kokos-Substraten abgestimmt ist. Mit seiner einfachen Anwendung und der effektiven N\u00e4hrstoffversorgung ist er die perfekte Wahl f\u00fcr alle, die auf Kokosbasis anbauen und das Beste aus ihren Pflanzen herausholen m\u00f6chten.<\/p><p>\u00a0<\/p>\t\t\t\t\t\t\t\t<\/div>\n\t\t\t\t\t<\/div>\n\t\t\t\t<\/div>\n\t\t\t\t<\/div>\n\t\t","protected":false},"excerpt":{"rendered":"<p>Plagron Cocos A + B ist ein Fl\u00fcssigd\u00fcnger f\u00fcr den Anbau in Kokos-Substraten. Die perfekt abgestimmten A- und B-Komponenten versorgen Pflanzen mit allen n\u00f6tigen N\u00e4hrstoffen f\u00fcr optimales Wachstum und Bl\u00fcte. Ideal f\u00fcr Hydrokultur und verschiedene Anbaumethoden, einfach in der Anwendung und hochwirksam in allen Wachstumsphasen.<\/p>\n","protected":false},"featured_media":17967,"comment_status":"open","ping_status":"closed","template":"","meta":{"_monsterinsights_skip_tracking":false,"_monsterinsights_sitenote_active":false,"_monsterinsights_sitenote_note":"","_monsterinsights_sitenote_category":0},"product_brand":[],"product_cat":[589],"product_tag":[974,975,609,976,938,977,978,956,979,980,966,973],"class_list":{"0":"post-17964","1":"product","2":"type-product","3":"status-publish","4":"has-post-thumbnail","6":"product_cat-duenger-naehrstoffe","7":"product_tag-kokos-duenger","8":"product_tag-fluessigduenger","9":"product_tag-hydroponik","10":"product_tag-naehrstoffe","11":"product_tag-hydrokultur","12":"product_tag-kokos-substrat","13":"product_tag-duenger-fuer-kokos","14":"product_tag-pflanzenwachstum","15":"product_tag-wachstum-und-bluete","16":"product_tag-naehrstoffversorgung","17":"product_tag-plagron-duenger","18":"product_tag-plagron-cocos-ab","19":"pa_hersteller-plagron","21":"first","22":"instock","23":"taxable","24":"shipping-taxable","25":"purchasable","26":"product-type-variable","27":"has-default-attributes"},"bundled_by":[],"bundle_stock_status":"instock","bundle_stock_quantity":null,"bundle_virtual":false,"bundle_layout":"","bundle_add_to_cart_form_location":"","bundle_editable_in_cart":false,"bundle_sold_individually_context":"","bundle_item_grouping":"","bundle_min_size":"","bundle_max_size":"","bundle_price":[],"bundled_items":[],"bundle_sell_ids":[],"supplier_id":null,"supplier_sku":"","barcode":null,"atum_controlled":true,"out_stock_date":null,"out_stock_threshold":null,"inheritable":true,"inbound_stock":0,"stock_on_hold":0,"sold_today":0,"sales_last_days":0,"reserved_stock":0,"customer_returns":0,"warehouse_damage":0,"lost_in_post":0,"other_logs":0,"out_stock_days":0,"lost_sales":0,"has_location":false,"update_date":"2026-05-02T00:23:02","atum_locations":[],"atum_stock_status":"instock","restock_status":false,"low_stock_amount":"","sales_update_date":"2026-05-02T00:23:02","calc_backorders":null,"tiered_pricing_type":"fixed","tiered_pricing_fixed_rules":[],"tiered_pricing_product_settings":{"layout":"default","base_unit_name":{"singular":null,"plural":null},"default_variation":null},"tiered_pricing_minimum_quantity":null,"tiered_pricing_roles_data":[],"tiered_pricing_percentage_rules":[],"_links":{"self":[{"href":"https:\/\/www.lets-grow.de\/blog\/wp-json\/wp\/v2\/product\/17964","targetHints":{"allow":["GET"]}}],"collection":[{"href":"https:\/\/www.lets-grow.de\/blog\/wp-json\/wp\/v2\/product"}],"about":[{"href":"https:\/\/www.lets-grow.de\/blog\/wp-json\/wp\/v2\/types\/product"}],"replies":[{"embeddable":true,"href":"https:\/\/www.lets-grow.de\/blog\/wp-json\/wp\/v2\/comments?post=17964"}],"version-history":[{"count":1,"href":"https:\/\/www.lets-grow.de\/blog\/wp-json\/wp\/v2\/product\/17964\/revisions"}],"predecessor-version":[{"id":21274,"href":"https:\/\/www.lets-grow.de\/blog\/wp-json\/wp\/v2\/product\/17964\/revisions\/21274"}],"wp:featuredmedia":[{"embeddable":true,"href":"https:\/\/www.lets-grow.de\/blog\/wp-json\/wp\/v2\/media\/17967"}],"wp:attachment":[{"href":"https:\/\/www.lets-grow.de\/blog\/wp-json\/wp\/v2\/media?parent=17964"}],"wp:term":[{"taxonomy":"product_brand","embeddable":true,"href":"https:\/\/www.lets-grow.de\/blog\/wp-json\/wp\/v2\/product_brand?post=17964"},{"taxonomy":"product_cat","embeddable":true,"href":"https:\/\/www.lets-grow.de\/blog\/wp-json\/wp\/v2\/product_cat?post=17964"},{"taxonomy":"product_tag","embeddable":true,"href":"https:\/\/www.lets-grow.de\/blog\/wp-json\/wp\/v2\/product_tag?post=17964"}],"curies":[{"name":"wp","href":"https:\/\/api.w.org\/{rel}","templated":true}]}}