{"id":17401,"date":"2025-01-28T18:28:03","date_gmt":"2025-01-28T17:28:03","guid":{"rendered":"https:\/\/www.lets-grow.de\/blog\/?post_type=product&#038;p=17401"},"modified":"2026-04-13T23:35:13","modified_gmt":"2026-04-13T21:35:13","slug":"boveda-feuchtigkeitsregulierung","status":"publish","type":"product","link":"https:\/\/www.lets-grow.de\/blog\/shop\/boveda-feuchtigkeitsregulierung\/","title":{"rendered":"Boveda &#8211; Feuchtigkeitsregulierung"},"content":{"rendered":"\t\t<div data-elementor-type=\"product-post\" data-elementor-id=\"17401\" class=\"elementor elementor-17401\" data-elementor-post-type=\"product\">\n\t\t\t\t<div class=\"wd-negative-gap elementor-element elementor-element-49cd071f e-flex e-con-boxed e-con e-parent\" data-id=\"49cd071f\" data-element_type=\"container\" data-e-type=\"container\">\n\t\t\t\t\t<div class=\"e-con-inner\">\n\t\t\t\t<div class=\"elementor-element elementor-element-57c17c5 elementor-widget elementor-widget-heading\" data-id=\"57c17c5\" data-element_type=\"widget\" data-e-type=\"widget\" data-widget_type=\"heading.default\">\n\t\t\t\t\t<h2 class=\"elementor-heading-title elementor-size-default\">Boveda 58% \/ 62% \u2013 Feuchtigkeitsregulierung<\/h2>\t\t\t\t<\/div>\n\t\t\t\t<div class=\"elementor-element elementor-element-37779d83 color-scheme-inherit text-left elementor-widget elementor-widget-text-editor\" data-id=\"37779d83\" data-element_type=\"widget\" data-e-type=\"widget\" data-widget_type=\"text-editor.default\">\n\t\t\t\t\t\t\t\t\t<p>Der Boveda 58% bzw. 62% ist die ideale L\u00f6sung, um die optimale Luftfeuchtigkeit in geschlossenen Beh\u00e4ltern aufrechtzuerhalten und damit die Qualit\u00e4t von empfindlichen Produkten wie Kr\u00e4utern, Lebensmitteln oder Bl\u00fcten zu bewahren. Durch die innovative 2-Wege-Feuchtigkeitsregulierung sorgt der Boveda-Pack daf\u00fcr, dass die relative Luftfeuchtigkeit konstant bei 58% bzw. 62% bleibt, indem er entweder Feuchtigkeit abgibt oder aufnimmt. Die praktische 8g-Gr\u00f6\u00dfe eignet sich hervorragend f\u00fcr kleinere Aufbewahrungsbeh\u00e4lter und h\u00e4lt die gelagerte Ware frisch.<\/p>\t\t\t\t\t\t\t\t<\/div>\n\t\t\t\t<div class=\"elementor-element elementor-element-7f5fa4e0 elementor-widget elementor-widget-spacer\" data-id=\"7f5fa4e0\" data-element_type=\"widget\" data-e-type=\"widget\" data-widget_type=\"spacer.default\">\n\t\t\t\t\t\t\t<div class=\"elementor-spacer\">\n\t\t\t<div class=\"elementor-spacer-inner\"><\/div>\n\t\t<\/div>\n\t\t\t\t\t\t<\/div>\n\t\t\t\t<div class=\"elementor-element elementor-element-48efbb6d elementor-widget elementor-widget-heading\" data-id=\"48efbb6d\" data-element_type=\"widget\" data-e-type=\"widget\" data-widget_type=\"heading.default\">\n\t\t\t\t\t<h2 class=\"elementor-heading-title elementor-size-default\">Anwendungen der Pro Grip Light Seilzugrollen<\/h2>\t\t\t\t<\/div>\n\t\t\t\t<div class=\"elementor-element elementor-element-a081650 color-scheme-inherit text-left elementor-widget elementor-widget-text-editor\" data-id=\"a081650\" data-element_type=\"widget\" data-e-type=\"widget\" data-widget_type=\"text-editor.default\">\n\t\t\t\t\t\t\t\t\t<ul><li><strong>Produkt<\/strong>: Boveda 58% \/ 62%<\/li><li><strong>Feuchtigkeitsniveau<\/strong>: 58% \/ 62% relative Luftfeuchtigkeit (je nach Variante)<\/li><li><strong>Gewicht<\/strong>: 8g \/ 67g<\/li><li><strong>Feuchtigkeitsregulierung<\/strong>: 2-Wege-System (gibt Feuchtigkeit ab und nimmt sie auf)<\/li><li><strong>Material<\/strong>: Nat\u00fcrliche Salze und gereinigtes Wasser in einer speziellen Membranverpackung<\/li><li><strong>Haltbarkeit<\/strong>: Bis zu 2\u20134 Monate (abh\u00e4ngig von der Gr\u00f6\u00dfe des Beh\u00e4lters und der H\u00e4ufigkeit des Zugriffs)<\/li><li><strong>Anwendungsbereich<\/strong>: Geeignet f\u00fcr Kr\u00e4uter, Lebensmittel, Bl\u00fcten, Tabak, oder andere feuchtigkeitsempfindliche Produkte<\/li><\/ul>\t\t\t\t\t\t\t\t<\/div>\n\t\t\t\t<div class=\"elementor-element elementor-element-6bac707b elementor-widget elementor-widget-spacer\" data-id=\"6bac707b\" data-element_type=\"widget\" data-e-type=\"widget\" data-widget_type=\"spacer.default\">\n\t\t\t\t\t\t\t<div class=\"elementor-spacer\">\n\t\t\t<div class=\"elementor-spacer-inner\"><\/div>\n\t\t<\/div>\n\t\t\t\t\t\t<\/div>\n\t\t\t\t<div class=\"elementor-element elementor-element-74db044d elementor-widget elementor-widget-heading\" data-id=\"74db044d\" data-element_type=\"widget\" data-e-type=\"widget\" data-widget_type=\"heading.default\">\n\t\t\t\t\t<h2 class=\"elementor-heading-title elementor-size-default\">Produktdetails<\/h2>\t\t\t\t<\/div>\n\t\t\t\t<div class=\"elementor-element elementor-element-4aa6a5e9 elementor-widget elementor-widget-wd_list\" data-id=\"4aa6a5e9\" data-element_type=\"widget\" data-e-type=\"widget\" data-widget_type=\"wd_list.default\">\n\t\t\t\t<div class=\"elementor-widget-container\">\n\t\t\t\t\t\t\t<ul class=\"wd-list color-scheme-custom wd-fontsize-xs wd-type-icon wd-style-default text-left\">\n\t\t\t\t\t\t\t\t\t\t\t<li class=\"elementor-repeater-item-77fcfb3\">\n\t\t\t\t\t\t\t\t\t\t\t<span class=\"wd-icon\"><span class=\"fas fa-plus-circle\"><\/span><\/span>\t\t\t\t\t\n\t\t\t\t\t<span class=\"wd-list-content list-content\">\n\t\t\t\t\t\t\t\t\t\t\t\t\t<b>Konstante Feuchtigkeit:<\/b> Gew\u00e4hrleistet eine stabile Lagerung bei 58% relativer Luftfeuchtigkeit.\n\t\t\t\t\t\t\t\t\t\t\t<\/span>\n\t\t\t\t<\/li>\n\t\t\t\t\t\t\t\t\t\t\t<li class=\"elementor-repeater-item-2691cfc\">\n\t\t\t\t\t\t\t\t\t\t\t<span class=\"wd-icon\"><span class=\"fas fa-plus-circle\"><\/span><\/span>\t\t\t\t\t\n\t\t\t\t\t<span class=\"wd-list-content list-content\">\n\t\t\t\t\t\t\t\t\t\t\t\t\t<b>Einfach zu verwenden:<\/b> Kein Aktivieren oder Nachf\u00fcllen n\u00f6tig \u2013 einfach in den Beh\u00e4lter legen.<\/b>\t\t\t\t\t\t\t\t\t\t\t<\/span>\n\t\t\t\t<\/li>\n\t\t\t\t\t\t\t\t\t\t\t<li class=\"elementor-repeater-item-56666e0\">\n\t\t\t\t\t\t\t\t\t\t\t<span class=\"wd-icon\"><span class=\"fas fa-plus-circle\"><\/span><\/span>\t\t\t\t\t\n\t\t\t\t\t<span class=\"wd-list-content list-content\">\n\t\t\t\t\t\t\t\t\t\t\t\t\t<b>Vielseitig einsetzbar:<\/b> Perfekt f\u00fcr die Aufbewahrung von Kr\u00e4utern, Gew\u00fcrzen, Lebensmitteln oder Zigaren.\t\t\t\t\t\t\t\t\t\t\t<\/span>\n\t\t\t\t<\/li>\n\t\t\t\t\t\t\t\t\t\t\t<li class=\"elementor-repeater-item-21edb10\">\n\t\t\t\t\t\t\t\t\t\t\t<span class=\"wd-icon\"><span class=\"fas fa-plus-circle\"><\/span><\/span>\t\t\t\t\t\n\t\t\t\t\t<span class=\"wd-list-content list-content\">\n\t\t\t\t\t\t\t\t\t\t\t\t\t<b>Qualit\u00e4tserhalt:<\/b> Sch\u00fctzt vor Austrocknen oder \u00dcberfeuchtung und erh\u00e4lt Aroma sowie Frische.\t\t\t\t\t\t\t\t\t\t\t<\/span>\n\t\t\t\t<\/li>\n\t\t\t\t\t<\/ul>\n\n\t\t\t\t\t\t<\/div>\n\t\t\t\t<\/div>\n\t\t\t\t<div class=\"elementor-element elementor-element-462cf243 elementor-widget elementor-widget-spacer\" data-id=\"462cf243\" data-element_type=\"widget\" data-e-type=\"widget\" data-widget_type=\"spacer.default\">\n\t\t\t\t\t\t\t<div class=\"elementor-spacer\">\n\t\t\t<div class=\"elementor-spacer-inner\"><\/div>\n\t\t<\/div>\n\t\t\t\t\t\t<\/div>\n\t\t\t\t\t<\/div>\n\t\t\t\t<\/div>\n\t\t\t\t<\/div>\n\t\t","protected":false},"excerpt":{"rendered":"<p>Boveda 58% \/ 62% \u2013 Feuchtigkeitsregulierung Der Boveda 58% bzw. 62% ist die ideale L\u00f6sung, um die optimale Luftfeuchtigkeit in<\/p>\n","protected":false},"featured_media":19268,"comment_status":"open","ping_status":"closed","template":"","meta":{"_monsterinsights_skip_tracking":false,"_monsterinsights_sitenote_active":false,"_monsterinsights_sitenote_note":"","_monsterinsights_sitenote_category":0},"product_brand":[],"product_cat":[786],"product_tag":[705,695,706,696,707,686,697,708,687,698,709,688,699,710,689,700,690,701,634,1879,691,702,692,703,693,704,694],"class_list":{"0":"post-17401","1":"product","2":"type-product","3":"status-publish","4":"has-post-thumbnail","6":"product_cat-lagerung","7":"product_tag-lagerung-von-lebensmitteln","8":"product_tag-boveda-packs","9":"product_tag-frische-kraeuter","10":"product_tag-boveda-fuer-kraeuter","11":"product_tag-kraeuter-und-gewuerze","12":"product_tag-boveda","13":"product_tag-boveda-fuer-zigarren","14":"product_tag-boveda-produkte","15":"product_tag-boveda-58","16":"product_tag-natuerliche-feuchtigkeitskontrolle","17":"product_tag-boveda-67g","18":"product_tag-boveda-8g","19":"product_tag-feuchteschutz","20":"product_tag-boveda-62","21":"product_tag-feuchtigkeitsregulierung","22":"product_tag-aromaschutz","23":"product_tag-luftfeuchtigkeit-58","24":"product_tag-feuchtigkeitspacks","25":"product_tag-hygrometer","26":"product_tag-boweda","27":"product_tag-kraeuter-aufbewahrung","28":"product_tag-lebensmittellagerung","29":"product_tag-zigarren-lagerung","30":"product_tag-tabak-lagerung","31":"product_tag-feuchtigkeitsschutz","32":"product_tag-lagerung-von-kraeutern","33":"product_tag-2-wege-feuchtigkeitsregulierung","34":"pa_hersteller-boveda","36":"first","37":"instock","38":"taxable","39":"shipping-taxable","40":"purchasable","41":"product-type-variable"},"bundled_by":[],"bundle_stock_status":"instock","bundle_stock_quantity":null,"bundle_virtual":false,"bundle_layout":"","bundle_add_to_cart_form_location":"","bundle_editable_in_cart":false,"bundle_sold_individually_context":"","bundle_item_grouping":"","bundle_min_size":"","bundle_max_size":"","bundle_price":[],"bundled_items":[],"bundle_sell_ids":[],"supplier_id":null,"supplier_sku":"","barcode":null,"atum_controlled":true,"out_stock_date":null,"out_stock_threshold":null,"inheritable":true,"inbound_stock":0,"stock_on_hold":0,"sold_today":0,"sales_last_days":0,"reserved_stock":0,"customer_returns":0,"warehouse_damage":0,"lost_in_post":0,"other_logs":0,"out_stock_days":0,"lost_sales":0,"has_location":false,"update_date":"2026-05-02T00:23:03","atum_locations":[],"atum_stock_status":"instock","restock_status":false,"low_stock_amount":"","sales_update_date":"2026-05-02T00:23:03","calc_backorders":null,"tiered_pricing_type":"fixed","tiered_pricing_fixed_rules":[],"tiered_pricing_product_settings":{"layout":"default","base_unit_name":{"singular":null,"plural":null},"default_variation":null},"tiered_pricing_minimum_quantity":null,"tiered_pricing_roles_data":[],"tiered_pricing_percentage_rules":[],"_links":{"self":[{"href":"https:\/\/www.lets-grow.de\/blog\/wp-json\/wp\/v2\/product\/17401","targetHints":{"allow":["GET"]}}],"collection":[{"href":"https:\/\/www.lets-grow.de\/blog\/wp-json\/wp\/v2\/product"}],"about":[{"href":"https:\/\/www.lets-grow.de\/blog\/wp-json\/wp\/v2\/types\/product"}],"replies":[{"embeddable":true,"href":"https:\/\/www.lets-grow.de\/blog\/wp-json\/wp\/v2\/comments?post=17401"}],"version-history":[{"count":2,"href":"https:\/\/www.lets-grow.de\/blog\/wp-json\/wp\/v2\/product\/17401\/revisions"}],"predecessor-version":[{"id":21269,"href":"https:\/\/www.lets-grow.de\/blog\/wp-json\/wp\/v2\/product\/17401\/revisions\/21269"}],"wp:featuredmedia":[{"embeddable":true,"href":"https:\/\/www.lets-grow.de\/blog\/wp-json\/wp\/v2\/media\/19268"}],"wp:attachment":[{"href":"https:\/\/www.lets-grow.de\/blog\/wp-json\/wp\/v2\/media?parent=17401"}],"wp:term":[{"taxonomy":"product_brand","embeddable":true,"href":"https:\/\/www.lets-grow.de\/blog\/wp-json\/wp\/v2\/product_brand?post=17401"},{"taxonomy":"product_cat","embeddable":true,"href":"https:\/\/www.lets-grow.de\/blog\/wp-json\/wp\/v2\/product_cat?post=17401"},{"taxonomy":"product_tag","embeddable":true,"href":"https:\/\/www.lets-grow.de\/blog\/wp-json\/wp\/v2\/product_tag?post=17401"}],"curies":[{"name":"wp","href":"https:\/\/api.w.org\/{rel}","templated":true}]}}